000
CXUS51 KCAR 010600
CF6HUL
PRELIMINARY LOCAL CLIMATOLOGICAL DATA (WS FORM: F-6)
STATION: HOULTON ME
MONTH: MARCH
YEAR: 2020
LATITUDE: 46 7 N
LONGITUDE: 67 48 W
TEMPERATURE IN F: :PCPN: SNOW: WIND :SUNSHINE: SKY :PK WND
================================================================================
1 2 3 4 5 6A 6B 7 8 9 10 11 12 13 14 15 16 17 18
12Z AVG MX 2MIN
DY MAX MIN AVG DEP HDD CDD WTR SNW DPTH SPD SPD DIR MIN PSBL S-S WX SPD DR
================================================================================
1 27 -8 10 -10 55 0 0.00 M M 2.8 16 360 M M 1 20 310
2 33 -11 11 -9 54 0 0.19 M M 5.4 15 180 M M 6 168 23 170
3 49 32 41 21 24 0 0.10 M M 5.5 14 110 M M 5 1 19 100
4 39 30 35 14 30 0 0.30 M M 12.8 26 260 M M 10 12 41 260
5 38 24 31 10 34 0 0.00 M M 12.0 22 310 M M 2 33 310
6 30 9 20 -2 45 0 0.00 M M 8.8 21 20 M M 1 25 20
7 29 8 19 -3 46 0 0.00 M M 14.4 30 10 M M 0 37 360
8 43 3 23 1 42 0 T M M 6.4 20 280 M M 4 24 290
9 34 24 29 6 36 0 0.01 M M 5.8 13 30 M M 9 1 16 70
10 35 21 28 5 37 0 0.06 M M 3.6 8 160 M M 10 168 15 170
11 35 25 30 6 35 0 0.00 M M 8.0 18 360 M M 7 1 26 350
12 34 11 23 -1 42 0 0.00 M M 4.2 15 10 M M 2 19 10
13 39 16 28 4 37 0 0.76 M M 8.8 23 140 M M 9 18 35 140
14 38 23 31 6 34 0 T M M 15.2 29 270 M M 8 9 41 300
15 28 15 22 -3 43 0 0.00 M M 11.5 20 360 M M 4 27 320
16 30 4 17 -8 48 0 0.00 M M 5.9 15 10 M M 1 18 10
17 34 21 28 2 37 0 0.06 M M 9.8 20 180 M M 8 12 28 190
18 35 18 27 1 38 0 0.00 M M 7.7 13 240 M M 1 23 290
19 43 17 30 3 35 0 T M M 5.4 16 190 M M 10 1 25 190
20 46 33 40 13 25 0 0.16 M M 8.8 26 290 M M 10 1 42 290
21 42 13 28 0 37 0 T M M 14.3 24 280 M M 0 39 270
22 27 2 15 -13 50 0 0.00 M M 7.0 20 330 M M 0 27 340
23 36 -5 16 -12 49 0 0.09 M M 5.5 16 190 M M 4 1 24 190
24 39 20 30 1 35 0 0.10 M M 5.8 17 10 M M 8 1 23 10
25 45 12 29 0 36 0 0.00 M M 3.0 15 140 M M 0 1 20 120
26 47 26 37 7 28 0 0.00 M M 4.9 13 110 M M 1 19 120
27 41 29 35 5 30 0 0.07 M M 7.8 22 340 M M 9 128 31 340
28 49 24 37 7 28 0 0.00 M M 4.5 13 360 M M 0 16 280
29 48 20 34 3 31 0 0.09 M M 4.6 18 150 M M 4 1 31 140
30 36 26 31 0 34 0 0.05 M M 6.9 16 50 M M 9 1 19 60
31 44 19 32 0 33 0 0.00 M M 10.7 24 30 M M 6 18 27 20
================================================================================
SM 1173 501 1168 0 2.04 M 237.8 M 149
================================================================================
AV 37.8 16.2 7.7 FASTST M M 5 MAX(MPH)
MISC ----> # 30 10 # 42 290
================================================================================
NOTES:
# LAST OF SEVERAL OCCURRENCES
COLUMN 17 PEAK WIND IN M.P.H.
PRELIMINARY LOCAL CLIMATOLOGICAL DATA (WS FORM: F-6) , PAGE 2
STATION: HOULTON ME
MONTH: MARCH
YEAR: 2020
LATITUDE: 46 7 N
LONGITUDE: 67 48 W
[TEMPERATURE DATA] [PRECIPITATION DATA] SYMBOLS USED IN COLUMN 16
AVERAGE MONTHLY: 27.0 TOTAL FOR MONTH: 2.04 1 = FOG OR MIST
DPTR FM NORMAL: 1.4 DPTR FM NORMAL: -0.55 2 = FOG REDUCING VISIBILITY
HIGHEST: 49 ON 28, 3 GRTST 24HR 0.76 ON 13-13 TO 1/4 MILE OR LESS
LOWEST: -11 ON 2 3 = THUNDER
SNOW, ICE PELLETS, HAIL 4 = ICE PELLETS
TOTAL MONTH: M 5 = HAIL
GRTST 24HR M ON M 6 = FREEZING RAIN OR DRIZZLE
GRTST DEPTH: M ON M 7 = DUSTSTORM OR SANDSTORM:
VSBY 1/2 MILE OR LESS
8 = SMOKE OR HAZE
[NO. OF DAYS WITH] [WEATHER - DAYS WITH] 9 = BLOWING SNOW
X = TORNADO
MAX 32 OR BELOW: 6 0.01 INCH OR MORE: 13
MAX 90 OR ABOVE: 0 0.10 INCH OR MORE: 6
MIN 32 OR BELOW: 30 0.50 INCH OR MORE: 1
MIN 0 OR BELOW: 3 1.00 INCH OR MORE: 0
[HDD (BASE 65) ]
TOTAL THIS MO. 1168 CLEAR (SCALE 0-3) 12
DPTR FM NORMAL -55 PTCLDY (SCALE 4-7) 9
TOTAL FM JUL 1 7478 CLOUDY (SCALE 8-10) 10
DPTR FM NORMAL -318
[CDD (BASE 65) ]
TOTAL THIS MO. 0
DPTR FM NORMAL 0 [PRESSURE DATA]
TOTAL FM JAN 1 0 HIGHEST SLP 30.78 ON 22
DPTR FM NORMAL 0 LOWEST SLP 29.04 ON 4
[REMARKS]
#FINAL-03-20#