000
CXUS56 KMTR 110851
CF6HWD
PRELIMINARY LOCAL CLIMATOLOGICAL DATA (WS FORM: F-6)
STATION: HAYWARD AIRPORT
MONTH: FEBRUARY
YEAR: 2021
LATITUDE: 37 39 N
LONGITUDE: 122 7 W
TEMPERATURE IN F: :PCPN: SNOW: WIND :SUNSHINE: SKY :PK WND
================================================================================
1 2 3 4 5 6A 6B 7 8 9 10 11 12 13 14 15 16 17 18
12Z AVG MX 2MIN
DY MAX MIN AVG DEP HDD CDD WTR SNW DPTH SPD SPD DIR MIN PSBL S-S WX SPD DR
================================================================================
1 65 43 54 3 11 0 0.15 M M 8.4 18 170 M M 4 23 170
2 59 46 53 2 12 0 0.23 M M 5.8 15 280 M M 7 1 16 300
3 57 39 48 -3 17 0 0.00 M M 5.7 14 280 M M 3 17 280
4 63 39 51 0 14 0 0.00 M M 3.8 18 10 M M 0 23 360
5 66 40 53 2 12 0 0.00 M M 3.9 13 290 M M 0 16 290
6 66 42 54 2 11 0 0.00 M M 4.0 8 270 M M 0 11 250
7 66 41 54 2 11 0 0.00 M M 3.4 13 280 M M 0 14 280
8 58 42 50 -2 15 0 0.00 M M 3.4 14 260 M M 2 8 18 260
9 57 49 53 1 12 0 0.00 M M 3.3 17 300 M M 6 20 290
10 59 45 52 0 13 0 0.00 M M 3.9 15 290 M M 1 17 290
11 59 46 53 1 12 0 0.58 M M 5.0 22 280 M M 5 1 29 280
12 58 49 54 2 11 0 0.01 M M 9.1 18 280 M M 5 22 280
13 59 48 54 2 11 0 T M M 10.3 24 280 M M 4 18 31 280
14 56 41 49 -4 16 0 0.08 M M 4.3 10 140 M M 6 1 13 140
15 57 49 53 0 12 0 0.22 M M 9.1 17 280 M M 9 1 21 280
16 57 41 49 -4 16 0 0.00 M M 4.6 15 270 M M 1 19 270
17 64 39 52 -1 13 0 0.00 M M 5.8 17 350 M M 0 23 340
18 63 40 52 -1 13 0 0.00 M M 5.0 14 300 M M 3 17 290
19 61 49 55 2 10 0 0.02 M M 7.1 17 290 M M 8 18 21 280
20 61 47 54 0 11 0 0.04 M M 9.1 25 280 M M 4 34 280
21 62 39 51 -3 14 0 0.00 M M 4.4 15 290 M M 0 19 290
22 71 43 57 3 8 0 0.00 M M 5.7 15 40 M M 0 19 30
23 80 46 63 9 2 0 0.00 M M 3.5 14 10 M M 0 17 360
24 72 42 57 3 8 0 0.00 M M 5.3 13 30 M M 0 24 360
25 64 43 54 0 11 0 0.00 M M 4.8 17 40 M M 0 25 40
26 61 42 52 -2 13 0 0.00 M M 6.2 18 280 M M 0 22 270
27 64 38 51 -3 14 0 0.00 M M 6.6 21 280 M M 0 27 280
28 70 40 55 1 10 0 0.00 M M 3.6 15 20 M M 0 8 21 60
================================================================================
SM 1755 1208 333 0 1.33 M 155.1 M 68
================================================================================
AV 62.7 43.1 5.5 FASTST M M 2 MAX(MPH)
MISC ----> 25 280 34 280
================================================================================
NOTES:
# LAST OF SEVERAL OCCURRENCES
COLUMN 17 PEAK WIND IN M.P.H.
PRELIMINARY LOCAL CLIMATOLOGICAL DATA (WS FORM: F-6) , PAGE 2
STATION: HAYWARD AIRPORT
MONTH: FEBRUARY
YEAR: 2021
LATITUDE: 37 39 N
LONGITUDE: 122 7 W
[TEMPERATURE DATA] [PRECIPITATION DATA] SYMBOLS USED IN COLUMN 16
AVERAGE MONTHLY: 52.9 TOTAL FOR MONTH: 1.33 1 = FOG OR MIST
DPTR FM NORMAL: 0.2 DPTR FM NORMAL: -2.14 2 = FOG REDUCING VISIBILITY
HIGHEST: 80 ON 23 GRTST 24HR 0.59 ON 11-12 TO 1/4 MILE OR LESS
LOWEST: 38 ON 27 3 = THUNDER
SNOW, ICE PELLETS, HAIL 4 = ICE PELLETS
TOTAL MONTH: M 5 = HAIL
GRTST 24HR M ON M 6 = FREEZING RAIN OR DRIZZLE
GRTST DEPTH: M ON M 7 = DUSTSTORM OR SANDSTORM:
VSBY 1/2 MILE OR LESS
8 = SMOKE OR HAZE
[NO. OF DAYS WITH] [WEATHER - DAYS WITH] 9 = BLOWING SNOW
X = TORNADO
MAX 32 OR BELOW: 0 0.01 INCH OR MORE: 8
MAX 90 OR ABOVE: 0 0.10 INCH OR MORE: 4
MIN 32 OR BELOW: 0 0.50 INCH OR MORE: 1
MIN 0 OR BELOW: 0 1.00 INCH OR MORE: 0
[HDD (BASE 65) ]
TOTAL THIS MO. 333 CLEAR (SCALE 0-3) 16
DPTR FM NORMAL -10 PTCLDY (SCALE 4-7) 11
TOTAL FM JUL 1 1371 CLOUDY (SCALE 8-10) 1
DPTR FM NORMAL -395
[CDD (BASE 65) ]
TOTAL THIS MO. 0
DPTR FM NORMAL 0 [PRESSURE DATA]
TOTAL FM JAN 1 0 HIGHEST SLP 30.51 ON 21
DPTR FM NORMAL 0 LOWEST SLP 29.94 ON 11
[REMARKS]
#FINAL-02-21#