000
CXUS53 KICT 011510
CF6ICT
PRELIMINARY LOCAL CLIMATOLOGICAL DATA (WS FORM: F-6)
STATION: WICHITA EISENHOWER NATIONAL
MONTH: NOVEMBER
YEAR: 2023
LATITUDE: 37 39 N
LONGITUDE: 97 25 W
TEMPERATURE IN F: :PCPN: SNOW: WIND :SUNSHINE: SKY :PK WND
================================================================================
1 2 3 4 5 6A 6B 7 8 9 10 11 12 13 14 15 16 17 18
12Z AVG MX 2MIN
DY MAX MIN AVG DEP HDD CDD WTR SNW DPTH SPD SPD DIR MIN PSBL S-S WX SPD DR
================================================================================
1 52 22 37 -15 28 0 0.00 0.0 0 12.7 26 180 M M 3 33 170
2 64 36 50 -2 15 0 0.00 0.0 0 14.7 24 180 M M 2 32 190
3 71 41 56 5 9 0 0.00 0.0 0 10.4 21 200 M M 3 26 190
4 67 44 56 5 9 0 0.00 0.0 0 7.4 16 80 M M 5 21 70
5 73 43 58 8 7 0 0.00 0.0 0 8.5 22 180 M M 4 27 180
6 72 45 59 9 6 0 0.00 0.0 0 2.7 15 180 M M 6 12 20 180
7 76 45 61 12 4 0 0.00 0.0 0 6.2 17 180 M M 4 12 23 180
8 68 45 57 8 8 0 0.00 0.0 0 12.5 23 340 M M 4 12 30 10
9 59 39 49 0 16 0 0.00 0.0 0 8.8 18 20 M M 4 28 10
10 64 34 49 1 16 0 0.00 0.0 0 4.6 9 130 M M 3 14 120
11 60 43 52 4 13 0 0.01 0.0 0 8.5 22 190 M M 8 27 190
12 68 36 52 5 13 0 0.00 0.0 0 6.6 15 190 M M 1 20 190
13 71 37 54 7 11 0 0.00 0.0 0 4.7 15 190 M M 1 20 150
14 68 36 52 6 13 0 0.00 0.0 0 8.8 24 180 M M 2 33 190
15 71 41 56 10 9 0 0.00 0.0 0 8.7 18 190 M M 3 25 180
16 64 45 55 9 10 0 0.00 0.0 0 13.2 30 190 M M 6 39 180
17 62 40 51 6 14 0 0.00 0.0 0 8.7 20 20 M M 2 27 20
18 66 32 49 4 16 0 0.00 0.0 0 6.0 14 190 M M 2 18 20 230
19 57 49 53 9 12 0 0.54 0.0 0 13.6 25 150 M M 10 1 33 160
20 50 43 47 3 18 0 1.12 0.0 0 14.0 25 350 M M 10 13 35 360
21 50 32 41 -3 24 0 0.00 0.0 0 16.4 30 340 M M 4 1 43 340
22 54 26 40 -3 25 0 0.00 0.0 0 7.7 16 190 M M 2 21 190
23 59 32 46 3 19 0 0.00 0.0 0 10.6 23 40 M M 4 32 40
24 41 28 35 -7 30 0 0.00 0.0 0 16.4 23 40 M M 5 30 30
25 30 26 28 -14 37 0 0.79 7.8 0 9.2 16 340 M M 10 12 20 350
26 38 15 27 -14 38 0 T T 7 10.2 20 320 M M 2 1 25 320
27 39 13 26 -15 39 0 0.00 0.0 6 4.9 12 250 M M 0 13 270
28 40 17 29 -12 36 0 0.00 0.0 4 5.6 16 160 M M 1 1 20 170
29 47 22 35 -5 30 0 0.00 0.0 3 4.7 13 190 M M 4 17 170
30 52 37 45 5 20 0 0.44 0.0 2 10.9 23 10 M M 7 1 31 10
================================================================================
SM 1753 1044 545 0 2.90 7.8 277.9 M 122
================================================================================
AV 58.4 34.8 9.3 FASTST M M 4 MAX(MPH)
MISC ----> # 30 190 43 340
================================================================================
NOTES:
# LAST OF SEVERAL OCCURRENCES
COLUMN 17 PEAK WIND IN M.P.H.
PRELIMINARY LOCAL CLIMATOLOGICAL DATA (WS FORM: F-6) , PAGE 2
STATION: WICHITA EISENHOWER NATIONAL
MONTH: NOVEMBER
YEAR: 2023
LATITUDE: 37 39 N
LONGITUDE: 97 25 W
[TEMPERATURE DATA] [PRECIPITATION DATA] SYMBOLS USED IN COLUMN 16
AVERAGE MONTHLY: 46.6 TOTAL FOR MONTH: 2.90 1 = FOG OR MIST
DPTR FM NORMAL: 0.8 DPTR FM NORMAL: 1.54 2 = FOG REDUCING VISIBILITY
HIGHEST: 76 ON 7 GRTST 24HR 1.43 ON 19-20 TO 1/4 MILE OR LESS
LOWEST: 13 ON 27 3 = THUNDER
SNOW, ICE PELLETS, HAIL 4 = ICE PELLETS
TOTAL MONTH: 7.8 INCHES 5 = HAIL
GRTST 24HR 7.8 ON 25-25 6 = FREEZING RAIN OR DRIZZLE
GRTST DEPTH: 7 ON 26 7 = DUSTSTORM OR SANDSTORM:
VSBY 1/2 MILE OR LESS
8 = SMOKE OR HAZE
[NO. OF DAYS WITH] [WEATHER - DAYS WITH] 9 = BLOWING SNOW
X = TORNADO
MAX 32 OR BELOW: 1 0.01 INCH OR MORE: 5
MAX 90 OR ABOVE: 0 0.10 INCH OR MORE: 4
MIN 32 OR BELOW: 11 0.50 INCH OR MORE: 3
MIN 0 OR BELOW: 0 1.00 INCH OR MORE: 1
[HDD (BASE 65) ]
TOTAL THIS MO. 545 CLEAR (SCALE 0-3) 12
DPTR FM NORMAL -31 PTCLDY (SCALE 4-7) 15
TOTAL FM JUL 1 766 CLOUDY (SCALE 8-10) 3
DPTR FM NORMAL -74
[CDD (BASE 65) ]
TOTAL THIS MO. 0
DPTR FM NORMAL -2 [PRESSURE DATA]
TOTAL FM JAN 1 2003 HIGHEST SLP 30.50 ON 1
DPTR FM NORMAL 230 LOWEST SLP 29.54 ON 8
[REMARKS]
#FINAL-11-23#