000
CXUS53 KUNR 010930
CF6IEN
PRELIMINARY LOCAL CLIMATOLOGICAL DATA (WS FORM: F-6)
STATION: PINE RIDGE SD
MONTH: JUNE
YEAR: 2021
LATITUDE: 43 1 N
LONGITUDE: 102 31 W
TEMPERATURE IN F: :PCPN: SNOW: WIND :SUNSHINE: SKY :PK WND
================================================================================
1 2 3 4 5 6A 6B 7 8 9 10 11 12 13 14 15 16 17 18
12Z AVG MX 2MIN
DY MAX MIN AVG DEP HDD CDD WTR SNW DPTH SPD SPD DIR MIN PSBL S-S WX SPD DR
================================================================================
1 80 50 65 3 0 0 0.00 M M 8.0 20 310 M M 2 3 30 300
2 83 43 63 1 2 0 0.00 M M 3.2 12 330 M M 2 16 330
3 87 47 67 5 0 2 0.00 M M 3.9 14 290 M M 0 8 22 260
4 95 49 72 9 0 7 0.00 M M 5.9 18 190 M M 0 28 180
5 95 61 78 15 0 13 0.00 M M 11.8 26 180 M M 0 39 180
6 82 61 72 8 0 7 0.00 M M 10.8 22 10 M M 0 31 360
7 96 63 80 16 0 15 0.00 M M 8.1 28 310 M M 0 8 40 310
8 95 64 80 16 0 15 0.00 M M 17.8 31 160 M M 0 49 150
9 93 61 77 12 0 12 0.00 M M 9.7 23 50 M M 0 33 40
10 95 69 82 17 0 17 0.08 M M 18.0 37 250 M M 0 3 52 240
11 78 50 64 -1 1 0 0.00 M M 7.3 35 280 M M 0 56 280
12 91 53 72 6 0 7 0.00 M M 15.8 26 180 M M 0 40 180
13 97 66 82 16 0 17 T M M 11.0 29 140 M M 1 3 45 150
14 96 56 76 10 0 11 0.00 M M 8.5 21 90 M M 0 29 90
15 100 66 83 16 0 18 0.16 M M 15.7 26 180 M M 1 3 39 170
16 93 59 76 9 0 11 0.00 M M 11.0 25 180 M M 0 35 180
17 90 55 73 6 0 8 0.00 M M 6.5 14 80 M M 0 20 70
18 90 59 75 7 0 10 0.00 M M 4.6 14 20 M M 0 21 50
19 88 59 74 6 0 9 0.00 M M 16.6 32 190 M M 0 44 190
20 73 56 65 -3 0 0 0.02 M M 10.0 28 360 M M 3 41 20
21 79 51 65 -4 0 0 0.02 M M 5.1 16 310 M M 3 1 27 50
22 92 51 72 3 0 7 0.00 M M 7.3 26 150 M M 0 39 150
23 103 60 82 13 0 17 0.01 M M 6.6 33 270 M M 0 38 49 270
24 89 61 75 5 0 10 0.33 M M 10.8 26 340 M M 2 13 39 320
25 67 60 64 -6 1 0 0.19 M M 5.8 16 350 M M 8 18 22 240
26 79 55 67 -3 0 2 0.01 M M 7.1 21 360 M M 6 12 29 360
27 80 56 68 -2 0 3 0.02 M M 7.2 23 340 M M 3 34 310
28 80 52 66 -5 0 1 0.00 M M 4.4 18 80 M M 3 24 80
29 84 44 64 -7 1 0 0.00 M M 4.2 14 140 M M 0 20 100
30 88 51 70 -1 0 5 0.00 M M 7.7 17 160 M M 1 25 150
================================================================================
SM 2638 1688 5 224 0.84 M 270.4 M 35
================================================================================
AV 87.9 56.3 9.0 FASTST M M 1 MAX(MPH)
MISC ----> 37 250 56 280
================================================================================
NOTES:
# LAST OF SEVERAL OCCURRENCES
COLUMN 17 PEAK WIND IN M.P.H.
PRELIMINARY LOCAL CLIMATOLOGICAL DATA (WS FORM: F-6) , PAGE 2
STATION: PINE RIDGE SD
MONTH: JUNE
YEAR: 2021
LATITUDE: 43 1 N
LONGITUDE: 102 31 W
[TEMPERATURE DATA] [PRECIPITATION DATA] SYMBOLS USED IN COLUMN 16
AVERAGE MONTHLY: 72.1 TOTAL FOR MONTH: 0.84 1 = FOG OR MIST
DPTR FM NORMAL: 5.4 DPTR FM NORMAL: -2.17 2 = FOG REDUCING VISIBILITY
HIGHEST: 103 ON 23 GRTST 24HR 0.50 ON 24-25 TO 1/4 MILE OR LESS
LOWEST: 43 ON 2 3 = THUNDER
SNOW, ICE PELLETS, HAIL 4 = ICE PELLETS
TOTAL MONTH: M 5 = HAIL
GRTST 24HR M ON M 6 = FREEZING RAIN OR DRIZZLE
GRTST DEPTH: M ON M 7 = DUSTSTORM OR SANDSTORM:
VSBY 1/2 MILE OR LESS
8 = SMOKE OR HAZE
[NO. OF DAYS WITH] [WEATHER - DAYS WITH] 9 = BLOWING SNOW
X = TORNADO
MAX 32 OR BELOW: 0 0.01 INCH OR MORE: 9
MAX 90 OR ABOVE: 15 0.10 INCH OR MORE: 3
MIN 32 OR BELOW: 0 0.50 INCH OR MORE: 0
MIN 0 OR BELOW: 0 1.00 INCH OR MORE: 0
[HDD (BASE 65) ]
TOTAL THIS MO. 5 CLEAR (SCALE 0-3) 26
DPTR FM NORMAL -69 PTCLDY (SCALE 4-7) 4
TOTAL FM JUL 1 6838 CLOUDY (SCALE 8-10) 0
DPTR FM NORMAL -173
[CDD (BASE 65) ]
TOTAL THIS MO. 224
DPTR FM NORMAL 99 [PRESSURE DATA]
TOTAL FM JAN 1 232 HIGHEST SLP 30.20 ON 29
DPTR FM NORMAL 85 LOWEST SLP 29.45 ON 10
[REMARKS]
#FINAL-06-21#