000
CXUS53 KUNR 010930
CF6IEN
PRELIMINARY LOCAL CLIMATOLOGICAL DATA (WS FORM: F-6)
STATION: PINE RIDGE SD
MONTH: MAY
YEAR: 2021
LATITUDE: 43 1 N
LONGITUDE: 102 31 W
TEMPERATURE IN F: :PCPN: SNOW: WIND :SUNSHINE: SKY :PK WND
================================================================================
1 2 3 4 5 6A 6B 7 8 9 10 11 12 13 14 15 16 17 18
12Z AVG MX 2MIN
DY MAX MIN AVG DEP HDD CDD WTR SNW DPTH SPD SPD DIR MIN PSBL S-S WX SPD DR
================================================================================
1 86 44 65 15 0 0 0.25 M M 7.5 30 280 M M 1 3 46 270
2 67 48 58 8 7 0 0.00 M M 11.2 29 350 M M 6 44 340
3 58 30 44 -7 21 0 0.00 M M 11.1 24 20 M M 5 35 10
4 66 25 46 -5 19 0 T M M 7.6 25 220 M M 4 33 220
5 63 33 48 -3 17 0 0.08 M M 8.0 28 310 M M 4 13 38 330
6 68 27 48 -4 17 0 0.00 M M 4.0 13 260 M M 0 1 19 220
7 76 35 56 4 9 0 T M M 12.3 31 120 M M 0 3 45 110
8 56 38 47 -6 18 0 0.00 M M 11.3 36 130 M M 9 3 53 130
9 57 31 44 -9 21 0 T M M 7.0 26 10 M M 4 33 360
10 54 31 43 -10 22 0 0.00 M M 6.2 16 50 M M 8 25 70
11 60 29 45 -9 20 0 0.00 M M 5.3 15 150 M M 5 20 190
12 65 32 49 -5 16 0 0.09 M M 10.8 28 150 M M 2 35 150
13 75 32 54 0 11 0 T M M 3.7 23 90 M M 2 123 35 40
14 70 33 52 -3 13 0 T M M 3.4 21 310 M M 2 1 28 310
15 70 31 51 -4 14 0 0.16 M M 5.2 20 70 M M 7 3 26 30
16 70 49 60 4 5 0 0.49 M M 8.1 23 70 M M 7 13 33 70
17 70 50 60 4 5 0 0.00 M M 8.0 22 120 M M 7 12 28 120
18 77 54 66 10 0 1 0.00 M M 14.9 25 200 M M 2 18 33 190
19 82 54 68 11 0 3 0.00 M M 11.8 23 170 M M 1 33 180
20 82 56 69 12 0 4 0.00 M M 17.5 26 150 M M 1 40 180
21 67 44 56 -2 9 0 1.53 M M 11.4 26 30 M M 10 13 36 30
22 50 43 47 -11 18 0 T M M 7.4 15 60 M M 10 18 21 60
23 80 45 63 5 2 0 0.66 M M 12.3 35 160 M M 6 13 51 170
24 76 46 61 2 4 0 0.00 M M 12.8 26 240 M M 0 36 240
25 76 46 61 2 4 0 0.00 M M 8.0 20 260 M M 0 28 260
26 73 43 58 -2 7 0 0.14 M M 12.2 33 20 M M 3 3 47 20
27 54 43 49 -11 16 0 0.00 M M 8.4 16 30 M M 10 1 22 30
28 68 42 55 -5 10 0 T M M 12.1 33 180 M M 6 49 180
29 67 49 58 -3 7 0 0.00 M M 7.9 30 180 M M 6 39 180
30 72 45 59 -2 6 0 T M M 4.9 13 30 M M 2 18 16 30
31 75 39 57 -4 8 0 0.00 M M 4.9 15 190 M M 1 20 190
================================================================================
SM 2130 1247 326 8 3.40 M 277.2 M 131
================================================================================
AV 68.7 40.2 8.9 FASTST M M 4 MAX(MPH)
MISC ----> 36 130 53 130
================================================================================
NOTES:
# LAST OF SEVERAL OCCURRENCES
COLUMN 17 PEAK WIND IN M.P.H.
PRELIMINARY LOCAL CLIMATOLOGICAL DATA (WS FORM: F-6) , PAGE 2
STATION: PINE RIDGE SD
MONTH: MAY
YEAR: 2021
LATITUDE: 43 1 N
LONGITUDE: 102 31 W
[TEMPERATURE DATA] [PRECIPITATION DATA] SYMBOLS USED IN COLUMN 16
AVERAGE MONTHLY: 54.5 TOTAL FOR MONTH: 3.40 1 = FOG OR MIST
DPTR FM NORMAL: -1.2 DPTR FM NORMAL: 0.78 2 = FOG REDUCING VISIBILITY
HIGHEST: 86 ON 1 GRTST 24HR 1.53 ON 21-21 TO 1/4 MILE OR LESS
LOWEST: 25 ON 4 3 = THUNDER
SNOW, ICE PELLETS, HAIL 4 = ICE PELLETS
TOTAL MONTH: M 5 = HAIL
GRTST 24HR M ON M 6 = FREEZING RAIN OR DRIZZLE
GRTST DEPTH: M ON M 7 = DUSTSTORM OR SANDSTORM:
VSBY 1/2 MILE OR LESS
8 = SMOKE OR HAZE
[NO. OF DAYS WITH] [WEATHER - DAYS WITH] 9 = BLOWING SNOW
X = TORNADO
MAX 32 OR BELOW: 0 0.01 INCH OR MORE: 8
MAX 90 OR ABOVE: 0 0.10 INCH OR MORE: 6
MIN 32 OR BELOW: 9 0.50 INCH OR MORE: 2
MIN 0 OR BELOW: 0 1.00 INCH OR MORE: 1
[HDD (BASE 65) ]
TOTAL THIS MO. 326 CLEAR (SCALE 0-3) 14
DPTR FM NORMAL 17 PTCLDY (SCALE 4-7) 13
TOTAL FM JUL 1 6833 CLOUDY (SCALE 8-10) 4
DPTR FM NORMAL -102
[CDD (BASE 65) ]
TOTAL THIS MO. 8
DPTR FM NORMAL -13 [PRESSURE DATA]
TOTAL FM JAN 1 8 HIGHEST SLP 30.38 ON 6
DPTR FM NORMAL -14 LOWEST SLP 29.46 ON 2
[REMARKS]
#FINAL-05-21#