000
CXUS55 KVEF 010910
CF6IGM
PRELIMINARY LOCAL CLIMATOLOGICAL DATA (WS FORM: F-6)
STATION: KINGMAN AZ
MONTH: JUNE
YEAR: 2020
LATITUDE: 35 16 N
LONGITUDE: 113 57 W
TEMPERATURE IN F: :PCPN: SNOW: WIND :SUNSHINE: SKY :PK WND
================================================================================
1 2 3 4 5 6A 6B 7 8 9 10 11 12 13 14 15 16 17 18
12Z AVG MX 2MIN
DY MAX MIN AVG DEP HDD CDD WTR SNW DPTH SPD SPD DIR MIN PSBL S-S WX SPD DR
================================================================================
1 97 60 79 5 0 14 0.00 M M 12.1 26 240 M M 0 32 240
2 97 64 81 7 0 16 0.00 M M 7.1 17 260 M M 0 21 240
3 102 65 84 10 0 19 0.00 M M 6.1 15 280 M M 0 19 340
4 103 67 85 11 0 20 0.00 M M 10.4 28 240 M M 0 34 240
5 100 67 84 9 0 19 0.00 M M 13.8 30 160 M M 0 42 150
6 83 61 72 -3 0 7 0.00 M M 16.4 32 220 M M 0 39 220
7 84 51 68 -7 0 3 0.00 M M 19.9 36 220 M M 0 45 240
8 74 50 62 -14 3 0 0.00 M M 13.3 29 10 M M 0 37 360
9 86 43 65 -11 0 0 0.00 M M 7.5 21 20 M M 0 24 360
10 97 54 76 0 0 11 0.00 M M 6.3 17 250 M M 0 25 250
11 100 56 78 2 0 13 0.00 M M 10.8 28 220 M M 0 34 230
12 98 63 81 4 0 16 0.00 M M 15.2 32 220 M M 0 40 210
13 91 60 76 -1 0 11 0.00 M M 16.9 35 220 M M 0 44 220
14 93 52 73 -4 0 8 0.00 M M 12.2 29 240 M M 0 37 230
15 95 56 76 -2 0 11 0.00 M M 11.8 29 230 M M 0 36 230
16 94 70 82 4 0 17 0.00 M M 18.4 33 200 M M 0 44 200
17 91 63 77 -1 0 12 0.00 M M 13.8 26 240 M M 0 36 250
18 93 60 77 -1 0 12 0.00 M M 6.9 18 350 M M 0 23 240
19 97 56 77 -2 0 12 0.00 M M 4.2 16 310 M M 0 21 350
20 99 64 82 3 0 17 0.00 M M 8.4 21 260 M M 0 30 230
21 100 67 84 5 0 19 0.00 M M 10.8 24 230 M M 0 33 250
22 102 70 86 6 0 21 0.00 M M 10.5 21 230 M M 0 28 210
23 102 67 85 5 0 20 0.00 M M 8.9 23 240 M M 0 34 270
24 103 68 86 6 0 21 0.00 M M 11.8 28 240 M M 0 34 220
25 100 70 85 5 0 20 0.00 M M 11.4 25 240 M M 0 30 240
26 101 69 85 4 0 20 0.00 M M 11.6 24 240 M M 0 31 220
27 101 64 83 2 0 18 0.00 M M 11.5 26 250 M M 0 32 250
28 97 75 86 5 0 21 0.00 M M 20.8 37 200 M M 0 45 200
29 85 62 74 -7 0 9 0.00 M M 15.6 29 230 M M 0 35 220
30 92 56 74 -8 0 9 0.00 M M 6.2 16 260 M M 0 8 20 240
================================================================================
SM 2857 1850 3 416 0.00 M 350.6 M 0
================================================================================
AV 95.2 61.7 11.7 FASTST M M 0 MAX(MPH)
MISC ----> 37 200 # 45 240
================================================================================
NOTES:
# LAST OF SEVERAL OCCURRENCES
COLUMN 17 PEAK WIND IN M.P.H.
PRELIMINARY LOCAL CLIMATOLOGICAL DATA (WS FORM: F-6) , PAGE 2
STATION: KINGMAN AZ
MONTH: JUNE
YEAR: 2020
LATITUDE: 35 16 N
LONGITUDE: 113 57 W
[TEMPERATURE DATA] [PRECIPITATION DATA] SYMBOLS USED IN COLUMN 16
AVERAGE MONTHLY: 78.5 TOTAL FOR MONTH: 0.00 1 = FOG OR MIST
DPTR FM NORMAL: 0.6 DPTR FM NORMAL: -0.09 2 = FOG REDUCING VISIBILITY
HIGHEST: 103 ON 24, 4 GRTST 24HR T ON 4- 4 TO 1/4 MILE OR LESS
LOWEST: 43 ON 9 3 = THUNDER
SNOW, ICE PELLETS, HAIL 4 = ICE PELLETS
TOTAL MONTH: M 5 = HAIL
GRTST 24HR M ON M 6 = FREEZING RAIN OR DRIZZLE
GRTST DEPTH: M ON M 7 = DUSTSTORM OR SANDSTORM:
VSBY 1/2 MILE OR LESS
8 = SMOKE OR HAZE
[NO. OF DAYS WITH] [WEATHER - DAYS WITH] 9 = BLOWING SNOW
X = TORNADO
MAX 32 OR BELOW: 0 0.01 INCH OR MORE: 0
MAX 90 OR ABOVE: 25 0.10 INCH OR MORE: 0
MIN 32 OR BELOW: 0 0.50 INCH OR MORE: 0
MIN 0 OR BELOW: 0 1.00 INCH OR MORE: 0
[HDD (BASE 65) ]
TOTAL THIS MO. 3 CLEAR (SCALE 0-3) 30
DPTR FM NORMAL 0 PTCLDY (SCALE 4-7) 0
TOTAL FM JUL 1 2991 CLOUDY (SCALE 8-10) 0
DPTR FM NORMAL -109
[CDD (BASE 65) ]
TOTAL THIS MO. 416
DPTR FM NORMAL 31 [PRESSURE DATA]
TOTAL FM JAN 1 708 HIGHEST SLP 30.08 ON 9
DPTR FM NORMAL 125 LOWEST SLP 29.40 ON 28
[REMARKS]
#FINAL-06-20#