098
CXUS51 KPHI 010915
CF6ILG
PRELIMINARY LOCAL CLIMATOLOGICAL DATA (WS FORM: F-6)
STATION: WILMINGTON DE
MONTH: NOVEMBER
YEAR: 2020
LATITUDE: 39 40 N
LONGITUDE: 75 36 W
TEMPERATURE IN F: :PCPN: SNOW: WIND :SUNSHINE: SKY :PK WND
================================================================================
1 2 3 4 5 6A 6B 7 8 9 10 11 12 13 14 15 16 17 18
12Z AVG MX 2MIN
DY MAX MIN AVG DEP HDD CDD WTR SNW DPTH SPD SPD DIR MIN PSBL S-S WX SPD DR
================================================================================
1 55 41 48 -3 17 0 0.59 0.0 0 11.7 31 310 M M 8 1 45 310
2 49 37 43 -8 22 0 0.00 0.0 0 17.8 37 300 M M 1 48 290
3 59 39 49 -1 16 0 0.00 0.0 0 10.6 28 280 M M 0 39 280
4 67 34 51 1 14 0 0.00 0.0 0 5.1 15 170 M M 0 20 200
5 69 38 54 4 11 0 0.00 0.0 0 3.2 15 220 M M 1 12 20 200
6 70 43 57 7 8 0 0.00 0.0 0 2.7 13 240 M M 1 12 16 240
7 75 40 58 9 7 0 0.00 0.0 0 2.5 10 160 M M 0 12 13 240
8 74 42 58 9 7 0 0.00 0.0 0 1.9 8 150 M M 0 18 9 140
9 74 45 60 11 5 0 0.00 0.0 0 3.5 12 250 M M 1 128 14 200
10 76 47 62 14 3 0 0.00 0.0 0 4.4 16 190 M M 4 12 21 200
11 70 57 64 16 1 0 1.34 0.0 0 6.9 15 160 M M 8 1 20 180
12 66 46 56 8 9 0 0.62 0.0 0 8.9 26 350 M M 10 1 31 340
13 56 43 50 2 15 0 0.03 0.0 0 6.5 15 320 M M 6 18 20 320
14 56 36 46 -1 19 0 0.00 0.0 0 5.4 15 300 M M 0 18 290
15 66 35 51 4 14 0 0.45 0.0 0 13.2 40 310 M M 7 51 310
16 57 41 49 3 16 0 0.00 0.0 0 11.1 23 260 M M 0 32 280
17 54 32 43 -3 22 0 0.09 0.0 0 10.9 31 290 M M 4 41 300
18 42 27 35 -11 30 0 0.00 0.0 0 9.5 24 320 M M 3 32 350
19 50 24 37 -9 28 0 0.00 0.0 0 7.8 20 200 M M 0 26 210
20 62 39 51 6 14 0 0.00 0.0 0 6.0 15 220 M M 0 21 220
21 66 41 54 9 11 0 0.00 0.0 0 5.6 15 30 M M 6 18 300
22 56 47 52 8 13 0 0.00 0.0 0 9.0 15 60 M M 9 20 70
23 57 38 48 4 17 0 0.52 0.0 0 13.9 30 320 M M 6 39 320
24 50 33 42 -2 23 0 0.00 0.0 0 5.9 18 360 M M 2 24 360
25 57 41 49 6 16 0 0.00 0.0 0 8.9 17 210 M M 4 23 210
26 67 50 59 16 6 0 0.39 0.0 0 7.4 17 280 M M 7 23 260
27 58 47 53 10 12 0 0.00 0.0 0 3.2 7 350 M M 9 8 360
28 58 37 48 6 17 0 0.00 0.0 0 7.4 22 290 M M 4 26 300
29 56 31 44 2 21 0 0.00 0.0 0 5.1 12 210 M M 0 16 210
30 64 46 55 13 10 0 1.88 0.0 0 12.4 38 160 M M 9 13 49 160
================================================================================
SM 1836 1197 424 0 5.91 0.0 228.4 M 110
================================================================================
AV 61.2 39.9 7.6 FASTST M M 4 MAX(MPH)
MISC ----> 40 310 51 310
================================================================================
NOTES:
# LAST OF SEVERAL OCCURRENCES
COLUMN 17 PEAK WIND IN M.P.H.
PRELIMINARY LOCAL CLIMATOLOGICAL DATA (WS FORM: F-6) , PAGE 2
STATION: WILMINGTON DE
MONTH: NOVEMBER
YEAR: 2020
LATITUDE: 39 40 N
LONGITUDE: 75 36 W
[TEMPERATURE DATA] [PRECIPITATION DATA] SYMBOLS USED IN COLUMN 16
AVERAGE MONTHLY: 50.6 TOTAL FOR MONTH: 5.91 1 = FOG OR MIST
DPTR FM NORMAL: 4.0 DPTR FM NORMAL: 2.81 2 = FOG REDUCING VISIBILITY
HIGHEST: 76 ON 10 GRTST 24HR 1.95 ON 11-12 TO 1/4 MILE OR LESS
LOWEST: 24 ON 19 3 = THUNDER
SNOW, ICE PELLETS, HAIL 4 = ICE PELLETS
TOTAL MONTH: 0.0 INCH 5 = HAIL
GRTST 24HR 0.0 6 = FREEZING RAIN OR DRIZZLE
GRTST DEPTH: 0 7 = DUSTSTORM OR SANDSTORM:
VSBY 1/2 MILE OR LESS
8 = SMOKE OR HAZE
[NO. OF DAYS WITH] [WEATHER - DAYS WITH] 9 = BLOWING SNOW
X = TORNADO
MAX 32 OR BELOW: 0 0.01 INCH OR MORE: 9
MAX 90 OR ABOVE: 0 0.10 INCH OR MORE: 7
MIN 32 OR BELOW: 4 0.50 INCH OR MORE: 5
MIN 0 OR BELOW: 0 1.00 INCH OR MORE: 2
[HDD (BASE 65) ]
TOTAL THIS MO. 424 CLEAR (SCALE 0-3) 15
DPTR FM NORMAL -130 PTCLDY (SCALE 4-7) 10
TOTAL FM JUL 1 692 CLOUDY (SCALE 8-10) 5
DPTR FM NORMAL -207
[CDD (BASE 65) ]
TOTAL THIS MO. 0
DPTR FM NORMAL 0 [PRESSURE DATA]
TOTAL FM JAN 1 1300 HIGHEST SLP 30.64 ON 19
DPTR FM NORMAL 155 LOWEST SLP 29.28 ON 30
[REMARKS]
#FINAL-11-20#