000
CXUS53 KLBF 011510
CF6IML
PRELIMINARY LOCAL CLIMATOLOGICAL DATA (WS FORM: F-6)
STATION: IMPERIAL
MONTH: DECEMBER
YEAR: 2023
LATITUDE: 40 31 N
LONGITUDE: 101 37 W
TEMPERATURE IN F: :PCPN: SNOW: WIND :SUNSHINE: SKY :PK WND
================================================================================
1 2 3 4 5 6A 6B 7 8 9 10 11 12 13 14 15 16 17 18
12Z AVG MX 2MIN
DY MAX MIN AVG DEP HDD CDD WTR SNW DPTH SPD SPD DIR MIN PSBL S-S WX SPD DR
================================================================================
1 36 15 26 -7 39 0 0.00 M M 6.2 14 180 M M 2 20 180
2 47 22 35 3 30 0 0.00 M M 7.9 21 300 M M 4 8 34 300
3 45 22 34 2 31 0 0.03 M M 13.5 39 330 M M 5 1 54 340
4 60 23 42 10 23 0 T M M 10.6 30 350 M M 5 41 290
5 58 30 44 12 21 0 0.00 M M 7.0 16 280 M M 4 23 270
6 66 29 48 17 17 0 0.00 M M 5.1 13 260 M M 0 16 250
7 69 22 46 15 19 0 0.00 M M 12.3 38 310 M M 0 56 320
8 49 24 37 6 28 0 0.00 M M 11.0 36 320 M M 2 53 320
9 41 18 30 0 35 0 0.00 M M 15.5 33 330 M M 0 51 320
10 49 13 31 1 34 0 0.00 M M 8.0 21 320 M M 0 28 300
11 54 24 39 9 26 0 0.00 M M 8.0 16 30 M M 1 24 350
12 37 20 29 -1 36 0 0.00 M M 9.1 18 140 M M 4 23 140
13 39 19 29 -1 36 0 T M M 5.8 13 160 M M 6 1 16 140
14 37 31 34 5 31 0 0.28 M M 12.3 17 170 M M 10 16 29 180
15 48 25 37 8 28 0 0.00 M M 10.1 18 330 M M 5 1 24 330
16 54 19 37 8 28 0 0.00 M M 8.2 16 310 M M 0 21 310
17 61 27 44 15 21 0 0.00 M M 11.0 28 340 M M 0 36 330
18 50 18 34 5 31 0 0.00 M M 8.4 18 180 M M 0 25 180
19 67 18 43 14 22 0 0.00 M M 6.4 17 320 M M 0 23 310
20 56 25 41 12 24 0 0.00 M M 3.8 9 330 M M 1 12 170
21 62 24 43 14 22 0 0.00 M M 4.2 13 310 M M 1 17 320
22 61 27 44 16 21 0 0.00 M M 6.0 10 300 M M 0 14 170
23 53 29 41 13 24 0 0.01 M M 10.0 29 350 M M 6 38 350
24 40 23 32 4 33 0 0.23 M M 22.1 36 340 M M 10 1 47 340
25 24 21 23 -5 42 0 0.06 M M 23.4 36 320 M M 10 128 56 290
26 31 23 27 -1 38 0 0.03 M M 23.5 36 330 M M 10 1289 49 340
27 35 28 32 4 33 0 0.02 M M 16.8 28 340 M M 10 18 38 340
28 32 19 26 -2 39 0 0.00 M M 10.6 20 330 M M 5 26 330
29 43 20 32 4 33 0 0.00 M M 10.6 17 310 M M 0 26 300
30 43 24 34 6 31 0 0.00 M M 8.3 15 330 M M 1 19 330
31 35 13 24 -4 41 0 0.00 M M 3.7 12 10 M M 2 128 13 350
================================================================================
SM 1482 695 917 0 0.66 M 319.4 M 104
================================================================================
AV 47.8 22.4 10.3 FASTST M M 3 MAX(MPH)
MISC ----> 39 330 # 56 320
================================================================================
NOTES:
# LAST OF SEVERAL OCCURRENCES
COLUMN 17 PEAK WIND IN M.P.H.
PRELIMINARY LOCAL CLIMATOLOGICAL DATA (WS FORM: F-6) , PAGE 2
STATION: IMPERIAL
MONTH: DECEMBER
YEAR: 2023
LATITUDE: 40 31 N
LONGITUDE: 101 37 W
[TEMPERATURE DATA] [PRECIPITATION DATA] SYMBOLS USED IN COLUMN 16
AVERAGE MONTHLY: 35.1 TOTAL FOR MONTH: 0.66 1 = FOG OR MIST
DPTR FM NORMAL: 5.4 DPTR FM NORMAL: 0.43 2 = FOG REDUCING VISIBILITY
HIGHEST: 69 ON 7 GRTST 24HR 0.28 ON 13-14 TO 1/4 MILE OR LESS
LOWEST: 13 ON 31,10 3 = THUNDER
SNOW, ICE PELLETS, HAIL 4 = ICE PELLETS
TOTAL MONTH: M 5 = HAIL
GRTST 24HR M ON M 6 = FREEZING RAIN OR DRIZZLE
GRTST DEPTH: M ON M 7 = DUSTSTORM OR SANDSTORM:
VSBY 1/2 MILE OR LESS
8 = SMOKE OR HAZE
[NO. OF DAYS WITH] [WEATHER - DAYS WITH] 9 = BLOWING SNOW
X = TORNADO
MAX 32 OR BELOW: 3 0.01 INCH OR MORE: 7
MAX 90 OR ABOVE: 0 0.10 INCH OR MORE: 2
MIN 32 OR BELOW: 31 0.50 INCH OR MORE: 0
MIN 0 OR BELOW: 0 1.00 INCH OR MORE: 0
[HDD (BASE 65) ]
TOTAL THIS MO. 917 CLEAR (SCALE 0-3) 17
DPTR FM NORMAL -178 PTCLDY (SCALE 4-7) 9
TOTAL FM JUL 1 2077 CLOUDY (SCALE 8-10) 5
DPTR FM NORMAL -350
[CDD (BASE 65) ]
TOTAL THIS MO. 0
DPTR FM NORMAL 0 [PRESSURE DATA]
TOTAL FM JAN 1 986 HIGHEST SLP 30.64 ON 13
DPTR FM NORMAL -29 LOWEST SLP 29.53 ON 7
[REMARKS]
#FINAL-12-23#