000
CXUS53 KDLH 010920
CF6INL
PRELIMINARY LOCAL CLIMATOLOGICAL DATA (WS FORM: F-6)
STATION: INTERNATIONAL FALLS
MONTH: FEBRUARY
YEAR: 2024
LATITUDE: 48 34 N
LONGITUDE: 93 23 W
TEMPERATURE IN F: :PCPN: SNOW: WIND :SUNSHINE: SKY :PK WND
================================================================================
1 2 3 4 5 6A 6B 7 8 9 10 11 12 13 14 15 16 17 18
12Z AVG MX 2MIN
DY MAX MIN AVG DEP HDD CDD WTR SNW DPTH SPD SPD DIR MIN PSBL S-S WX SPD DR
================================================================================
1 38 19 29 24 36 0 0.00 0.0 6 5.5 12 80 M M 5 16 70
2 36 17 27 21 38 0 0.00 0.0 6 5.4 12 130 M M 5 15 140
3 38 15 27 21 38 0 0.00 0.0 6 4.6 9 230 M M 1 12 13 230
4 32 27 30 24 35 0 0.00 0.0 6 0.8 6 360 M M 9 12 8 360
5 38 22 30 24 35 0 0.00 0.0 5 2.6 8 230 M M 6 12 12 240
6 36 25 31 25 34 0 0.00 0.0 5 2.4 10 280 M M 7 15 250
7 41 32 37 30 28 0 0.06 0.0 5 10.9 18 120 M M 9 18 27 100
8 41 36 39 32 26 0 0.39 0.0 4 6.7 14 130 M M 10 12 20 110
9 37 16 27 20 38 0 0.08 1.3 2 12.7 20 300 M M 10 128 28 280
10 24 12 18 10 47 0 0.06 0.5 3 6.8 16 320 M M 9 18 23 320
11 26 22 24 16 41 0 T T 3 5.6 12 240 M M 10 18 19 280
12 26 20 23 15 42 0 0.01 0.6 3 5.3 10 360 M M 10 18 15 270
13 27 11 19 10 46 0 T T 3 2.8 8 140 M M 4 8 11 140
14 31 25 28 19 37 0 0.00 0.0 3 9.0 15 280 M M 4 8 25 270
15 17 8 13 4 52 0 0.00 0.0 3 9.2 17 290 M M 2 18 22 290
16 8 -2 3 -7 62 0 T T 3 8.5 16 300 M M 4 8 23 300
17 31 3 17 7 48 0 T T 3 10.5 23 290 M M 3 1 33 300
18 27 4 16 6 49 0 0.00 0.0 3 9.7 24 320 M M 4 31 320
19 33 1 17 6 48 0 0.00 0.0 3 4.4 10 40 M M 0 14 20
20 45 14 30 19 35 0 0.00 0.0 3 4.9 10 280 M M 1 13 230
21 41 19 30 18 35 0 0.00 0.0 3 4.1 10 290 M M 4 18 17 300
22 46 23 35 23 30 0 0.00 0.0 2 8.3 23 280 M M 7 34 300
23 23 4 14 1 51 0 T T 2 6.6 17 30 M M 2 8 25 20
24 44 8 26 13 39 0 0.00 0.0 2 9.0 18 220 M M 1 33 200
25 36 12 24 10 41 0 0.00 0.0 1 8.6 20 300 M M 2 27 280
26 53 10 32 18 33 0 0.06 1.5 1 7.9 18 200 M M 2 12 29 200
27 33 -3 15 0 50 0 0.12 5.0 7 13.8 23 350 M M 7 18 32 330
28 5 -20 -7 -22 72 0 0.00 0.0 7 6.3 16 310 M M 0 23 340
29 20 -22 -1 -17 66 0 0.00 0.0 6 8.1 18 100 M M 6 23 100
================================================================================
SM 933 358 1232 0 0.78 8.9 201.0 M 144
================================================================================
AV 32.2 12.3 6.9 FASTST M M 5 MAX(MPH)
MISC ----> 24 320 34 300
================================================================================
NOTES:
# LAST OF SEVERAL OCCURRENCES
COLUMN 17 PEAK WIND IN M.P.H.
PRELIMINARY LOCAL CLIMATOLOGICAL DATA (WS FORM: F-6) , PAGE 2
STATION: INTERNATIONAL FALLS
MONTH: FEBRUARY
YEAR: 2024
LATITUDE: 48 34 N
LONGITUDE: 93 23 W
[TEMPERATURE DATA] [PRECIPITATION DATA] SYMBOLS USED IN COLUMN 16
AVERAGE MONTHLY: 22.3 TOTAL FOR MONTH: 0.78 1 = FOG OR MIST
DPTR FM NORMAL: 12.8 DPTR FM NORMAL: 0.09 2 = FOG REDUCING VISIBILITY
HIGHEST: 53 ON 26 GRTST 24HR 0.42 ON 7- 8 TO 1/4 MILE OR LESS
LOWEST: -22 ON 29 3 = THUNDER
SNOW, ICE PELLETS, HAIL 4 = ICE PELLETS
TOTAL MONTH: 8.9 INCHES 5 = HAIL
GRTST 24HR 5.0 ON 27-27 6 = FREEZING RAIN OR DRIZZLE
GRTST DEPTH: 7 ON 28,27 7 = DUSTSTORM OR SANDSTORM:
VSBY 1/2 MILE OR LESS
8 = SMOKE OR HAZE
[NO. OF DAYS WITH] [WEATHER - DAYS WITH] 9 = BLOWING SNOW
X = TORNADO
MAX 32 OR BELOW: 13 0.01 INCH OR MORE: 7
MAX 90 OR ABOVE: 0 0.10 INCH OR MORE: 2
MIN 32 OR BELOW: 28 0.50 INCH OR MORE: 0
MIN 0 OR BELOW: 4 1.00 INCH OR MORE: 0
[HDD (BASE 65) ]
TOTAL THIS MO. 1232 CLEAR (SCALE 0-3) 9
DPTR FM NORMAL -320 PTCLDY (SCALE 4-7) 13
TOTAL FM JUL 1 5660 CLOUDY (SCALE 8-10) 7
DPTR FM NORMAL -1933
[CDD (BASE 65) ]
TOTAL THIS MO. 0
DPTR FM NORMAL 0 [PRESSURE DATA]
TOTAL FM JAN 1 0 HIGHEST SLP 30.36 ON 29
DPTR FM NORMAL 0 LOWEST SLP 29.25 ON 8
[REMARKS]
#FINAL-02-24#