000
CXUS53 KDLH 071948
CF6INL
PRELIMINARY LOCAL CLIMATOLOGICAL DATA (WS FORM: F-6)
STATION: INTERNATIONAL FALLS
MONTH: JUNE
YEAR: 2021
LATITUDE: 48 34 N
LONGITUDE: 93 23 W
TEMPERATURE IN F: :PCPN: SNOW: WIND :SUNSHINE: SKY :PK WND
================================================================================
1 2 3 4 5 6A 6B 7 8 9 10 11 12 13 14 15 16 17 18
12Z AVG MX 2MIN
DY MAX MIN AVG DEP HDD CDD WTR SNW DPTH SPD SPD DIR MIN PSBL S-S WX SPD DR
================================================================================
1 80 35 58 1 7 0 0.00 0.0 0 3.0 13 230 M M 1 20 290
2 83 40 62 5 3 0 0.00 0.0 0 4.0 12 210 M M 0 19 270
3 83 52 68 10 0 3 0.03 0.0 0 3.7 12 10 M M 3 1 17 320
4 98 48 73 15 0 8 T 0.0 0 7.1 22 240 M M 1 37 240
5 92 58 75 17 0 10 0.00 0.0 0 4.0 13 70 M M 0 18 70
6 91 52 72 13 0 7 0.00 0.0 0 8.4 24 220 M M 2 38 210
7 87 47 67 8 0 2 0.00 0.0 0 3.3 12 310 M M 1 8 16 320
8 83 60 72 13 0 7 0.25 0.0 0 4.7 8 20 M M 3 13 40 260
9 90 61 76 16 0 11 0.69 0.0 0 8.9 24 320 M M 3 138 39 290
10 80 59 70 10 0 5 0.00 0.0 0 5.7 13 30 M M 4 1 18 20
11 76 60 68 8 0 3 0.05 0.0 0 11.3 26 130 M M 6 35 140
12 79 51 65 5 0 0 0.00 0.0 0 8.9 25 290 M M 1 38 290
13 77 48 63 3 2 0 0.12 0.0 0 5.2 18 40 M M 3 13 29 50
14 74 46 60 -1 5 0 0.00 0.0 0 8.1 23 330 M M 1 33 320
15 76 43 60 -1 5 0 0.00 0.0 0 2.6 13 110 M M 2 19 70
16 82 48 65 4 0 0 0.08 0.0 0 5.7 23 300 M M 1 3 36 300
17 83 57 70 9 0 5 0.00 0.0 0 8.4 20 320 M M 1 29 330
18 76 52 64 2 1 0 0.00 0.0 0 12.4 26 300 M M 2 39 300
19 69 54 62 0 3 0 0.00 0.0 0 4.7 10 230 M M 9 14 230
20 66 45 56 -6 9 0 0.14 0.0 0 5.8 22 350 M M 6 1 32 360
21 62 41 52 -10 13 0 0.03 0.0 0 10.4 31 310 M M 5 8 40 320
22 72 35 54 -8 11 0 T 0.0 0 4.9 15 230 M M 6 28 230
23 85 57 71 8 0 6 0.06 0.0 0 8.9 23 200 M M 3 3 38 200
24 81 49 65 2 0 0 0.00 0.0 0 5.5 15 280 M M 2 1 21 350
25 83 52 68 5 0 3 T 0.0 0 3.3 14 310 M M 3 20 310
26 75 56 66 3 0 1 0.01 0.0 0 2.9 13 330 M M 7 18 19 320
27 81 54 68 5 0 3 0.21 0.0 0 3.1 20 10 M M 3 138 30 20
28 77 54 66 2 0 1 0.04 0.0 0 1.6 9 250 M M 6 13 230
29 85 55 70 6 0 5 0.00 0.0 0 4.2 15 300 M M 5 22 280
30 86 50 68 4 0 3 T 0.0 0 3.5 13 280 M M 3 16 280
================================================================================
SM 2412 1519 59 83 1.71 0.0 174.2 M 93
================================================================================
AV 80.4 50.6 5.8 FASTST M M 3 MAX(MPH)
MISC ----> 31 310 # 40 260
================================================================================
NOTES:
# LAST OF SEVERAL OCCURRENCES
COLUMN 17 PEAK WIND IN M.P.H.
PRELIMINARY LOCAL CLIMATOLOGICAL DATA (WS FORM: F-6) , PAGE 2
STATION: INTERNATIONAL FALLS
MONTH: JUNE
YEAR: 2021
LATITUDE: 48 34 N
LONGITUDE: 93 23 W
[TEMPERATURE DATA] [PRECIPITATION DATA] SYMBOLS USED IN COLUMN 16
AVERAGE MONTHLY: 65.5 TOTAL FOR MONTH: 1.71 1 = FOG OR MIST
DPTR FM NORMAL: 4.7 DPTR FM NORMAL: -2.07 2 = FOG REDUCING VISIBILITY
HIGHEST: 98 ON 4 GRTST 24HR 0.69 ON 9- 9 TO 1/4 MILE OR LESS
LOWEST: 35 ON 22, 1 3 = THUNDER
SNOW, ICE PELLETS, HAIL 4 = ICE PELLETS
TOTAL MONTH: 0.0 INCH 5 = HAIL
GRTST 24HR 0.0 6 = FREEZING RAIN OR DRIZZLE
GRTST DEPTH: 0 7 = DUSTSTORM OR SANDSTORM:
VSBY 1/2 MILE OR LESS
8 = SMOKE OR HAZE
[NO. OF DAYS WITH] [WEATHER - DAYS WITH] 9 = BLOWING SNOW
X = TORNADO
MAX 32 OR BELOW: 0 0.01 INCH OR MORE: 12
MAX 90 OR ABOVE: 4 0.10 INCH OR MORE: 5
MIN 32 OR BELOW: 0 0.50 INCH OR MORE: 1
MIN 0 OR BELOW: 0 1.00 INCH OR MORE: 0
[HDD (BASE 65) ]
TOTAL THIS MO. 59 CLEAR (SCALE 0-3) 18
DPTR FM NORMAL -101 PTCLDY (SCALE 4-7) 11
TOTAL FM JUL 1 9304 CLOUDY (SCALE 8-10) 1
DPTR FM NORMAL -875
[CDD (BASE 65) ]
TOTAL THIS MO. 83
DPTR FM NORMAL 48 [PRESSURE DATA]
TOTAL FM JAN 1 109 HIGHEST SLP 30.27 ON 15
DPTR FM NORMAL 66 LOWEST SLP 29.40 ON 6
[REMARKS]
#FINAL-06-21#