000
CXUS53 KDLH 010833
CF6INL
PRELIMINARY LOCAL CLIMATOLOGICAL DATA (WS FORM: F-6)
STATION: INTERNATIONAL FALLS
MONTH: FEBRUARY
YEAR: 2020
LATITUDE: 48 34 N
LONGITUDE: 93 23 W
TEMPERATURE IN F: :PCPN: SNOW: WIND :SUNSHINE: SKY :PK WND
================================================================================
1 2 3 4 5 6A 6B 7 8 9 10 11 12 13 14 15 16 17 18
12Z AVG MX 2MIN
DY MAX MIN AVG DEP HDD CDD WTR SNW DPTH SPD SPD DIR MIN PSBL S-S WX SPD DR
================================================================================
1 35 20 28 22 37 0 0.02 0.3 20 7.1 14 240 M M 6 18 23 250
2 34 20 27 21 38 0 0.05 0.3 20 7.2 20 310 M M 8 16 28 310
3 26 -8 9 3 56 0 0.00 0.0 20 10.9 23 290 M M 2 32 280
4 12 -18 -3 -10 68 0 0.00 0.0 20 5.6 13 290 M M 4 19 290
5 32 -7 13 6 52 0 0.00 0.0 20 7.7 21 260 M M 3 37 250
6 24 6 15 8 50 0 0.03 0.3 20 6.6 17 20 M M 10 8 26 20
7 6 -23 -8 -16 73 0 T 0.3 19 5.1 13 40 M M 1 21 40
8 13 -24 -5 -13 70 0 0.02 0.4 19 2.8 9 200 M M 8 18 13 220
9 16 -8 4 -4 61 0 T T 20 4.2 12 320 M M 6 18 13 320
10 27 -1 13 5 52 0 0.01 T 20 7.6 16 300 M M 8 18 23 220
11 30 8 19 10 46 0 T T 20 9.6 22 240 M M 6 37 260
12 25 -21 2 -7 63 0 0.05 1.0 21 12.1 25 360 M M 4 18 35 10
13 -1 -29 -15 -25 80 0 0.00 0.0 20 6.3 15 290 M M 1 8 20 310
14 23 -25 -1 -11 66 0 0.02 0.5 21 8.6 22 210 M M 2 35 180
15 26 -4 11 1 54 0 0.03 0.8 21 11.9 26 290 M M 8 18 38 290
16 12 -28 -8 -19 73 0 0.00 0.0 20 2.3 8 120 M M 1 9 310
17 23 1 12 1 53 0 0.01 0.1 20 5.0 13 340 M M 9 8 16 310
18 16 -9 4 -7 61 0 T T 20 11.8 23 300 M M 6 89 32 310
19 5 -22 -8 -20 73 0 0.00 0.0 20 6.3 15 300 M M 0 20 250
20 25 -20 3 -9 62 0 0.00 0.0 20 8.5 21 230 M M 0 30 230
21 38 12 25 12 40 0 0.00 0.0 19 9.5 17 250 M M 0 28 260
22 49 12 31 18 34 0 0.00 0.0 19 5.1 14 230 M M 0 20 240
23 38 16 27 13 38 0 0.00 0.0 19 9.7 23 280 M M 2 35 300
24 40 10 25 11 40 0 0.00 0.0 19 3.5 9 280 M M 0 14 270
25 28 6 17 3 48 0 0.00 0.0 19 5.9 15 330 M M 5 19 320
26 17 -6 6 -9 59 0 T T 18 3.6 9 350 M M 7 13 10
27 17 -14 2 -13 63 0 0.00 0.0 18 2.4 8 30 M M 1 12 20
28 24 -22 1 -15 64 0 0.00 0.0 18 2.8 12 270 M M 0 16 290
29 39 -2 19 3 46 0 0.00 0.0 18 4.8 9 150 M M 4 15 160
================================================================================
SM 699 -180 1620 0 0.24 4.0 194.5 M 112
================================================================================
AV 24.1 -6.2 6.7 FASTST M M 4 MAX(MPH)
MISC ----> # 26 290 # 38 290
================================================================================
NOTES:
# LAST OF SEVERAL OCCURRENCES
COLUMN 17 PEAK WIND IN M.P.H.
PRELIMINARY LOCAL CLIMATOLOGICAL DATA (WS FORM: F-6) , PAGE 2
STATION: INTERNATIONAL FALLS
MONTH: FEBRUARY
YEAR: 2020
LATITUDE: 48 34 N
LONGITUDE: 93 23 W
[TEMPERATURE DATA] [PRECIPITATION DATA] SYMBOLS USED IN COLUMN 16
AVERAGE MONTHLY: 9.0 TOTAL FOR MONTH: 0.24 1 = FOG OR MIST
DPTR FM NORMAL: -1.4 DPTR FM NORMAL: -0.33 2 = FOG REDUCING VISIBILITY
HIGHEST: 49 ON 22 GRTST 24HR 0.05 ON 12-12 TO 1/4 MILE OR LESS
LOWEST: -29 ON 13 3 = THUNDER
SNOW, ICE PELLETS, HAIL 4 = ICE PELLETS
TOTAL MONTH: 4.0 INCHES 5 = HAIL
GRTST 24HR 1.0 ON 12-12 6 = FREEZING RAIN OR DRIZZLE
GRTST DEPTH: 21 ON 15,14 7 = DUSTSTORM OR SANDSTORM:
VSBY 1/2 MILE OR LESS
8 = SMOKE OR HAZE
[NO. OF DAYS WITH] [WEATHER - DAYS WITH] 9 = BLOWING SNOW
X = TORNADO
MAX 32 OR BELOW: 22 0.01 INCH OR MORE: 9
MAX 90 OR ABOVE: 0 0.10 INCH OR MORE: 0
MIN 32 OR BELOW: 29 0.50 INCH OR MORE: 0
MIN 0 OR BELOW: 19 1.00 INCH OR MORE: 0
[HDD (BASE 65) ]
TOTAL THIS MO. 1620 CLEAR (SCALE 0-3) 14
DPTR FM NORMAL 90 PTCLDY (SCALE 4-7) 13
TOTAL FM JUL 1 7259 CLOUDY (SCALE 8-10) 2
DPTR FM NORMAL -373
[CDD (BASE 65) ]
TOTAL THIS MO. 0
DPTR FM NORMAL 0 [PRESSURE DATA]
TOTAL FM JAN 1 0 HIGHEST SLP 30.75 ON 19
DPTR FM NORMAL 0 LOWEST SLP 29.22 ON 2
[REMARKS]
#FINAL-02-20#