000
CXUS56 KFGZ 010910
CF6INW
PRELIMINARY LOCAL CLIMATOLOGICAL DATA (WS FORM: F-6)
STATION: WINSLOW AZ AIRPORT
MONTH: AUGUST
YEAR: 2022
LATITUDE: 35 1 N
LONGITUDE: 110 44 W
TEMPERATURE IN F: :PCPN: SNOW: WIND :SUNSHINE: SKY :PK WND
================================================================================
1 2 3 4 5 6A 6B 7 8 9 10 11 12 13 14 15 16 17 18
12Z AVG MX 2MIN
DY MAX MIN AVG DEP HDD CDD WTR SNW DPTH SPD SPD DIR MIN PSBL S-S WX SPD DR
================================================================================
1 92 64 78 -1 0 13 T M M 6.1 22 290 M M 1 3 27 290
2 96 65 81 2 0 16 0.00 M M 7.5 20 270 M M 1 25 270
3 98 67 83 4 0 18 T M M 8.3 22 120 M M 1 28 110
4 95 72 84 5 0 19 T M M 11.5 21 210 M M 2 26 200
5 93 64 79 1 0 14 0.00 M M 7.1 20 230 M M 1 23 230
6 97 64 81 3 0 16 0.00 M M 7.8 24 140 M M 0 31 120
7 92 68 80 2 0 15 0.52 M M 9.5 31 190 M M 4 3 37 210
8 91 64 78 0 0 13 0.03 M M 7.0 33 70 M M 2 38 41 80
9 92 66 79 1 0 14 0.04 M M 6.7 26 120 M M 2 3 32 110
10 91 67 79 1 0 14 0.00 M M 9.1 39 210 M M 0 38 49 210
11 92 66 79 1 0 14 0.06 M M 7.3 26 100 M M 3 32 110
12 89 67 78 0 0 13 T M M 8.6 33 260 M M 3 3 40 260
13 89 62 76 -2 0 11 T M M 4.5 16 330 M M 2 20 360
14 85 68 77 -1 0 12 0.00 M M 7.0 26 270 M M 3 33 270
15 89 68 79 2 0 14 0.13 M M 5.6 21 310 M M 5 3 27 310
16 90 60 75 -2 0 10 T M M 5.3 18 270 M M 2 3 22 290
17 91 65 78 1 0 13 T M M 6.6 20 290 M M 2 3 31 270
18 92 65 79 2 0 14 0.61 M M 5.1 26 330 M M 3 13 33 340
19 79 66 73 -4 0 8 0.27 M M 7.2 20 150 M M 8 13 24 150
20 83 62 73 -4 0 8 0.06 M M 3.6 21 110 M M 4 3 26 110
21 86 62 74 -3 0 9 0.01 M M 5.7 17 100 M M 1 3 21 100
22 92 61 77 1 0 12 0.00 M M 5.0 15 320 M M 0 3 19 340
23 90 63 77 1 0 12 0.04 M M 6.0 28 100 M M 1 3 35 100
24 90 63 77 1 0 12 0.01 M M 7.4 29 270 M M 2 8 33 270
25 82 65 74 -2 0 9 T 0.0 0 4.7 20 280 M M 4 3 24 280
26 86 61 74 -2 0 9 T M M 4.6 24 310 M M 2 3 30 310
27 89 59 74 -2 0 9 T M M 6.2 26 290 M M 1 32 290
28 89 61 75 0 0 10 0.00 M M 7.5 23 250 M M 0 28 230
29 94 58 76 1 0 11 0.00 M M 5.4 13 90 M M 0 17 90
30 95 58 77 2 0 12 0.00 M M 4.8 13 100 M M 1 M M
31 95 63 79 4 0 14 0.01 M M 8.5 37 60 M M 1 8 44 70
================================================================================
SM 2804 1984 0 388 1.79 0.0 207.2 M 62
================================================================================
AV 90.5 64.0 6.7 FASTST M M 2 MAX(MPH)
MISC ----> 39 210 49 210
================================================================================
NOTES:
# LAST OF SEVERAL OCCURRENCES
COLUMN 17 PEAK WIND IN M.P.H.
PRELIMINARY LOCAL CLIMATOLOGICAL DATA (WS FORM: F-6) , PAGE 2
STATION: WINSLOW AZ AIRPORT
MONTH: AUGUST
YEAR: 2022
LATITUDE: 35 1 N
LONGITUDE: 110 44 W
[TEMPERATURE DATA] [PRECIPITATION DATA] SYMBOLS USED IN COLUMN 16
AVERAGE MONTHLY: 77.2 TOTAL FOR MONTH: 1.79 1 = FOG OR MIST
DPTR FM NORMAL: 0.1 DPTR FM NORMAL: 0.63 2 = FOG REDUCING VISIBILITY
HIGHEST: 98 ON 3 GRTST 24HR 0.68 ON 18-19 TO 1/4 MILE OR LESS
LOWEST: 58 ON 30,29 3 = THUNDER
SNOW, ICE PELLETS, HAIL 4 = ICE PELLETS
TOTAL MONTH: 0.0 INCH 5 = HAIL
GRTST 24HR 0.0 6 = FREEZING RAIN OR DRIZZLE
GRTST DEPTH: 0 7 = DUSTSTORM OR SANDSTORM:
VSBY 1/2 MILE OR LESS
8 = SMOKE OR HAZE
[NO. OF DAYS WITH] [WEATHER - DAYS WITH] 9 = BLOWING SNOW
X = TORNADO
MAX 32 OR BELOW: 0 0.01 INCH OR MORE: 12
MAX 90 OR ABOVE: 20 0.10 INCH OR MORE: 4
MIN 32 OR BELOW: 0 0.50 INCH OR MORE: 2
MIN 0 OR BELOW: 0 1.00 INCH OR MORE: 0
[HDD (BASE 65) ]
TOTAL THIS MO. 0 CLEAR (SCALE 0-3) 26
DPTR FM NORMAL 0 PTCLDY (SCALE 4-7) 5
TOTAL FM JUL 1 0 CLOUDY (SCALE 8-10) 0
DPTR FM NORMAL 0
[CDD (BASE 65) ]
TOTAL THIS MO. 388
DPTR FM NORMAL 13 [PRESSURE DATA]
TOTAL FM JAN 1 1331 HIGHEST SLP M ON M
DPTR FM NORMAL 177 LOWEST SLP 29.75 ON 3
[REMARKS]
#FINAL-08-22#