000
CXUS55 KFGZ 012315
CLMINW
CLIMATE REPORT
NATIONAL WEATHER SERVICE FLAGSTAFF AZ
415 PM MST THU JUN 01 2023
...................................
...THE WINSLOW AZ AIRPORT CLIMATE SUMMARY FOR THE MONTH OF MAY 2023...
CLIMATE NORMAL PERIOD 1991 TO 2020
CLIMATE RECORD PERIOD 1915 TO 2023
WEATHER OBSERVED NORMAL DEPART LAST YEAR`S
VALUE DATE(S) VALUE FROM VALUE DATE(S)
NORMAL
................................................................
TEMPERATURE (F)
RECORD
HIGH 101 05/31/2002
05/26/1951
LOW 23 05/08/1964
05/02/1929
HIGHEST 89 96 05/15
05/26
LOWEST 33 29 05/12
AVG. MAXIMUM 82.3 81.2 1.1 85.5
AVG. MINIMUM 46.1 46.2 -0.1 46.3
MEAN 64.2 63.7 0.5 65.9
DAYS MAX >= 90 0 4.6 -4.6 9
DAYS MAX <= 32 0 0.0 0.0 0
DAYS MIN <= 32 0 0.9 -0.9 1
DAYS MIN <= 0 0 0.0 0.0 0
PRECIPITATION (INCHES)
RECORD
MAXIMUM 2.11 1992
MINIMUM 0.00 2022
TOTALS 0.06 0.30 -0.24 0.00
DAILY AVG. 0.00 0.01 -0.01 0.00
DAYS >= .01 4 2.7 1.3 0
DAYS >= .10 0 1.1 -1.1 0
DAYS >= .50 0 0.0 0.0 0
DAYS >= 1.00 0 0.0 0.0 0
GREATEST
24 HR. TOTAL 0.02 05/19 TO 05/19 0.00
05/17 TO 05/17
DEGREE DAYS
HEATING TOTAL 59 106 -47 56
SINCE 7/1 4452 4321 131 MM
COOLING TOTAL 41 66 -25 91
SINCE 1/1 41 70 -29 MM
................................................................
WIND (MPH)
AVERAGE WIND SPEED 9.3
HIGHEST WIND SPEED/DIRECTION 36/260 DATE 05/10
HIGHEST GUST SPEED/DIRECTION 45/200 DATE 05/01
45/270 05/17
SKY COVER
POSSIBLE SUNSHINE (PERCENT) MM
AVERAGE SKY COVER 0.09
NUMBER OF DAYS FAIR 30
NUMBER OF DAYS PC 1
NUMBER OF DAYS CLOUDY 0
AVERAGE RH (PERCENT) 34
WEATHER CONDITIONS. NUMBER OF DAYS WITH
THUNDERSTORM 6 MIXED PRECIP 0
HEAVY RAIN 0 RAIN 0
LIGHT RAIN 5 FREEZING RAIN 0
LT FREEZING RAIN 0 HAIL 0
HEAVY SNOW 0 SNOW 0
LIGHT SNOW 0 SLEET 0
FOG 0 FOG W/VIS <= 1/4 MILE 0
HAZE 1
- INDICATES NEGATIVE NUMBERS.
R INDICATES RECORD WAS SET OR TIED.
MM INDICATES DATA IS MISSING.
T INDICATES TRACE AMOUNT.
$$