000
CXUS55 KFGZ 011317
CLMINW
CLIMATE REPORT
NATIONAL WEATHER SERVICE FLAGSTAFF AZ
617 AM MST FRI MAR 01 2024
...................................
...THE WINSLOW AZ AIRPORT CLIMATE SUMMARY FOR THE MONTH OF FEBRUARY 2024...
CLIMATE NORMAL PERIOD 1991 TO 2020
CLIMATE RECORD PERIOD 1915 TO 2024
WEATHER OBSERVED NORMAL DEPART LAST YEAR`S
VALUE DATE(S) VALUE FROM VALUE DATE(S)
NORMAL
................................................................
TEMPERATURE (F)
RECORD
HIGH 79 02/10/2017
LOW -9 02/02/1922
HIGHEST 72 68 02/05
LOWEST 18 9 02/16
02/17
AVG. MAXIMUM 59.0 56.2 2.8 51.8
AVG. MINIMUM 29.1 25.9 3.2 21.3
MEAN 44.0 41.0 3.0 36.5
DAYS MAX >= 90 0 0.0 0.0 0
DAYS MAX <= 32 0 0.2 -0.2 0
DAYS MIN <= 32 19 22.8 -3.8 28
DAYS MIN <= 0 0 0.0 0.0 0
PRECIPITATION (INCHES)
RECORD
MAXIMUM 2.05 1973
MINIMUM 0.00 2006
TOTALS 0.14 0.42 -0.28 0.26
DAILY AVG. 0.00 0.02 -0.02 0.01
DAYS >= .01 4 4.2 -0.2 3
DAYS >= .10 0 1.4 -1.4 1
DAYS >= .50 0 0.1 -0.1 0
DAYS >= 1.00 0 0.0 0.0 0
GREATEST
24 HR. TOTAL 0.09 02/08 TO 02/08 0.17
DEGREE DAYS
HEATING TOTAL 603 671 -68 790
SINCE 7/1 3021 3430 -409 MM
COOLING TOTAL 0 0 0 0
SINCE 1/1 0 0 0 MM
................................................................
WIND (MPH)
AVERAGE WIND SPEED 9.0
HIGHEST WIND SPEED/DIRECTION 40/200 DATE 02/06
40/200 02/08
HIGHEST GUST SPEED/DIRECTION 53/190 DATE 02/06
53/210 02/08
SKY COVER
POSSIBLE SUNSHINE (PERCENT) MM
AVERAGE SKY COVER 0.16
NUMBER OF DAYS FAIR 25
NUMBER OF DAYS PC 3
NUMBER OF DAYS CLOUDY 1
AVERAGE RH (PERCENT) 49
WEATHER CONDITIONS. NUMBER OF DAYS WITH
THUNDERSTORM 0 MIXED PRECIP 0
HEAVY RAIN 0 RAIN 0
LIGHT RAIN 6 FREEZING RAIN 0
LT FREEZING RAIN 0 HAIL 0
HEAVY SNOW 1 SNOW 1
LIGHT SNOW 3 SLEET 0
FOG 1 FOG W/VIS <= 1/4 MILE 1
HAZE 1
- INDICATES NEGATIVE NUMBERS.
R INDICATES RECORD WAS SET OR TIED.
MM INDICATES DATA IS MISSING.
T INDICATES TRACE AMOUNT.
$$