000
CXUS53 KEAX 010736
CF6IRK
PRELIMINARY LOCAL CLIMATOLOGICAL DATA (WS FORM: F-6)
STATION: KIRKSVILLE MO
MONTH: MAY
YEAR: 2023
LATITUDE: 40 5 N
LONGITUDE: 92 33 W
TEMPERATURE IN F: :PCPN: SNOW: WIND :SUNSHINE: SKY :PK WND
================================================================================
1 2 3 4 5 6A 6B 7 8 9 10 11 12 13 14 15 16 17 18
12Z AVG MX 2MIN
DY MAX MIN AVG DEP HDD CDD WTR SNW DPTH SPD SPD DIR MIN PSBL S-S WX SPD DR
================================================================================
1 62 43 53 -4 12 0 0.00 M M 15.0 30 310 M M 1 45 300
2 64 39 52 -5 13 0 0.00 M M 13.4 29 300 M M 0 46 280
3 69 30 50 -8 15 0 0.00 M M 4.4 15 10 M M 0 21 360
4 77 41 59 1 6 0 0.00 M M 7.6 15 180 M M 0 23 170
5 72 44 58 0 7 0 0.00 M M 10.5 21 140 M M 5 28 140
6 80 59 70 11 0 5 0.57 M M 11.4 23 150 M M 7 13 31 160
7 89 60 75 16 0 10 0.00 M M 9.9 26 80 M M 2 123 38 80
8 78 57 68 9 0 3 0.60 M M 6.4 18 320 M M 3 13 30 340
9 74 53 64 4 1 0 0.00 M M 8.5 16 110 M M 3 12 25 120
10 81 58 70 10 0 5 0.00 M M 10.1 17 130 M M 1 28 140
11 75 60 68 8 0 3 0.25 M M 8.6 18 100 M M 5 1 26 100
12 78 66 72 11 0 7 0.00 M M 7.8 13 140 M M 8 18 130
13 82 63 73 12 0 8 0.09 M M 6.1 13 110 M M 3 13 17 150
14 82 57 70 9 0 5 0.02 M M 8.1 21 40 M M 6 123 27 40
15 62 53 58 -4 7 0 0.15 M M 8.1 14 50 M M 10 1 19 50
16 74 56 65 3 0 0 T M M 6.2 12 340 M M 6 17 310
17 78 52 65 3 0 0 0.00 M M 5.1 9 60 M M 0 13 80
18 80 52 66 3 0 1 0.00 M M 5.8 14 210 M M 2 20 180
19 65 48 57 -6 8 0 0.00 M M 9.0 18 340 M M 4 8 27 330
20 70 43 57 -6 8 0 0.00 M M 5.4 14 350 M M 0 1 20 340
21 76 43 60 -4 5 0 0.00 M M 2.3 12 180 M M 0 1 15 180
22 78 50 64 0 1 0 0.00 M M 5.9 15 180 M M 0 21 170
23 81 48 65 1 0 0 0.00 M M 4.5 15 160 M M 0 22 170
24 84 55 70 5 0 5 0.00 M M 6.5 16 130 M M 3 8 23 150
25 79 57 68 3 0 3 0.00 M M 9.3 15 80 M M 0 25 70
26 75 44 60 -6 5 0 0.00 M M 7.3 16 80 M M 0 23 100
27 79 44 62 -4 3 0 0.00 M M 5.8 14 110 M M 0 21 80
28 81 46 64 -2 1 0 0.00 M M 4.5 14 120 M M 0 23 110
29 83 49 66 -1 0 1 0.00 M M 4.7 12 180 M M 0 17 160
30 87 56 72 5 0 7 0.00 M M 5.8 13 210 M M 1 18 200
31 85 58 72 5 0 7 T M M 6.6 17 180 M M 3 25 180
================================================================================
SM 2380 1584 92 70 1.68 M 230.6 M 73
================================================================================
AV 76.8 51.1 7.4 FASTST M M 2 MAX(MPH)
MISC ----> 30 310 46 280
================================================================================
NOTES:
# LAST OF SEVERAL OCCURRENCES
COLUMN 17 PEAK WIND IN M.P.H.
PRELIMINARY LOCAL CLIMATOLOGICAL DATA (WS FORM: F-6) , PAGE 2
STATION: KIRKSVILLE MO
MONTH: MAY
YEAR: 2023
LATITUDE: 40 5 N
LONGITUDE: 92 33 W
[TEMPERATURE DATA] [PRECIPITATION DATA] SYMBOLS USED IN COLUMN 16
AVERAGE MONTHLY: 63.9 TOTAL FOR MONTH: 1.68 1 = FOG OR MIST
DPTR FM NORMAL: 1.8 DPTR FM NORMAL: -3.34 2 = FOG REDUCING VISIBILITY
HIGHEST: 89 ON 7 GRTST 24HR 0.60 ON 8- 8 TO 1/4 MILE OR LESS
LOWEST: 30 ON 3 3 = THUNDER
SNOW, ICE PELLETS, HAIL 4 = ICE PELLETS
TOTAL MONTH: M 5 = HAIL
GRTST 24HR M ON M 6 = FREEZING RAIN OR DRIZZLE
GRTST DEPTH: M ON M 7 = DUSTSTORM OR SANDSTORM:
VSBY 1/2 MILE OR LESS
8 = SMOKE OR HAZE
[NO. OF DAYS WITH] [WEATHER - DAYS WITH] 9 = BLOWING SNOW
X = TORNADO
MAX 32 OR BELOW: 0 0.01 INCH OR MORE: 6
MAX 90 OR ABOVE: 0 0.10 INCH OR MORE: 4
MIN 32 OR BELOW: 1 0.50 INCH OR MORE: 2
MIN 0 OR BELOW: 0 1.00 INCH OR MORE: 0
[HDD (BASE 65) ]
TOTAL THIS MO. 92 CLEAR (SCALE 0-3) 21
DPTR FM NORMAL -64 PTCLDY (SCALE 4-7) 9
TOTAL FM JUL 1 5410 CLOUDY (SCALE 8-10) 1
DPTR FM NORMAL -320
[CDD (BASE 65) ]
TOTAL THIS MO. 70
DPTR FM NORMAL 6 [PRESSURE DATA]
TOTAL FM JAN 1 71 HIGHEST SLP M ON M
DPTR FM NORMAL -3 LOWEST SLP 29.71 ON 7
[REMARKS]
#FINAL-05-23#