000
CXUS53 KEAX 010736
CF6IRK
PRELIMINARY LOCAL CLIMATOLOGICAL DATA (WS FORM: F-6)
STATION: KIRKSVILLE MO
MONTH: JUNE
YEAR: 2021
LATITUDE: 40 5 N
LONGITUDE: 92 33 W
TEMPERATURE IN F: :PCPN: SNOW: WIND :SUNSHINE: SKY :PK WND
================================================================================
1 2 3 4 5 6A 6B 7 8 9 10 11 12 13 14 15 16 17 18
12Z AVG MX 2MIN
DY MAX MIN AVG DEP HDD CDD WTR SNW DPTH SPD SPD DIR MIN PSBL S-S WX SPD DR
================================================================================
1 73 52 63 -5 2 0 0.00 M M 3.6 13 90 M M 9 12 17 140
2 77 51 64 -4 1 0 0.00 M M 3.8 12 10 M M 4 12 17 20
3 83 52 68 0 0 3 0.00 M M 4.4 9 270 M M 0 1 14 270
4 84 55 70 1 0 5 0.00 M M 7.2 15 190 M M 1 22 190
5 86 65 76 7 0 11 0.00 M M 8.0 16 180 M M 1 23 200
6 84 63 74 5 0 9 0.00 M M 8.5 18 170 M M 3 26 170
7 87 66 77 7 0 12 0.28 M M 5.7 20 100 M M 3 13 26 110
8 86 65 76 6 0 11 T M M 5.8 12 100 M M 3 12 M M
9 89 63 76 6 0 11 0.00 M M 2.8 12 50 M M 2 12 17 40
10 93 65 79 9 0 14 0.00 M M 1.7 8 70 M M 1 1 11 70
11 92 67 80 9 0 15 0.00 M M 4.7 16 340 M M 1 1 21 340
12 88 61 75 4 0 10 0.00 M M 8.2 17 350 M M 2 22 340
13 89 59 74 3 0 9 0.00 M M 4.9 12 30 M M 0 16 10
14 90 62 76 4 0 11 0.00 M M 6.7 12 20 M M 0 17 350
15 89 55 72 0 0 7 0.00 M M 3.4 14 10 M M 0 8 19 10
16 89 61 75 3 0 10 0.00 M M 6.5 13 100 M M 1 3 18 140
17 92 67 80 8 0 15 0.00 M M 7.0 14 200 M M 0 22 200
18 95 75 85 13 0 20 0.00 M M 8.0 18 180 M M 1 24 260
19 94 69 82 9 0 17 0.51 M M 7.2 23 90 M M 3 138 31 100
20 86 67 77 4 0 12 1.09 M M 8.7 51 310 M M 3 138 76 290
21 73 49 61 -12 4 0 0.00 M M 10.1 21 340 M M 1 33 320
22 81 46 64 -9 1 0 0.00 M M 9.0 18 190 M M 1 27 210
23 83 65 74 0 0 9 0.00 M M 13.9 22 180 M M 2 32 180
24 84 69 77 3 0 12 0.99 M M 11.5 26 140 M M 6 13 36 140
25 83 68 76 2 0 11 1.19 M M 8.2 23 230 M M 8 13 38 220
26 80 68 74 0 0 9 0.65 M M 8.3 16 220 M M 7 1 24 200
27 79 65 72 -2 0 7 0.00 M M 2.5 9 310 M M 5 1 13 310
28 80 69 75 1 0 10 0.91 M M 3.5 12 340 M M 7 1 16 340
29 79 70 75 1 0 10 0.92 M M 5.2 13 200 M M 6 138 19 200
30 80 70 75 1 0 10 0.35 M M 2.9 10 190 M M 9 1 14 230
================================================================================
SM 2548 1879 8 280 6.89 M 191.9 M 90
================================================================================
AV 84.9 62.6 6.4 FASTST M M 3 MAX(MPH)
MISC ----> 51 310 76 290
================================================================================
NOTES:
# LAST OF SEVERAL OCCURRENCES
COLUMN 17 PEAK WIND IN M.P.H.
PRELIMINARY LOCAL CLIMATOLOGICAL DATA (WS FORM: F-6) , PAGE 2
STATION: KIRKSVILLE MO
MONTH: JUNE
YEAR: 2021
LATITUDE: 40 5 N
LONGITUDE: 92 33 W
[TEMPERATURE DATA] [PRECIPITATION DATA] SYMBOLS USED IN COLUMN 16
AVERAGE MONTHLY: 73.8 TOTAL FOR MONTH: 6.89 1 = FOG OR MIST
DPTR FM NORMAL: 2.2 DPTR FM NORMAL: 1.82 2 = FOG REDUCING VISIBILITY
HIGHEST: 95 ON 18 GRTST 24HR 1.86 ON 24-25 TO 1/4 MILE OR LESS
LOWEST: 46 ON 22 3 = THUNDER
SNOW, ICE PELLETS, HAIL 4 = ICE PELLETS
TOTAL MONTH: M 5 = HAIL
GRTST 24HR M ON M 6 = FREEZING RAIN OR DRIZZLE
GRTST DEPTH: M ON M 7 = DUSTSTORM OR SANDSTORM:
VSBY 1/2 MILE OR LESS
8 = SMOKE OR HAZE
[NO. OF DAYS WITH] [WEATHER - DAYS WITH] 9 = BLOWING SNOW
X = TORNADO
MAX 32 OR BELOW: 0 0.01 INCH OR MORE: 9
MAX 90 OR ABOVE: 6 0.10 INCH OR MORE: 9
MIN 32 OR BELOW: 0 0.50 INCH OR MORE: 7
MIN 0 OR BELOW: 0 1.00 INCH OR MORE: 2
[HDD (BASE 65) ]
TOTAL THIS MO. 8 CLEAR (SCALE 0-3) 18
DPTR FM NORMAL -8 PTCLDY (SCALE 4-7) 10
TOTAL FM JUL 1 5668 CLOUDY (SCALE 8-10) 2
DPTR FM NORMAL -74
[CDD (BASE 65) ]
TOTAL THIS MO. 280
DPTR FM NORMAL 66 [PRESSURE DATA]
TOTAL FM JAN 1 357 HIGHEST SLP M ON M
DPTR FM NORMAL 69 LOWEST SLP 29.52 ON 20
[REMARKS]
#FINAL-06-21#