952
CXUS53 KEAX 010745
CLSIRK
CLIMATE REPORT
NATIONAL WEATHER SERVICE
142 AM CST TUE DEC 01 2020
...................................
...THE KIRKSVILLE MO CLIMATE SUMMARY FOR THE SEASON, FROM
9/1/2020 TO 11/30/2020...
CLIMATE NORMAL PERIOD: 1981 TO 2010
CLIMATE RECORD PERIOD: 9999 TO 9999
WEATHER OBSERVED NORMAL DEPART LAST YEAR`S
VALUE DATE(S) VALUE FROM VALUE DATE(S)
NORMAL
................................................................
TEMPERATURE (F)
HIGHEST 89 09/05 89 0 94 09/16
LOWEST 14 11/30 14 0 2 11/12
AVG. MAXIMUM 65.0 63.3 1.7 64.1
AVG. MINIMUM 42.4 42.1 0.3 43.2
MEAN 53.7 52.7 1.0 53.6
DAYS MAX >= 90 0 1.7 -1.7 10
DAYS MAX <= 32 0 1.9 -1.9 2
DAYS MIN <= 32 22 21.1 0.9 31
DAYS MIN <= 0 0 0.0 0.0 0
PRECIPITATION (INCHES)
TOTALS 6.70R 10.15 -3.45 15.90
DAILY AVG. 0.07 0.11 -0.04 0.18
DAYS >= .01 21 27.6 -6.6 27
DAYS >= .10 15 14.4 0.6 14
DAYS >= .50 6 6.0 0.0 7
DAYS >= 1.00 1 2.6 -1.6 4
GREATEST
24 HR. TOTAL 1.36
DEGREE DAYS
HEATING TOTAL 1091 1214 -123 1299
COOLING TOTAL 94 95 -1 285
................................................................
WIND (MPH)
AVERAGE WIND SPEED 8.7
HIGHEST WIND SPEED/DIRECTION 32/070 DATE 09/07
HIGHEST GUST SPEED/DIRECTION 45/200 DATE 09/06
SKY COVER
POSSIBLE SUNSHINE (PERCENT) MM
AVERAGE SKY COVER 0.34
NUMBER OF DAYS FAIR 58
NUMBER OF DAYS PC 15
NUMBER OF DAYS CLOUDY 18
AVERAGE RH (PERCENT) 70
WEATHER CONDITIONS. NUMBER OF DAYS WITH
THUNDERSTORM 7 MIXED PRECIP 0
HEAVY RAIN 7 RAIN 12
LIGHT RAIN 19 FREEZING RAIN 0
LT FREEZING RAIN 0 HAIL 0
HEAVY SNOW 0 SNOW 1
LIGHT SNOW 4 SLEET 0
FOG 33 FOG W/VIS <= 1/4 MILE 12
HAZE 8
- INDICATES NEGATIVE NUMBERS.
R INDICATES RECORD WAS SET OR TIED.
MM INDICATES DATA IS MISSING.
T INDICATES TRACE AMOUNT.
$$