000
CXUS52 TJSJ 021032
CF6ISX
PRELIMINARY LOCAL CLIMATOLOGICAL DATA (WS FORM: F-6)
STATION: HENRY E. ROHLSEN AP/ST CROIX
MONTH: FEBRUARY
YEAR: 2021
LATITUDE: 17 42 N
LONGITUDE: 64 48 W
TEMPERATURE IN F: :PCPN: SNOW: WIND :SUNSHINE: SKY :PK WND
================================================================================
1 2 3 4 5 6A 6B 7 8 9 10 11 12 13 14 15 16 17 18
12Z AVG MX 2MIN
DY MAX MIN AVG DEP HDD CDD WTR SNW DPTH SPD SPD DIR MIN PSBL S-S WX SPD DR
================================================================================
1 86 77 82 4 0 17 0.00 M M 15.5 23 100 M M 2 28 90
2 86 77 82 4 0 17 0.00 M M 11.3 16 120 M M 3 20 110
3 85 72 79 1 0 14 T M M 8.2 16 80 M M 5 19 90
4 85 76 81 3 0 16 T M M 10.6 16 120 M M 5 20 110
5 86 75 81 3 0 16 T M M 12.0 21 100 M M 3 26 100
6 86 75 81 3 0 16 0.00 M M 12.8 23 90 M M 2 29 100
7 86 74 80 2 0 15 T M M 14.4 24 100 M M 3 31 100
8 86 74 80 2 0 15 T M M 13.4 24 90 M M 3 29 100
9 83 75 79 1 0 14 0.08 M M 12.4 22 70 M M 3 18 32 70
10 86 74 80 2 0 15 0.09 M M 13.2 24 100 M M 4 1 30 110
11 86 70 78 0 0 13 0.08 M M 12.1 23 90 M M 3 1 29 90
12 86 75 81 3 0 16 T M M 14.6 24 100 M M 4 8 30 100
13 86 75 81 3 0 16 0.06 M M 16.1 28 100 M M 4 18 35 90
14 87 74 81 3 0 16 T M M 15.8 28 90 M M 4 35 90
15 86 76 81 3 0 16 0.00 M M 16.7 29 90 M M 3 36 100
16 86 74 80 2 0 15 T M M 15.8 28 90 M M 4 34 80
17 84 74 79 1 0 14 0.27 M M 15.1 30 90 M M 6 18 35 90
18 86 75 81 3 0 16 T M M 17.4 31 90 M M 5 38 70
19 87 74 81 3 0 16 0.00 M M 15.1 26 90 M M 3 34 80
20 86 71 79 1 0 14 T M M 11.5 23 100 M M 3 29 100
21 85 71 78 0 0 13 0.04 M M 11.4 22 100 M M 5 26 100
22 85 75 80 2 0 15 T M M 14.8 26 100 M M 3 31 100
23 86 74 80 2 0 15 T M M 15.3 24 90 M M 4 30 100
24 86 72 79 1 0 14 0.13 M M 13.8 26 100 M M 3 1 34 80
25 87 74 81 3 0 16 0.00 M M 16.3 28 100 M M 2 34 110
26 85 75 80 2 0 15 T M M 16.1 26 70 M M 4 33 70
27 85 73 79 1 0 14 0.08 M M 16.1 29 70 M M 4 1 36 70
28 85 75 80 2 0 15 0.05 M M 17.3 29 60 M M 3 1 36 60
================================================================================
SM 2399 2076 0 424 0.88 M 395.1 M 100
================================================================================
AV 85.7 74.1 14.1 FASTST M M 4 MAX(MPH)
MISC ----> 31 90 38 70
================================================================================
NOTES:
# LAST OF SEVERAL OCCURRENCES
COLUMN 17 PEAK WIND IN M.P.H.
PRELIMINARY LOCAL CLIMATOLOGICAL DATA (WS FORM: F-6) , PAGE 2
STATION: HENRY E. ROHLSEN AP/ST CROIX
MONTH: FEBRUARY
YEAR: 2021
LATITUDE: 17 42 N
LONGITUDE: 64 48 W
[TEMPERATURE DATA] [PRECIPITATION DATA] SYMBOLS USED IN COLUMN 16
AVERAGE MONTHLY: 79.9 TOTAL FOR MONTH: 0.88 1 = FOG OR MIST
DPTR FM NORMAL: 1.7 DPTR FM NORMAL: -0.77 2 = FOG REDUCING VISIBILITY
HIGHEST: 87 ON 25,19 GRTST 24HR 0.27 ON 17-17 TO 1/4 MILE OR LESS
LOWEST: 70 ON 11 3 = THUNDER
SNOW, ICE PELLETS, HAIL 4 = ICE PELLETS
TOTAL MONTH: M 5 = HAIL
GRTST 24HR M ON M 6 = FREEZING RAIN OR DRIZZLE
GRTST DEPTH: M ON M 7 = DUSTSTORM OR SANDSTORM:
VSBY 1/2 MILE OR LESS
8 = SMOKE OR HAZE
[NO. OF DAYS WITH] [WEATHER - DAYS WITH] 9 = BLOWING SNOW
X = TORNADO
MAX 32 OR BELOW: 0 0.01 INCH OR MORE: 9
MAX 90 OR ABOVE: 0 0.10 INCH OR MORE: 2
MIN 32 OR BELOW: 0 0.50 INCH OR MORE: 0
MIN 0 OR BELOW: 0 1.00 INCH OR MORE: 0
[HDD (BASE 65) ]
TOTAL THIS MO. 0 CLEAR (SCALE 0-3) 10
DPTR FM NORMAL 0 PTCLDY (SCALE 4-7) 18
TOTAL FM JUL 1 0 CLOUDY (SCALE 8-10) 0
DPTR FM NORMAL 0
[CDD (BASE 65) ]
TOTAL THIS MO. 424
DPTR FM NORMAL 56 [PRESSURE DATA]
TOTAL FM JAN 1 844 HIGHEST SLP 30.14 ON 24
DPTR FM NORMAL 71 LOWEST SLP 29.93 ON 2
[REMARKS]
#FINAL-02-21#