000
CXUS55 KRIW 011010
CF6JAC
PRELIMINARY LOCAL CLIMATOLOGICAL DATA (WS FORM: F-6)
STATION: JACKSON WY
MONTH: OCTOBER
YEAR: 2022
LATITUDE: 43 35 N
LONGITUDE: 110 44 W
TEMPERATURE IN F: :PCPN: SNOW: WIND :SUNSHINE: SKY :PK WND
================================================================================
1 2 3 4 5 6A 6B 7 8 9 10 11 12 13 14 15 16 17 18
12Z AVG MX 2MIN
DY MAX MIN AVG DEP HDD CDD WTR SNW DPTH SPD SPD DIR MIN PSBL S-S WX SPD DR
================================================================================
1 52 33 43 -3 22 0 M M M 3.5 14 240 M M 7 12 M M
2 59 34 47 2 18 0 0.00 M M 3.0 9 40 M M 8 12 M M
3 64 32 48 3 17 0 0.00 M M 5.2 12 10 M M 5 M M
4 66 31 49 5 16 0 0.00 M M 5.4 12 350 M M 1 1 21 350
5 69 29 49 5 16 0 0.00 M M 3.9 9 30 M M 0 M M
6 69 29 49 5 16 0 0.00 M M 4.8 14 20 M M 0 M M
7 69 33 51 8 14 0 0.00 M M 5.4 14 10 M M 2 M M
8 69 28 49 6 16 0 0.00 M M 3.3 14 20 M M 0 M M
9 70 28 49 7 16 0 0.00 M M 5.1 13 230 M M 0 M M
10 67 25 46 4 19 0 0.00 M M 6.8 17 220 M M 0 26 230
11 60 40 50 8 15 0 0.00 M M 9.0 23 300 M M 3 33 270
12 63 30 47 6 18 0 0.00 M M 9.3 21 290 M M 0 25 290
13 65 28 47 6 18 0 0.00 M M 4.4 10 10 M M 0 M M
14 67 24 46 5 19 0 0.00 M M 5.1 10 310 M M 0 M M
15 62 28 45 5 20 0 0.00 M M 9.0 17 10 M M 1 22 350
16 64 25 45 5 20 0 0.00 M M 6.2 15 10 M M 0 M M
17 69 24 47 7 18 0 0.00 M M 3.9 10 10 M M 0 M M
18 70 25 48 9 17 0 0.00 M M 4.0 9 20 M M 0 M M
19 70 24 47 8 18 0 0.00 M M 5.1 10 10 M M 0 M M
20 66 21 44 6 21 0 0.00 M M 5.4 14 250 M M 0 31 240
21 62 34 48 10 17 0 M M M 12.9 31 250 M M 6 50 260
22 51 32 42 4 23 0 M M M 10.9 20 250 M M 10 1 25 250
23 38 28 33 -4 32 0 M M M 6.8 15 290 M M 10 1 21 290
24 36 23 30 -7 35 0 M M M 10.8 18 200 M M 7 33 230
25 39 23 31 -5 34 0 M M M 9.8 18 190 M M 8 22 200
26 33 16 25 -11 40 0 T M M 4.4 13 190 M M 8 1 M M
27 37 17 27 -9 38 0 T M M 4.9 12 210 M M 2 1 M M
28 44 12 28 -7 37 0 0.00 M M 4.4 13 30 M M 3 M M
29 47 17 32 -3 33 0 0.00 M M 3.6 9 10 M M 1 M M
30 49 16 33 -1 32 0 0.00 M M 4.8 10 250 M M 0 M M
31 54 24 39 5 26 0 0.00 M M 5.2 14 250 M M 3 23 250
================================================================================
SM 1800 813 701 0 T M 186.2 M 85
================================================================================
AV 58.1 26.2 6.0 FASTST M M 3 MAX(MPH)
MISC ----> 31 250 50 260
================================================================================
NOTES:
# LAST OF SEVERAL OCCURRENCES
COLUMN 17 PEAK WIND IN M.P.H.
PRELIMINARY LOCAL CLIMATOLOGICAL DATA (WS FORM: F-6) , PAGE 2
STATION: JACKSON WY
MONTH: OCTOBER
YEAR: 2022
LATITUDE: 43 35 N
LONGITUDE: 110 44 W
[TEMPERATURE DATA] [PRECIPITATION DATA] SYMBOLS USED IN COLUMN 16
AVERAGE MONTHLY: 42.1 TOTAL FOR MONTH: T 1 = FOG OR MIST
DPTR FM NORMAL: 2.3 DPTR FM NORMAL: -1.47 2 = FOG REDUCING VISIBILITY
HIGHEST: 70 ON 19,18 GRTST 24HR 0.02 ON 25-26 TO 1/4 MILE OR LESS
LOWEST: 12 ON 28 3 = THUNDER
SNOW, ICE PELLETS, HAIL 4 = ICE PELLETS
TOTAL MONTH: M 5 = HAIL
GRTST 24HR M ON M 6 = FREEZING RAIN OR DRIZZLE
GRTST DEPTH: M ON M 7 = DUSTSTORM OR SANDSTORM:
VSBY 1/2 MILE OR LESS
8 = SMOKE OR HAZE
[NO. OF DAYS WITH] [WEATHER - DAYS WITH] 9 = BLOWING SNOW
X = TORNADO
MAX 32 OR BELOW: 0 0.01 INCH OR MORE: 0
MAX 90 OR ABOVE: 0 0.10 INCH OR MORE: 0
MIN 32 OR BELOW: 26 0.50 INCH OR MORE: 0
MIN 0 OR BELOW: 0 1.00 INCH OR MORE: 0
[HDD (BASE 65) ]
TOTAL THIS MO. 701 CLEAR (SCALE 0-3) 22
DPTR FM NORMAL -80 PTCLDY (SCALE 4-7) 7
TOTAL FM JUL 1 1065 CLOUDY (SCALE 8-10) 2
DPTR FM NORMAL -408
[CDD (BASE 65) ]
TOTAL THIS MO. 0
DPTR FM NORMAL 0 [PRESSURE DATA]
TOTAL FM JAN 1 56 HIGHEST SLP 30.64 ON 28
DPTR FM NORMAL 13 LOWEST SLP 29.37 ON 22
[REMARKS]
#FINAL-10-22#