000
CXUS55 KRIW 011110
CF6JAC
PRELIMINARY LOCAL CLIMATOLOGICAL DATA (WS FORM: F-6)
STATION: JACKSON WY
MONTH: NOVEMBER
YEAR: 2023
LATITUDE: 43 35 N
LONGITUDE: 110 44 W
TEMPERATURE IN F: :PCPN: SNOW: WIND :SUNSHINE: SKY :PK WND
================================================================================
1 2 3 4 5 6A 6B 7 8 9 10 11 12 13 14 15 16 17 18
12Z AVG MX 2MIN
DY MAX MIN AVG DEP HDD CDD WTR SNW DPTH SPD SPD DIR MIN PSBL S-S WX SPD DR
================================================================================
1 49 15 32 -2 33 0 0.00 M M 4.1 10 160 M M 1 M M
2 41 25 33 0 32 0 M M M 5.7 10 230 M M 10 1 20 220
3 48 36 42 10 23 0 0.00 M M 9.9 18 200 M M 10 23 200
4 55 25 40 8 25 0 0.00 M M 6.7 16 190 M M 5 16 260
5 51 37 44 12 21 0 M M M 10.2 24 240 M M 7 1 37 230
6 48 36 42 11 23 0 M M M 8.9 17 190 M M 9 1 28 190
7 42 30 36 5 29 0 M M M 8.0 21 190 M M 7 25 190
8 41 25 33 3 32 0 M M M 7.2 16 290 M M 4 23 270
9 41 15 28 -2 37 0 0.00 M M 6.6 14 200 M M 0 M M
10 41 14 28 -1 37 0 0.00 0.0 0 5.3 15 230 M M 4 23 230
11 42 27 35 6 30 0 M M M 10.1 17 180 M M 9 24 190
12 51 22 37 9 28 0 M M M 6.3 12 210 M M 0 M M
13 56 19 38 10 27 0 0.00 M M 6.1 14 200 M M 0 20 220
14 54 20 37 10 28 0 M M M 7.0 16 210 M M 1 21 200
15 56 23 40 14 25 0 0.00 M M 5.9 17 210 M M 1 27 210
16 52 31 42 16 23 0 0.00 M M 8.1 17 190 M M 4 24 260
17 50 20 35 10 30 0 0.00 M M 5.7 10 20 M M 0 M M
18 42 16 29 4 36 0 M M M 3.3 8 30 M M 3 M M
19 42 26 34 10 31 0 M M M 3.8 8 350 M M 8 M M
20 35 16 26 2 39 0 M M M 8.1 17 30 M M 8 M M
21 42 13 28 5 37 0 M M M 3.0 8 10 M M 0 M M
22 47 13 30 7 35 0 M M M 4.9 10 340 M M 2 M M
23 33 27 30 8 35 0 M M M 13.6 29 40 M M 10 1 44 30
24 31 20 26 4 39 0 0.00 M M 16.6 28 40 M M 9 44 30
25 34 5 20 -1 45 0 0.00 M M 4.6 10 30 M M 1 M M
26 27 1 14 -7 51 0 0.00 M M 3.7 9 30 M M 3 1 M M
27 31 5 18 -2 47 0 0.00 M M 2.7 10 20 M M 2 M M
28 35 4 20 0 45 0 M M M 3.3 8 30 M M 1 1 M M
29 32 1 17 -2 48 0 0.00 M M 3.9 9 20 M M 0 M M
30 29 7 18 -1 47 0 M M M 3.6 9 200 M M 8 M M
================================================================================
SM 1278 574 1018 0 0.00 0.0 196.9 M 127
================================================================================
AV 42.6 19.1 6.6 FASTST M M 4 MAX(MPH)
MISC ----> 29 40 # 44 30
================================================================================
NOTES:
# LAST OF SEVERAL OCCURRENCES
COLUMN 17 PEAK WIND IN M.P.H.
PRELIMINARY LOCAL CLIMATOLOGICAL DATA (WS FORM: F-6) , PAGE 2
STATION: JACKSON WY
MONTH: NOVEMBER
YEAR: 2023
LATITUDE: 43 35 N
LONGITUDE: 110 44 W
[TEMPERATURE DATA] [PRECIPITATION DATA] SYMBOLS USED IN COLUMN 16
AVERAGE MONTHLY: 30.9 TOTAL FOR MONTH: 0.00 1 = FOG OR MIST
DPTR FM NORMAL: 4.7 DPTR FM NORMAL: -2.64 2 = FOG REDUCING VISIBILITY
HIGHEST: 56 ON 15,13 GRTST 24HR 0.03 ON 5- 6 TO 1/4 MILE OR LESS
LOWEST: 1 ON 29,26 3 = THUNDER
SNOW, ICE PELLETS, HAIL 4 = ICE PELLETS
TOTAL MONTH: 0.0 INCH 5 = HAIL
GRTST 24HR 0.0 6 = FREEZING RAIN OR DRIZZLE
GRTST DEPTH: 0 7 = DUSTSTORM OR SANDSTORM:
VSBY 1/2 MILE OR LESS
8 = SMOKE OR HAZE
[NO. OF DAYS WITH] [WEATHER - DAYS WITH] 9 = BLOWING SNOW
X = TORNADO
MAX 32 OR BELOW: 5 0.01 INCH OR MORE: 0
MAX 90 OR ABOVE: 0 0.10 INCH OR MORE: 0
MIN 32 OR BELOW: 27 0.50 INCH OR MORE: 0
MIN 0 OR BELOW: 0 1.00 INCH OR MORE: 0
[HDD (BASE 65) ]
TOTAL THIS MO. 1018 CLEAR (SCALE 0-3) 15
DPTR FM NORMAL -148 PTCLDY (SCALE 4-7) 7
TOTAL FM JUL 1 2293 CLOUDY (SCALE 8-10) 8
DPTR FM NORMAL -343
[CDD (BASE 65) ]
TOTAL THIS MO. 0
DPTR FM NORMAL 0 [PRESSURE DATA]
TOTAL FM JAN 1 23 HIGHEST SLP 30.87 ON 21
DPTR FM NORMAL -20 LOWEST SLP 29.81 ON 6
[REMARKS]
#FINAL-11-23#