000
CXUS52 KJAX 010900
CF6JAX
PRELIMINARY LOCAL CLIMATOLOGICAL DATA (WS FORM: F-6)
STATION: JACKSONVILLE
MONTH: FEBRUARY
YEAR: 2022
LATITUDE: 30 30 N
LONGITUDE: 81 42 W
TEMPERATURE IN F: :PCPN: SNOW: WIND :SUNSHINE: SKY :PK WND
================================================================================
1 2 3 4 5 6A 6B 7 8 9 10 11 12 13 14 15 16 17 18
12Z AVG MX 2MIN
DY MAX MIN AVG DEP HDD CDD WTR SNW DPTH SPD SPD DIR MIN PSBL S-S WX SPD DR
================================================================================
1 69 33 51 -4 14 0 0.00 0.0 0 5.2 15 80 M M 3 20 80
2 75 43 59 4 6 0 0.00 0.0 0 4.9 16 110 M M 6 1 25 110
3 80 50 65 9 0 0 0.00 0.0 0 8.9 18 130 M M 5 1 26 150
4 84 60 72 16 0 7 0.15 0.0 0 10.9 22 300 M M 6 1 30 190
5 60 45 53 -3 12 0 0.05 0.0 0 10.2 17 50 M M 9 1 26 360
6 50 44 47 -9 18 0 0.23 0.0 0 11.5 20 30 M M 10 1 28 30
7 51 43 47 -9 18 0 T 0.0 0 6.5 13 290 M M 10 1 18 320
8 54 44 49 -7 16 0 0.52 0.0 0 3.4 9 310 M M 9 1 13 300
9 63 37 50 -7 15 0 0.00 0.0 0 3.7 12 320 M M 3 1 17 320
10 69 32 51 -6 14 0 0.00 0.0 0 2.8 13 140 M M 3 17 90
11 71 37 54 -3 11 0 0.00 0.0 0 1.5 10 130 M M 7 15 140
12 69 46 58 1 7 0 T 0.0 0 3.4 9 310 M M 8 12 60
13 69 44 57 0 8 0 0.10 0.0 0 6.9 20 300 M M 6 1 31 300
14 61 35 48 -9 17 0 0.00 0.0 0 5.1 15 300 M M 2 21 260
15 64 32 48 -10 17 0 0.00 0.0 0 6.1 18 50 M M 6 24 40
16 74 48 61 3 4 0 T 0.0 0 8.4 23 120 M M 5 1 30 130
17 83 52 68 10 0 3 0.00 0.0 0 8.0 21 170 M M 4 31 150
18 79 60 70 12 0 5 0.35 0.0 0 10.2 20 210 M M 7 13 28 210
19 66 40 53 -5 12 0 0.00 0.0 0 6.8 17 340 M M 5 24 310
20 70 36 53 -6 12 0 0.00 0.0 0 6.7 17 60 M M 1 26 40
21 78 46 62 3 3 0 0.00 0.0 0 5.2 17 110 M M 3 1 24 130
22 80 52 66 7 0 1 0.00 0.0 0 6.1 18 150 M M 2 23 150
23 84 55 70 11 0 5 0.00 0.0 0 4.4 13 210 M M 5 1 17 210
24 85 57 71 12 0 6 0.00 0.0 0 5.3 15 120 M M 2 1 20 110
25 87 59 73 14 0 8 0.00 0.0 0 4.7 16 240 M M 3 1 21 250
26 80 55 68 8 0 3 0.00 0.0 0 5.2 13 70 M M 2 1 17 70
27 84 59 72 12 0 7 0.00 0.0 0 6.1 16 20 M M 7 12 21 250
28 59 49 54 -6 11 0 0.69 0.0 0 9.7 20 40 M M 10 13 25 30
================================================================================
SM 1998 1293 215 45 2.09 0.0 177.8 M 149
================================================================================
AV 71.4 46.2 6.3 FASTST M M 5 MAX(MPH)
MISC ----> 23 120 # 31 150
================================================================================
NOTES:
# LAST OF SEVERAL OCCURRENCES
COLUMN 17 PEAK WIND IN M.P.H.
PRELIMINARY LOCAL CLIMATOLOGICAL DATA (WS FORM: F-6) , PAGE 2
STATION: JACKSONVILLE
MONTH: FEBRUARY
YEAR: 2022
LATITUDE: 30 30 N
LONGITUDE: 81 42 W
[TEMPERATURE DATA] [PRECIPITATION DATA] SYMBOLS USED IN COLUMN 16
AVERAGE MONTHLY: 58.8 TOTAL FOR MONTH: 2.09 1 = FOG OR MIST
DPTR FM NORMAL: 1.3 DPTR FM NORMAL: -0.77 2 = FOG REDUCING VISIBILITY
HIGHEST: 87 ON 25 GRTST 24HR 0.70 ON 28-28 TO 1/4 MILE OR LESS
LOWEST: 32 ON 15,10 3 = THUNDER
SNOW, ICE PELLETS, HAIL 4 = ICE PELLETS
TOTAL MONTH: 0.0 INCH 5 = HAIL
GRTST 24HR 0.0 6 = FREEZING RAIN OR DRIZZLE
GRTST DEPTH: 0 7 = DUSTSTORM OR SANDSTORM:
VSBY 1/2 MILE OR LESS
8 = SMOKE OR HAZE
[NO. OF DAYS WITH] [WEATHER - DAYS WITH] 9 = BLOWING SNOW
X = TORNADO
MAX 32 OR BELOW: 0 0.01 INCH OR MORE: 7
MAX 90 OR ABOVE: 0 0.10 INCH OR MORE: 6
MIN 32 OR BELOW: 2 0.50 INCH OR MORE: 2
MIN 0 OR BELOW: 0 1.00 INCH OR MORE: 0
[HDD (BASE 65) ]
TOTAL THIS MO. 215 CLEAR (SCALE 0-3) 8
DPTR FM NORMAL -19 PTCLDY (SCALE 4-7) 15
TOTAL FM JUL 1 946 CLOUDY (SCALE 8-10) 5
DPTR FM NORMAL -93
[CDD (BASE 65) ]
TOTAL THIS MO. 45
DPTR FM NORMAL 21 [PRESSURE DATA]
TOTAL FM JAN 1 62 HIGHEST SLP 30.53 ON 15
DPTR FM NORMAL 23 LOWEST SLP 29.96 ON 13
[REMARKS]
#FINAL-02-22#