805
CXUS52 KJAX 011601
CF6JAX
PRELIMINARY LOCAL CLIMATOLOGICAL DATA (WS FORM: F-6)
STATION: JACKSONVILLE
MONTH: MARCH
YEAR: 2021
LATITUDE: 30 30 N
LONGITUDE: 81 42 W
TEMPERATURE IN F: :PCPN: SNOW: WIND :SUNSHINE: SKY :PK WND
================================================================================
1 2 3 4 5 6A 6B 7 8 9 10 11 12 13 14 15 16 17 18
12Z AVG MX 2MIN
DY MAX MIN AVG DEP HDD CDD WTR SNW DPTH SPD SPD DIR MIN PSBL S-S WX SPD DR
================================================================================
1 87 61 74 15 0 9 0.02 0.0 0 8.7 21 270 M M 7 26 230
2 61 54 58 -1 7 0 1.12 0.0 0 10.0 21 50 M M 10 1 26 30
3 57 47 52 -7 13 0 0.33 0.0 0 8.2 20 310 M M 9 13 26 320
4 73 44 59 -1 6 0 0.00 0.0 0 4.0 13 310 M M 0 16 320
5 66 44 55 -5 10 0 0.00 0.0 0 8.2 18 60 M M 5 25 60
6 58 47 53 -7 12 0 0.14 0.0 0 11.3 23 50 M M 9 1 28 40
7 63 40 52 -8 13 0 0.00 0.0 0 8.5 21 30 M M 2 29 20
8 62 35 49 -11 16 0 0.00 0.0 0 5.9 22 40 M M 1 28 40
9 70 39 55 -5 10 0 0.00 0.0 0 3.7 14 60 M M 2 17 90
10 72 42 57 -4 8 0 0.00 0.0 0 6.1 18 90 M M 4 23 80
11 76 47 62 1 3 0 0.00 0.0 0 5.0 16 120 M M 3 22 120
12 80 48 64 3 1 0 0.00 0.0 0 3.1 14 110 M M 4 1 16 130
13 82 51 67 6 0 2 0.00 0.0 0 3.6 14 130 M M 6 1 19 130
14 84 54 69 8 0 4 0.00 0.0 0 4.2 12 210 M M 6 16 70
15 80 55 68 6 0 3 0.00 0.0 0 5.6 21 130 M M 6 24 130
16 86 62 74 12 0 9 0.00 0.0 0 8.1 17 220 M M 7 23 260
17 83 62 73 11 0 8 0.00 0.0 0 6.7 17 120 M M 6 21 120
18 78 58 68 6 0 3 0.62 0.0 0 12.2 32 170 M M 7 13 42 160
19 69 50 60 -2 5 0 0.00 0.0 0 11.4 23 40 M M 3 28 30
20 59 50 55 -7 10 0 0.00 0.0 0 14.8 23 30 M M 10 32 20
21 60 48 54 -9 11 0 0.23 0.0 0 16.0 30 10 M M 10 1 43 10
22 68 54 61 -2 4 0 0.00 0.0 0 13.5 25 50 M M 6 36 30
23 73 56 65 2 0 0 0.00 0.0 0 6.9 15 40 M M 6 18 40
24 81 54 68 5 0 3 0.00 0.0 0 4.9 15 150 M M 8 1 21 180
25 88 57 73 10 0 8 0.00 0.0 0 7.2 18 170 M M 6 1 25 160
26 90 61 76 13 0 11 0.00 0.0 0 7.2 20 240 M M 6 1 26 250
27 89 63 76 12 0 11 0.00 0.0 0 6.2 15 130 M M 8 12 20 130
28 87 63 75 11 0 10 0.00 0.0 0 9.2 23 250 M M 6 1 33 220
29 71 60 66 2 0 1 0.00 0.0 0 8.5 17 40 M M 8 22 310
30 76 61 69 5 0 4 0.36 0.0 0 5.7 14 80 M M 9 1 17 60
31 89 61 75 11 0 10 0.00 0.0 0 6.9 29 300 M M 7 1 44 300
================================================================================
SM 2318 1628 129 96 2.82 0.0 241.5 M 187
================================================================================
AV 74.8 52.5 7.8 FASTST M M 6 MAX(MPH)
MISC ----> 32 170 44 300
================================================================================
NOTES:
# LAST OF SEVERAL OCCURRENCES
COLUMN 17 PEAK WIND IN M.P.H.
PRELIMINARY LOCAL CLIMATOLOGICAL DATA (WS FORM: F-6) , PAGE 2
STATION: JACKSONVILLE
MONTH: MARCH
YEAR: 2021
LATITUDE: 30 30 N
LONGITUDE: 81 42 W
[TEMPERATURE DATA] [PRECIPITATION DATA] SYMBOLS USED IN COLUMN 16
AVERAGE MONTHLY: 63.6 TOTAL FOR MONTH: 2.82 1 = FOG OR MIST
DPTR FM NORMAL: 1.9 DPTR FM NORMAL: -1.13 2 = FOG REDUCING VISIBILITY
HIGHEST: 90 ON 26 GRTST 24HR 1.36 ON 2- 3 TO 1/4 MILE OR LESS
LOWEST: 35 ON 8 3 = THUNDER
SNOW, ICE PELLETS, HAIL 4 = ICE PELLETS
TOTAL MONTH: 0.0 INCH 5 = HAIL
GRTST 24HR 0.0 6 = FREEZING RAIN OR DRIZZLE
GRTST DEPTH: 0 7 = DUSTSTORM OR SANDSTORM:
VSBY 1/2 MILE OR LESS
8 = SMOKE OR HAZE
[NO. OF DAYS WITH] [WEATHER - DAYS WITH] 9 = BLOWING SNOW
X = TORNADO
MAX 32 OR BELOW: 0 0.01 INCH OR MORE: 7
MAX 90 OR ABOVE: 1 0.10 INCH OR MORE: 6
MIN 32 OR BELOW: 0 0.50 INCH OR MORE: 2
MIN 0 OR BELOW: 0 1.00 INCH OR MORE: 1
[HDD (BASE 65) ]
TOTAL THIS MO. 129 CLEAR (SCALE 0-3) 5
DPTR FM NORMAL -27 PTCLDY (SCALE 4-7) 19
TOTAL FM JUL 1 1130 CLOUDY (SCALE 8-10) 7
DPTR FM NORMAL -159
[CDD (BASE 65) ]
TOTAL THIS MO. 96
DPTR FM NORMAL 42 [PRESSURE DATA]
TOTAL FM JAN 1 144 HIGHEST SLP 30.57 ON 9
DPTR FM NORMAL 61 LOWEST SLP 29.75 ON 18
[REMARKS]
#FINAL-03-21#