000
CXUS52 KJAX 011318
CLMJAX
CLIMATE REPORT
NATIONAL WEATHER SERVICE JACKSONVILLE FL
918 AM EDT FRI SEP 01 2023
...................................
...THE JACKSONVILLE CLIMATE SUMMARY FOR THE MONTH OF AUGUST 2023...
CLIMATE NORMAL PERIOD: 1991 TO 2020
CLIMATE RECORD PERIOD: 1871 TO 2023
WEATHER OBSERVED NORMAL DEPART LAST YEAR`S
VALUE DATE(S) VALUE FROM VALUE DATE(S)
NORMAL
................................................................
TEMPERATURE (F)
RECORD
HIGH 102 08/01/1999
LOW 63 08/09/2002
HIGHEST 99 08/12 96 3 96 08/02
08/13
08/14
LOWEST 71 08/24 68 3 64 08/15
AVG. MAXIMUM 93.9 90.8 3.1 90.9
AVG. MINIMUM 75.1 73.4 1.7 72.2
MEAN 84.5 82.1 2.4 81.6
DAYS MAX >= 90 28 20.3 7.7 25
DAYS MIN <= 32 0 0.0 0.0 0
PRECIPITATION (INCHES)
RECORD
MAXIMUM 16.83 2008
MINIMUM 0.76 1930
TOTALS 4.98 6.88 -1.90 10.40
DAILY AVG. 0.16 0.22 -0.06 0.33
DAYS >= .01 8 15.1 -7.1 16
DAYS >= .10 6 10.3 -4.3 12
DAYS >= .50 4 3.9 0.1 7
DAYS >= 1.00 1 2.0 -1.0 6
GREATEST
24 HR. TOTAL 1.74 08/16 TO 08/17
SNOWFALL (INCHES)
RECORDS
TOTAL T 1954
TOTALS 0.0 0.0 0.0 0.0
DEGREE DAYS
HEATING TOTAL 0 0 0 0
SINCE 7/1 0 0 0 MM
COOLING TOTAL 613 530 83 521
SINCE 1/1 2449 2083 366 MM
................................................................
WIND (MPH)
AVERAGE WIND SPEED 5.8
HIGHEST WIND SPEED/DIRECTION 39/170 DATE 08/30
HIGHEST GUST SPEED/DIRECTION 60/190 DATE 08/30
SKY COVER
AVERAGE SKY COVER 0.55
AVERAGE RH (PERCENT) 73
WEATHER CONDITIONS. NUMBER OF DAYS WITH
THUNDERSTORM 16 MIXED PRECIP 0
HEAVY RAIN 5 RAIN 7
LIGHT RAIN 14 FREEZING RAIN 0
LT FREEZING RAIN 0 HAIL 0
HEAVY SNOW 0 SNOW 0
LIGHT SNOW 0 SLEET 0
FOG 9 FOG W/VIS <= 1/4 MILE 0
HAZE 0
- INDICATES NEGATIVE NUMBERS.
R INDICATES RECORD WAS SET OR TIED.
MM INDICATES DATA IS MISSING.
T INDICATES TRACE AMOUNT.
$$