000
CXUS55 KGGW 010810
CF6JDN
PRELIMINARY LOCAL CLIMATOLOGICAL DATA (WS FORM: F-6)
STATION: JORDAN ASOS MT
MONTH: APRIL
YEAR: 2023
LATITUDE: 47 19 N
LONGITUDE: 106 50 W
TEMPERATURE IN F: :PCPN: SNOW: WIND :SUNSHINE: SKY :PK WND
================================================================================
1 2 3 4 5 6A 6B 7 8 9 10 11 12 13 14 15 16 17 18
12Z AVG MX 2MIN
DY MAX MIN AVG DEP HDD CDD WTR SNW DPTH SPD SPD DIR MIN PSBL S-S WX SPD DR
================================================================================
1 57 31 44 4 21 0 0.00 M M 8.9 32 300 M M 0 50 290
2 44 29 37 -3 28 0 0.00 M M 19.6 43 300 M M 0 64 300
3 38 24 31 -9 34 0 0.00 M M 8.8 15 10 M M 0 17 340
4 26 20 23 -17 42 0 0.00 M M 11.6 16 10 M M 0 M M
5 37 17 27 -14 38 0 0.00 M M 9.2 14 310 M M 0 M M
6 52 24 38 -3 27 0 0.00 M M 6.0 15 240 M M 0 29 260
7 64 26 45 4 20 0 0.00 M M 8.1 15 150 M M 0 22 160
8 65 34 50 8 15 0 0.00 M M 8.8 18 300 M M 0 31 300
9 68 33 51 9 14 0 0.00 M M 8.9 18 300 M M 0 31 300
10 80 46 63 21 2 0 0.00 M M 8.5 16 260 M M 0 27 260
11 86 48 67 25 0 2 0.00 M M 15.6 30 240 M M 0 55 220
12 54 33 44 1 21 0 0.00 M M 10.5 18 20 M M 0 18 30
13 41 33 37 -6 28 0 0.12 M M 13.0 21 30 M M 0 28 30
14 42 29 36 -7 29 0 0.02 M M 8.2 15 330 M M 0 21 330
15 52 24 38 -6 27 0 0.00 M M 2.8 7 110 M M 0 M M
16 68 33 51 7 14 0 0.00 M M 9.0 16 210 M M 0 24 230
17 67 35 51 7 14 0 0.02 M M 9.9 21 280 M M 0 36 290
18 58 41 50 6 15 0 0.00 M M 11.3 16 350 M M 0 M M
19 43 28 36 -9 29 0 0.12 M M 16.6 28 310 M M 0 33 310
20 34 24 29 -16 36 0 0.02 M M 20.0 31 320 M M 0 42 310
21 34 20 27 -18 38 0 0.00 M M 10.0 18 360 M M 0 23 350
22 41 22 32 -14 33 0 0.00 M M 3.6 12 330 M M 0 16 320
23 55 20 38 -8 27 0 0.00 M M 7.8 17 120 M M 0 23 120
24 66 34 50 4 15 0 0.00 M M 13.0 23 110 M M 0 37 150
25 65 32 49 3 16 0 0.00 M M 7.0 15 110 M M 0 21 120
26 64 42 53 6 12 0 0.00 M M 9.3 18 340 M M 0 29 320
27 57 42 50 3 15 0 0.03 M M 15.0 35 330 M M 0 43 340
28 71 32 52 5 13 0 0.00 M M 11.1 24 320 M M 0 33 290
29 63 34 49 1 16 0 0.00 M M 5.8 16 50 M M 0 23 30
30 66 29 48 0 17 0 0.00 M M 7.5 16 120 M M 0 29 110
================================================================================
SM 1658 919 656 2 0.33 M 305.2 M 0
================================================================================
AV 55.3 30.6 10.2 FASTST M M 0 MAX(MPH)
MISC ----> 43 300 64 300
================================================================================
NOTES:
# LAST OF SEVERAL OCCURRENCES
COLUMN 17 PEAK WIND IN M.P.H.
PRELIMINARY LOCAL CLIMATOLOGICAL DATA (WS FORM: F-6) , PAGE 2
STATION: JORDAN ASOS MT
MONTH: APRIL
YEAR: 2023
LATITUDE: 47 19 N
LONGITUDE: 106 50 W
[TEMPERATURE DATA] [PRECIPITATION DATA] SYMBOLS USED IN COLUMN 16
AVERAGE MONTHLY: 43.0 TOTAL FOR MONTH: 0.33 1 = FOG OR MIST
DPTR FM NORMAL: -0.7 DPTR FM NORMAL: -1.02 2 = FOG REDUCING VISIBILITY
HIGHEST: 86 ON 11 GRTST 24HR 0.13 ON 19-20 TO 1/4 MILE OR LESS
LOWEST: 17 ON 5 3 = THUNDER
SNOW, ICE PELLETS, HAIL 4 = ICE PELLETS
TOTAL MONTH: M 5 = HAIL
GRTST 24HR M ON M 6 = FREEZING RAIN OR DRIZZLE
GRTST DEPTH: M ON M 7 = DUSTSTORM OR SANDSTORM:
VSBY 1/2 MILE OR LESS
8 = SMOKE OR HAZE
[NO. OF DAYS WITH] [WEATHER - DAYS WITH] 9 = BLOWING SNOW
X = TORNADO
MAX 32 OR BELOW: 1 0.01 INCH OR MORE: 6
MAX 90 OR ABOVE: 0 0.10 INCH OR MORE: 2
MIN 32 OR BELOW: 17 0.50 INCH OR MORE: 0
MIN 0 OR BELOW: 0 1.00 INCH OR MORE: 0
[HDD (BASE 65) ]
TOTAL THIS MO. 656 CLEAR (SCALE 0-3) 30
DPTR FM NORMAL 18 PTCLDY (SCALE 4-7) 0
TOTAL FM JUL 1 7778 CLOUDY (SCALE 8-10) 0
DPTR FM NORMAL 213
[CDD (BASE 65) ]
TOTAL THIS MO. 2
DPTR FM NORMAL 2 [PRESSURE DATA]
TOTAL FM JAN 1 2 HIGHEST SLP M ON M
DPTR FM NORMAL 2 LOWEST SLP 29.53 ON 19
[REMARKS]
#FINAL-04-23#