154
CXUS55 KGGW 010910
CF6JDN
PRELIMINARY LOCAL CLIMATOLOGICAL DATA (WS FORM: F-6)
STATION: JORDAN ASOS MT
MONTH: JANUARY
YEAR: 2021
LATITUDE: 47 19 N
LONGITUDE: 106 50 W
TEMPERATURE IN F: :PCPN: SNOW: WIND :SUNSHINE: SKY :PK WND
================================================================================
1 2 3 4 5 6A 6B 7 8 9 10 11 12 13 14 15 16 17 18
12Z AVG MX 2MIN
DY MAX MIN AVG DEP HDD CDD WTR SNW DPTH SPD SPD DIR MIN PSBL S-S WX SPD DR
================================================================================
1 50 20 35 19 30 0 0.00 M M 8.0 17 210 M M 0 22 200
2 50 27 39 23 26 0 0.09 M M 7.0 22 280 M M 0 30 270
3 53 28 41 25 24 0 0.04 M M 12.0 51 320 M M 0 72 320
4 48 23 36 20 29 0 0.00 M M 6.9 14 180 M M 0 20 260
5 49 19 34 18 31 0 0.00 M M 8.5 30 310 M M 0 39 320
6 52 14 33 17 32 0 0.00 M M 3.2 13 230 M M 0 16 250
7 40 19 30 14 35 0 0.05 M M 5.0 10 270 M M 0 13 270
8 39 18 29 13 36 0 0.00 M M 4.1 12 100 M M 0 16 80
9 29 24 27 11 38 0 0.00 M M 5.6 13 200 M M 0 16 200
10 45 23 34 17 31 0 0.00 M M 8.0 20 250 M M 0 29 240
11 50 23 37 20 28 0 0.00 M M 8.0 15 260 M M 0 20 270
12 56 26 41 24 24 0 0.00 M M 5.6 17 220 M M 0 23 220
13 61 35 48 31 17 0 0.00 M M 27.2 54 300 M M 0 76 290
14 39 27 33 16 32 0 0.00 M M 27.9 44 320 M M 0 64 330
15 40 11 26 9 39 0 0.00 M M 7.0 20 310 M M 0 28 320
16 45 21 33 16 32 0 0.00 M M 12.1 28 300 M M 0 35 310
17 40 20 30 13 35 0 0.04 M M 7.6 25 310 M M 0 34 320
18 37 30 34 17 31 0 0.03 M M 17.4 32 320 M M 0 42 310
19 43 23 33 16 32 0 0.00 M M 15.1 30 230 M M 0 40 240
20 45 17 31 14 34 0 0.00 M M 12.1 29 300 M M 0 40 290
21 32 11 22 4 43 0 0.00 M M 6.7 21 320 M M 0 29 310
22 34 5 20 2 45 0 0.00 M M 4.2 10 270 M M 0 15 280
23 29 7 18 0 47 0 0.00 M M 5.4 15 340 M M 0 20 340
24 28 7 18 0 47 0 0.00 M M 6.1 13 40 M M 0 21 20
25 13 8 11 -7 54 0 0.00 M M 8.1 15 80 M M 0 21 90
26 26 8 17 -1 48 0 0.00 M M 10.4 18 100 M M 0 23 100
27 33 9 21 3 44 0 0.00 M M 9.6 17 120 M M 0 24 110
28 52 8 30 12 35 0 0.00 M M 5.2 17 170 M M 0 25 160
29 46 16 31 12 34 0 0.00 M M 3.8 15 30 M M 0 18 20
30 35 17 26 7 39 0 0.01 M M 5.8 14 260 M M 0 17 270
31 50 12 31 12 34 0 0.00 M M 5.1 17 240 M M 0 22 230
================================================================================
SM 1289 556 1086 0 0.26 M 278.7 M 0
================================================================================
AV 41.6 17.9 9.0 FASTST M M 0 MAX(MPH)
MISC ----> 54 300 76 290
================================================================================
NOTES:
# LAST OF SEVERAL OCCURRENCES
COLUMN 17 PEAK WIND IN M.P.H.
PRELIMINARY LOCAL CLIMATOLOGICAL DATA (WS FORM: F-6) , PAGE 2
STATION: JORDAN ASOS MT
MONTH: JANUARY
YEAR: 2021
LATITUDE: 47 19 N
LONGITUDE: 106 50 W
[TEMPERATURE DATA] [PRECIPITATION DATA] SYMBOLS USED IN COLUMN 16
AVERAGE MONTHLY: 29.8 TOTAL FOR MONTH: 0.26 1 = FOG OR MIST
DPTR FM NORMAL: 12.6 DPTR FM NORMAL: 0.03 2 = FOG REDUCING VISIBILITY
HIGHEST: 61 ON 13 GRTST 24HR 0.09 ON 2- 2 TO 1/4 MILE OR LESS
LOWEST: 5 ON 22 3 = THUNDER
SNOW, ICE PELLETS, HAIL 4 = ICE PELLETS
TOTAL MONTH: M 5 = HAIL
GRTST 24HR M ON M 6 = FREEZING RAIN OR DRIZZLE
GRTST DEPTH: M ON M 7 = DUSTSTORM OR SANDSTORM:
VSBY 1/2 MILE OR LESS
8 = SMOKE OR HAZE
[NO. OF DAYS WITH] [WEATHER - DAYS WITH] 9 = BLOWING SNOW
X = TORNADO
MAX 32 OR BELOW: 6 0.01 INCH OR MORE: 6
MAX 90 OR ABOVE: 0 0.10 INCH OR MORE: 0
MIN 32 OR BELOW: 30 0.50 INCH OR MORE: 0
MIN 0 OR BELOW: 0 1.00 INCH OR MORE: 0
[HDD (BASE 65) ]
TOTAL THIS MO. 1086 CLEAR (SCALE 0-3) 31
DPTR FM NORMAL -394 PTCLDY (SCALE 4-7) 0
TOTAL FM JUL 1 4015 CLOUDY (SCALE 8-10) 0
DPTR FM NORMAL -916
[CDD (BASE 65) ]
TOTAL THIS MO. 0
DPTR FM NORMAL 0 [PRESSURE DATA]
TOTAL FM JAN 1 0 HIGHEST SLP M ON M
DPTR FM NORMAL 0 LOWEST SLP 29.43 ON 13
[REMARKS]
#FINAL-01-21#