000
CXUS55 KBOI 011002
CF6JER
PRELIMINARY LOCAL CLIMATOLOGICAL DATA (WS FORM: F-6)
STATION: JEROME ID
MONTH: MARCH
YEAR: 2020
LATITUDE: 42 43 N
LONGITUDE: 114 27 W
TEMPERATURE IN F: :PCPN: SNOW: WIND :SUNSHINE: SKY :PK WND
================================================================================
1 2 3 4 5 6A 6B 7 8 9 10 11 12 13 14 15 16 17 18
12Z AVG MX 2MIN
DY MAX MIN AVG DEP HDD CDD WTR SNW DPTH SPD SPD DIR MIN PSBL S-S WX SPD DR
================================================================================
1 43 25 34 -1 31 0 0.00 M M 7.2 17 210 M M 5 20 200
2 46 23 35 -1 30 0 0.00 M M 15.9 31 260 M M 1 39 260
3 54 35 45 9 20 0 T M M 15.4 31 270 M M 4 37 270
4 58 34 46 10 19 0 0.00 M M 11.5 28 270 M M 0 35 270
5 65 29 47 10 18 0 0.00 M M 17.7 26 60 M M 0 31 60
6 66 36 51 14 14 0 0.00 M M 13.9 21 60 M M 0 8 26 60
7 60 37 49 11 16 0 0.12 M M 11.5 25 310 M M 6 1 33 300
8 51 34 43 5 22 0 0.00 M M 6.5 13 280 M M 5 17 270
9 49 33 41 3 24 0 0.00 M M 9.1 16 250 M M 7 21 240
10 53 31 42 3 23 0 0.00 M M 6.5 14 100 M M 1 15 270
11 62 32 47 8 18 0 0.00 M M 12.6 24 290 M M 0 32 290
12 51 30 41 2 24 0 0.00 M M 15.5 25 280 M M 0 32 260
13 53 22 38 -2 27 0 0.00 M M 9.7 21 70 M M 0 24 70
14 50 34 42 2 23 0 0.51 M M 12.1 23 70 M M 8 1 27 70
15 55 35 45 5 20 0 0.35 M M 13.4 24 80 M M 7 1 29 80
16 60 37 49 8 16 0 0.00 M M 19.3 29 80 M M 3 35 70
17 56 40 48 7 17 0 0.09 M M 12.1 23 230 M M 8 28 220
18 50 35 43 2 22 0 0.01 M M 6.1 20 220 M M 7 1 26 210
19 52 31 42 1 23 0 0.00 M M 4.3 13 270 M M 6 15 280
20 55 38 47 5 18 0 T M M 6.4 13 120 M M 6 15 80
21 57 38 48 6 17 0 0.00 M M 8.4 21 280 M M 4 25 260
22 57 35 46 4 19 0 0.00 M M 8.4 20 270 M M 0 27 260
23 57 32 45 3 20 0 T M M 8.7 25 290 M M 6 33 210
24 51 33 42 -1 23 0 0.09 M M 7.8 26 290 M M 7 1 32 290
25 45 30 38 -5 27 0 0.02 M M 10.5 24 290 M M 4 12 31 280
26 45 24 35 -8 30 0 0.00 M M 13.2 24 270 M M 0 30 270
27 49 25 37 -6 28 0 0.00 M M 11.1 26 280 M M 3 32 260
28 54 29 42 -1 23 0 0.00 M M 10.4 22 270 M M 4 27 250
29 53 36 45 1 20 0 0.01 M M 8.6 21 250 M M 6 27 260
30 56 33 45 1 20 0 0.01 M M 10.4 24 260 M M 5 31 260
31 56 36 46 2 19 0 0.07 M M 15.2 33 270 M M 9 42 270
================================================================================
SM 1669 1002 671 0 1.28 M 339.4 M 122
================================================================================
AV 53.8 32.3 10.9 FASTST M M 4 MAX(MPH)
MISC ----> 33 270 42 270
================================================================================
NOTES:
# LAST OF SEVERAL OCCURRENCES
COLUMN 17 PEAK WIND IN M.P.H.
PRELIMINARY LOCAL CLIMATOLOGICAL DATA (WS FORM: F-6) , PAGE 2
STATION: JEROME ID
MONTH: MARCH
YEAR: 2020
LATITUDE: 42 43 N
LONGITUDE: 114 27 W
[TEMPERATURE DATA] [PRECIPITATION DATA] SYMBOLS USED IN COLUMN 16
AVERAGE MONTHLY: 43.1 TOTAL FOR MONTH: 1.28 1 = FOG OR MIST
DPTR FM NORMAL: 2.9 DPTR FM NORMAL: 0.20 2 = FOG REDUCING VISIBILITY
HIGHEST: 66 ON 6 GRTST 24HR 0.86 ON 14-15 TO 1/4 MILE OR LESS
LOWEST: 22 ON 13 3 = THUNDER
SNOW, ICE PELLETS, HAIL 4 = ICE PELLETS
TOTAL MONTH: M 5 = HAIL
GRTST 24HR M ON M 6 = FREEZING RAIN OR DRIZZLE
GRTST DEPTH: M ON M 7 = DUSTSTORM OR SANDSTORM:
VSBY 1/2 MILE OR LESS
8 = SMOKE OR HAZE
[NO. OF DAYS WITH] [WEATHER - DAYS WITH] 9 = BLOWING SNOW
X = TORNADO
MAX 32 OR BELOW: 0 0.01 INCH OR MORE: 10
MAX 90 OR ABOVE: 0 0.10 INCH OR MORE: 3
MIN 32 OR BELOW: 13 0.50 INCH OR MORE: 1
MIN 0 OR BELOW: 0 1.00 INCH OR MORE: 0
[HDD (BASE 65) ]
TOTAL THIS MO. 671 CLEAR (SCALE 0-3) 12
DPTR FM NORMAL -98 PTCLDY (SCALE 4-7) 17
TOTAL FM JUL 1 5254 CLOUDY (SCALE 8-10) 2
DPTR FM NORMAL -401
[CDD (BASE 65) ]
TOTAL THIS MO. 0
DPTR FM NORMAL 0 [PRESSURE DATA]
TOTAL FM JAN 1 0 HIGHEST SLP 30.33 ON 10
DPTR FM NORMAL 0 LOWEST SLP 29.54 ON 14
[REMARKS]
#FINAL-03-20#