000
CXUS51 KOKX 011807 RRA
CLSJFK
CLIMATE REPORT
NATIONAL WEATHER SERVICE NEW YORK, NY
207 PM EDT THU JUN 01 2023
...................................
...THE KENNEDY NY CLIMATE SUMMARY FOR THE SEASON, FROM
3/1/2023 TO 5/31/2023...
CLIMATE NORMAL PERIOD 1991 TO 2020
CLIMATE RECORD PERIOD 1948 TO 2023
WEATHER OBSERVED NORMAL DEPART LAST YEAR`S
VALUE DATE(S) VALUE FROM VALUE
NORMAL
..............................................................
TEMPERATURE (F)
RECORD
HIGH 99 05/29/1969
LOW 7 03/19/1967
HIGHEST 85 04/13 MM MM
LOWEST 29 03/01 MM MM
03/31
AVG. MAXIMUM 60.4 58.6 1.8
AVG. MINIMUM 44.3 43.0 1.3
MEAN 52.3 50.8 1.5
DAYS MAX >= 90 0 0.0 0.0
DAYS MAX <= 32 0 1.0 -1.0
DAYS MIN <= 32 11 13.1 -2.1
DAYS MIN <= 0 0 0.0 0.0
PRECIPITATION (INCHES)
RECORD
MAXIMUM 20.40 1984
MINIMUM 6.34 2016
TOTALS 11.45 11.15 0.30 10.06
DAILY AVG. 0.12 0.12 -0.00
DAYS >= .01 30 34.0 -4.0
DAYS >= .10 16 20.3 -4.3
DAYS >= .50 7 7.7 -0.7
DAYS >= 1.00 6 2.9 3.1
GREATEST
24 HR. TOTAL 2.28 04/22 TO 04/23
STORM TOTAL 1.75
(MM/DD(HH))
SNOWFALL (INCHES)
RECORDS
TOTAL 21.1 1960
24 HR TOTAL 9.0 03/13/1993 TO 03/13/1993
TOTALS 0.4 4.9 -4.5
LIQUID EQUIV 0.00 0.40 -0.40
SINCE 7/1 2.1 25.9 -23.8
LIQUID 7/1 0.21
DAYS >= TRACE 2 3.0 -1.0
DAYS >= 1.0 0 1.0 -1.0
GREATEST
SNOW DEPTH 0
24 HR TOTAL MM
STORM TOTAL 0.3
(MM/DD(HH))
DEGREE DAYS
HEATING TOTAL 1173 1337 -164
SINCE 7/1 4162 4849 -687
COOLING TOTAL 31 33 -2
SINCE 1/1 31 32 -1
..............................................................
WIND (MPH)
AVERAGE WIND SPEED 11.9
HIGHEST WIND SPEED/DIRECTION 40/090 DATE 03/04
HIGHEST GUST SPEED/DIRECTION 49/290 DATE 03/04
SKY COVER
POSSIBLE SUNSHINE (PERCENT) MM
AVERAGE SKY COVER 0.63
NUMBER OF DAYS FAIR 16
NUMBER OF DAYS PC 44
NUMBER OF DAYS CLOUDY 32
AVERAGE RH (PERCENT) 65
WEATHER CONDITIONS. NUMBER OF DAYS WITH
THUNDERSTORM 3 MIXED PRECIP 0
HEAVY RAIN 10 RAIN 15
LIGHT RAIN 40 FREEZING RAIN 0
LT FREEZING RAIN 0 HAIL 0
HEAVY SNOW 0 SNOW 0
LIGHT SNOW 2 SLEET 1
FOG 31 FOG W/VIS <= 1/4 MILE 9
HAZE 7
- INDICATES NEGATIVE NUMBERS.
R INDICATES RECORD WAS SET OR TIED.
MM INDICATES DATA IS MISSING.
T INDICATES TRACE AMOUNT.
$$