000
CXUS53 KJKL 011310
CF6JKL
PRELIMINARY LOCAL CLIMATOLOGICAL DATA (WS FORM: F-6)
STATION: JACKSON KY
MONTH: MAY
YEAR: 2023
LATITUDE: 37 35 N
LONGITUDE: 83 19 W
TEMPERATURE IN F: :PCPN: SNOW: WIND :SUNSHINE: SKY :PK WND
================================================================================
1 2 3 4 5 6A 6B 7 8 9 10 11 12 13 14 15 16 17 18
12Z AVG MX 2MIN
DY MAX MIN AVG DEP HDD CDD WTR SNW DPTH SPD SPD DIR MIN PSBL S-S WX SPD DR
================================================================================
1 56 44 50 -13 15 0 0.01 0.0 0 5.9 17 310 M M 10 33 290
2 63 45 54 -9 11 0 T 0.0 0 6.5 18 270 M M 5 35 280
3 59 44 52 -11 13 0 0.00 0.0 0 6.6 17 320 M M 7 32 330
4 69 39 54 -9 11 0 0.00 0.0 0 1.4 9 300 M M 1 17 350
5 76 47 62 -2 3 0 0.00 0.0 0 1.6 8 140 M M 0 14 140
6 81 52 67 3 0 2 0.00 0.0 0 1.7 9 230 M M 2 15 180
7 68 59 64 0 1 0 0.24 0.0 0 2.5 15 300 M M 2 123 26 320
8 75 57 66 2 0 1 0.04 0.0 0 1.7 8 170 M M 5 123 14 180
9 75 59 67 3 0 2 1.61 0.0 0 2.2 12 320 M M 6 123 23 280
10 78 52 65 1 0 0 0.00 0.0 0 0.7 8 150 M M 0 14 130
11 83 57 70 5 0 5 T 0.0 0 1.4 12 310 M M 2 3 18 310
12 80 65 73 8 0 8 T 0.0 0 1.8 12 260 M M 7 1 26 270
13 81 65 73 8 0 8 T 0.0 0 0.9 7 260 M M 6 12 270
14 79 62 71 6 0 6 0.00 0.0 0 0.0 7 360 M M 5 1 14 30
15 75 59 67 2 0 2 0.00 0.0 0 0.5 6 130 M M 3 10 140
16 77 59 68 2 0 3 0.72 0.0 0 1.4 12 270 M M 8 123 28 240
17 74 54 64 -2 1 0 0.00 0.0 0 1.5 7 330 M M 3 12 13 320
18 78 51 65 -1 0 0 0.00 0.0 0 1.3 7 170 M M 3 3 14 120
19 80 59 70 4 0 5 T 0.0 0 2.1 8 170 M M 4 14 150
20 68 57 63 -3 2 0 0.25 0.0 0 1.6 10 330 M M 7 18 20 300
21 73 50 62 -5 3 0 0.00 0.0 0 0.6 7 120 M M 0 11 130
22 78 54 66 -1 0 1 0.00 0.0 0 0.3 6 130 M M 0 14 70
23 79 59 69 2 0 4 0.00 0.0 0 1.6 8 140 M M 1 14 130
24 78 56 67 0 0 2 0.00 0.0 0 0.5 5 30 M M 0 12 40
25 75 56 66 -1 0 1 0.00 0.0 0 0.2 7 350 M M 0 16 330
26 77 51 64 -4 1 0 0.00 0.0 0 1.0 7 90 M M 1 15 40
27 69 55 62 -6 3 0 T 0.0 0 1.7 9 130 M M 2 17 80
28 56 51 54 -14 11 0 0.91 0.0 0 0.5 10 140 M M 10 12 20 120
29 73 53 63 -5 2 0 0.00 0.0 0 0.9 6 140 M M 8 12 12 130
30 82 57 70 1 0 5 0.00 0.0 0 1.2 7 140 M M 3 12 13 130
31 81 62 72 3 0 7 0.00 0.0 M 1.3 7 140 M M 0 12 120
================================================================================
SM 2296 1690 77 62 3.78 0.0 53.1 M 111
================================================================================
AV 74.1 54.5 1.7 FASTST M M 4 MAX(MPH)
MISC ----> 18 270 35 280
================================================================================
NOTES:
# LAST OF SEVERAL OCCURRENCES
COLUMN 17 PEAK WIND IN M.P.H.
PRELIMINARY LOCAL CLIMATOLOGICAL DATA (WS FORM: F-6) , PAGE 2
STATION: JACKSON KY
MONTH: MAY
YEAR: 2023
LATITUDE: 37 35 N
LONGITUDE: 83 19 W
[TEMPERATURE DATA] [PRECIPITATION DATA] SYMBOLS USED IN COLUMN 16
AVERAGE MONTHLY: 64.3 TOTAL FOR MONTH: 3.78 1 = FOG OR MIST
DPTR FM NORMAL: -1.3 DPTR FM NORMAL: -1.39 2 = FOG REDUCING VISIBILITY
HIGHEST: 83 ON 11 GRTST 24HR 1.65 ON 8- 9 TO 1/4 MILE OR LESS
LOWEST: 39 ON 4 3 = THUNDER
SNOW, ICE PELLETS, HAIL 4 = ICE PELLETS
TOTAL MONTH: 0.0 INCH 5 = HAIL
GRTST 24HR 0.0 6 = FREEZING RAIN OR DRIZZLE
GRTST DEPTH: 0 7 = DUSTSTORM OR SANDSTORM:
VSBY 1/2 MILE OR LESS
8 = SMOKE OR HAZE
[NO. OF DAYS WITH] [WEATHER - DAYS WITH] 9 = BLOWING SNOW
X = TORNADO
MAX 32 OR BELOW: 0 0.01 INCH OR MORE: 7
MAX 90 OR ABOVE: 0 0.10 INCH OR MORE: 5
MIN 32 OR BELOW: 0 0.50 INCH OR MORE: 3
MIN 0 OR BELOW: 0 1.00 INCH OR MORE: 1
[HDD (BASE 65) ]
TOTAL THIS MO. 77 CLEAR (SCALE 0-3) 18
DPTR FM NORMAL -12 PTCLDY (SCALE 4-7) 10
TOTAL FM JUL 1 3429 CLOUDY (SCALE 8-10) 3
DPTR FM NORMAL -630
[CDD (BASE 65) ]
TOTAL THIS MO. 62
DPTR FM NORMAL -47 [PRESSURE DATA]
TOTAL FM JAN 1 107 HIGHEST SLP 30.24 ON 15
DPTR FM NORMAL -52 LOWEST SLP 29.51 ON 1
[REMARKS]
#FINAL-05-23#