000
CXUS53 KSGF 010710
CF6JLN
PRELIMINARY LOCAL CLIMATOLOGICAL DATA (WS FORM: F-6)
STATION: JOPLIN MO
MONTH: JULY
YEAR: 2021
LATITUDE: 37 10 N
LONGITUDE: 94 30 W
TEMPERATURE IN F: :PCPN: SNOW: WIND :SUNSHINE: SKY :PK WND
================================================================================
1 2 3 4 5 6A 6B 7 8 9 10 11 12 13 14 15 16 17 18
12Z AVG MX 2MIN
DY MAX MIN AVG DEP HDD CDD WTR SNW DPTH SPD SPD DIR MIN PSBL S-S WX SPD DR
================================================================================
1 85 71 78 -1 0 13 T M M 5.0 14 340 M M 6 1 18 330
2 85 67 76 -3 0 11 0.00 M M 5.6 16 90 M M 1 18 22 110
3 87 65 76 -3 0 11 0.00 M M 2.8 8 340 M M 4 18 12 280
4 88 68 78 -1 0 13 0.00 M M 5.6 10 150 M M 3 18 15 160
5 87 64 76 -3 0 11 0.00 M M 4.8 10 170 M M 2 13 210
6 88 67 78 -1 0 13 0.00 M M 2.1 9 190 M M 1 14 170
7 89 66 78 -1 0 13 T M M 3.2 12 210 M M 3 16 250
8 88 69 79 -1 0 14 0.00 M M 2.6 10 360 M M 4 14 360
9 91 69 80 0 0 15 0.00 M M 10.1 21 220 M M 1 28 220
10 86 69 78 -2 0 13 0.31 M M 10.3 20 180 M M 4 13 33 250
11 78 64 71 -9 0 6 0.57 M M 5.1 16 330 M M 6 138 21 320
12 78 65 72 -8 0 7 0.01 M M 4.5 13 320 M M 8 1 16 310
13 87 62 75 -5 0 10 0.00 M M 6.1 14 180 M M 0 1 19 220
14 89 74 82 2 0 17 0.00 M M 12.7 23 200 M M 0 32 220
15 88 70 79 -1 0 14 0.12 M M 12.1 22 350 M M 1 1 29 340
16 85 67 76 -4 0 11 2.04 M M 5.9 21 300 M M 9 13 29 330
17 86 69 78 -2 0 13 0.00 M M 5.2 17 110 M M 4 3 25 150
18 87 69 78 -2 0 13 0.00 M M 3.9 13 30 M M 5 1 19 70
19 86 69 78 -2 0 13 T M M 5.4 14 40 M M 2 1 21 50
20 84 67 76 -4 0 11 0.00 M M 5.1 13 80 M M 1 1 22 40
21 87 64 76 -4 0 11 0.00 M M 2.6 9 50 M M 1 1 12 30
22 87 69 78 -2 0 13 0.00 M M 5.1 13 260 M M 2 18 17 250
23 91 72 82 2 0 17 0.00 M M 7.0 13 180 M M 2 18 19 220
24 93 75 84 4 0 19 0.00 M M 6.9 15 210 M M 1 8 20 210
25 92 73 83 3 0 18 0.00 M M 5.1 30 10 M M 2 38 42 360
26 93 72 83 3 0 18 0.00 M M 4.8 10 80 M M 0 1 16 50
27 96 73 85 5 0 20 0.00 M M 3.4 8 360 M M 1 1 11 220
28 96 74 85 5 0 20 0.00 M M 2.8 9 210 M M 1 18 18 260
29 95 74 85 5 0 20 0.00 M M 6.2 13 230 M M 0 1 17 230
30 96 72 84 4 0 19 0.00 M M 5.8 12 230 M M 1 18 16 230
31 96 71 84 4 0 19 0.21 M M 8.6 25 300 M M 1 13 36 300
================================================================================
SM 2744 2140 0 436 3.26 M 176.4 M 77
================================================================================
AV 88.5 69.0 5.7 FASTST M M 2 MAX(MPH)
MISC ----> 30 10 42 360
================================================================================
NOTES:
# LAST OF SEVERAL OCCURRENCES
COLUMN 17 PEAK WIND IN M.P.H.
PRELIMINARY LOCAL CLIMATOLOGICAL DATA (WS FORM: F-6) , PAGE 2
STATION: JOPLIN MO
MONTH: JULY
YEAR: 2021
LATITUDE: 37 10 N
LONGITUDE: 94 30 W
[TEMPERATURE DATA] [PRECIPITATION DATA] SYMBOLS USED IN COLUMN 16
AVERAGE MONTHLY: 78.8 TOTAL FOR MONTH: 3.26 1 = FOG OR MIST
DPTR FM NORMAL: -1.1 DPTR FM NORMAL: -0.71 2 = FOG REDUCING VISIBILITY
HIGHEST: 96 ON 31,30 GRTST 24HR 2.16 ON 15-16 TO 1/4 MILE OR LESS
LOWEST: 62 ON 13 3 = THUNDER
SNOW, ICE PELLETS, HAIL 4 = ICE PELLETS
TOTAL MONTH: M 5 = HAIL
GRTST 24HR M ON M 6 = FREEZING RAIN OR DRIZZLE
GRTST DEPTH: M ON M 7 = DUSTSTORM OR SANDSTORM:
VSBY 1/2 MILE OR LESS
8 = SMOKE OR HAZE
[NO. OF DAYS WITH] [WEATHER - DAYS WITH] 9 = BLOWING SNOW
X = TORNADO
MAX 32 OR BELOW: 0 0.01 INCH OR MORE: 6
MAX 90 OR ABOVE: 10 0.10 INCH OR MORE: 5
MIN 32 OR BELOW: 0 0.50 INCH OR MORE: 2
MIN 0 OR BELOW: 0 1.00 INCH OR MORE: 1
[HDD (BASE 65) ]
TOTAL THIS MO. 0 CLEAR (SCALE 0-3) 22
DPTR FM NORMAL 0 PTCLDY (SCALE 4-7) 8
TOTAL FM JUL 1 0 CLOUDY (SCALE 8-10) 1
DPTR FM NORMAL 0
[CDD (BASE 65) ]
TOTAL THIS MO. 436
DPTR FM NORMAL -26 [PRESSURE DATA]
TOTAL FM JAN 1 909 HIGHEST SLP M ON M
DPTR FM NORMAL -47 LOWEST SLP 29.77 ON 10
[REMARKS]
#FINAL-07-21#