000
CXUS53 KBIS 010830
CF6JMS
PRELIMINARY LOCAL CLIMATOLOGICAL DATA (WS FORM: F-6)
STATION: JAMESTOWN ND
MONTH: JUNE
YEAR: 2022
LATITUDE: 46 55 N
LONGITUDE: 98 40 W
TEMPERATURE IN F: :PCPN: SNOW: WIND :SUNSHINE: SKY :PK WND
================================================================================
1 2 3 4 5 6A 6B 7 8 9 10 11 12 13 14 15 16 17 18
12Z AVG MX 2MIN
DY MAX MIN AVG DEP HDD CDD WTR SNW DPTH SPD SPD DIR MIN PSBL S-S WX SPD DR
================================================================================
1 70 43 57 -4 8 0 0.00 M M 11.1 23 280 M M 2 34 290
2 70 46 58 -3 7 0 0.00 M M 15.3 32 290 M M 1 43 300
3 73 38 56 -6 9 0 0.00 M M 8.1 20 260 M M 0 1 27 260
4 76 45 61 -1 4 0 0.00 M M 4.9 12 320 M M 0 17 320
5 77 46 62 0 3 0 0.01 M M 7.2 18 40 M M 4 8 28 90
6 68 50 59 -4 6 0 0.00 M M 10.1 18 100 M M 2 8 25 60
7 72 49 61 -2 4 0 0.00 M M 4.7 13 270 M M 4 15 260
8 73 55 64 1 1 0 T M M 6.2 15 340 M M 6 21 330
9 78 48 63 -1 2 0 T M M 4.5 17 210 M M 4 23 200
10 77 50 64 0 1 0 0.33 M M 6.0 18 170 M M 5 13 23 170
11 75 59 67 3 0 2 0.04 M M 5.6 21 130 M M 5 1 26 120
12 84 61 73 9 0 8 0.01 M M 7.7 22 240 M M 2 18 29 260
13 83 63 73 9 0 8 0.13 M M 10.0 31 110 M M 5 1 43 120
14 78 57 68 3 0 3 0.96 M M 13.6 43 30 M M 4 13 58 30
15 74 53 64 -1 1 0 0.03 M M 16.2 33 250 M M 3 8 51 260
16 73 59 66 1 0 1 T M M 21.5 30 280 M M 8 52 280
17 83 53 68 2 0 3 0.00 M M 8.8 17 130 M M 0 26 120
18 94 66 80 14 0 15 0.00 M M 19.7 29 150 M M 0 43 180
19 97 71 84 18 0 19 0.11 M M 18.3 36 230 M M 1 38 54 230
20 81 65 73 7 0 8 0.39 M M 10.3 30 300 M M 2 13 40 300
21 75 59 67 1 0 2 0.00 M M 16.6 30 300 M M 2 44 310
22 82 55 69 2 0 4 0.00 M M 8.0 17 260 M M 0 24 250
23 92 60 76 9 0 11 0.00 M M 5.0 13 140 M M 0 18 120
24 89 63 76 9 0 11 0.45 M M 11.5 32 340 M M 3 13 43 330
25 66 55 61 -6 4 0 0.00 M M 19.6 30 300 M M 6 46 300
26 74 50 62 -5 3 0 0.00 M M 13.2 24 330 M M 1 36 320
27 83 57 70 2 0 5 0.00 M M 7.0 17 270 M M 2 3 26 280
28 77 55 66 -2 0 1 0.00 M M 8.0 16 70 M M 0 24 10
29 89 57 73 5 0 8 0.16 M M 12.3 30 140 M M 2 13 40 320
30 77 59 68 0 0 3 T M M 11.4 23 330 M M 2 3 33 320
================================================================================
SM 2360 1647 53 112 2.62 M 322.4 M 76
================================================================================
AV 78.7 54.9 10.7 FASTST M M 3 MAX(MPH)
MISC ----> 43 30 58 30
================================================================================
NOTES:
# LAST OF SEVERAL OCCURRENCES
COLUMN 17 PEAK WIND IN M.P.H.
PRELIMINARY LOCAL CLIMATOLOGICAL DATA (WS FORM: F-6) , PAGE 2
STATION: JAMESTOWN ND
MONTH: JUNE
YEAR: 2022
LATITUDE: 46 55 N
LONGITUDE: 98 40 W
[TEMPERATURE DATA] [PRECIPITATION DATA] SYMBOLS USED IN COLUMN 16
AVERAGE MONTHLY: 66.8 TOTAL FOR MONTH: 2.62 1 = FOG OR MIST
DPTR FM NORMAL: 1.8 DPTR FM NORMAL: -0.75 2 = FOG REDUCING VISIBILITY
HIGHEST: 97 ON 19 GRTST 24HR 0.99 ON 14-15 TO 1/4 MILE OR LESS
LOWEST: 38 ON 3 3 = THUNDER
SNOW, ICE PELLETS, HAIL 4 = ICE PELLETS
TOTAL MONTH: M 5 = HAIL
GRTST 24HR M ON M 6 = FREEZING RAIN OR DRIZZLE
GRTST DEPTH: M ON M 7 = DUSTSTORM OR SANDSTORM:
VSBY 1/2 MILE OR LESS
8 = SMOKE OR HAZE
[NO. OF DAYS WITH] [WEATHER - DAYS WITH] 9 = BLOWING SNOW
X = TORNADO
MAX 32 OR BELOW: 0 0.01 INCH OR MORE: 11
MAX 90 OR ABOVE: 3 0.10 INCH OR MORE: 7
MIN 32 OR BELOW: 0 0.50 INCH OR MORE: 1
MIN 0 OR BELOW: 0 1.00 INCH OR MORE: 0
[HDD (BASE 65) ]
TOTAL THIS MO. 53 CLEAR (SCALE 0-3) 19
DPTR FM NORMAL -30 PTCLDY (SCALE 4-7) 11
TOTAL FM JUL 1 8775 CLOUDY (SCALE 8-10) 0
DPTR FM NORMAL -236
[CDD (BASE 65) ]
TOTAL THIS MO. 112
DPTR FM NORMAL 30 [PRESSURE DATA]
TOTAL FM JAN 1 117 HIGHEST SLP 30.25 ON 26
DPTR FM NORMAL 19 LOWEST SLP 29.17 ON 14
[REMARKS]
#FINAL-06-22#