000
CXHW50 PHFO 011250
CF6JRF
PRELIMINARY LOCAL CLIMATOLOGICAL DATA (WS FORM: F-6)
STATION: KALAELOA ARPT/OAHU HI
MONTH: JULY
YEAR: 2020
LATITUDE: 21 19 N
LONGITUDE: 158 4 W
TEMPERATURE IN F: :PCPN: SNOW: WIND :SUNSHINE: SKY :PK WND
================================================================================
1 2 3 4 5 6A 6B 7 8 9 10 11 12 13 14 15 16 17 18
12Z AVG MX 2MIN
DY MAX MIN AVG DEP HDD CDD WTR SNW DPTH SPD SPD DIR MIN PSBL S-S WX SPD DR
================================================================================
1 91 68 80 0 0 15 0.00 0.0 M 5.9 13 70 M M M 21 40
2 91 71 81 1 0 16 0.00 0.0 M 5.9 13 50 M M M 8 21 90
3 90 73 82 2 0 17 0.00 0.0 M 5.5 13 280 M M M 18 120
4 86 73 80 0 0 15 0.00 0.0 M 5.3 16 150 M M M 18 20 140
5 87 69 78 -2 0 13 0.00 0.0 M 6.6 17 150 M M M 22 150
6 90 73 82 2 0 17 0.00 0.0 M 5.4 14 70 M M M 20 70
7 88 72 80 0 0 15 0.01 0.0 M 6.3 14 80 M M M 8 24 70
8 88 71 80 0 0 15 0.00 0.0 M 6.5 16 70 M M M 26 60
9 89 72 81 1 0 16 T 0.0 M 5.8 15 90 M M M 8 23 30
10 90 75 83 3 0 18 0.00 0.0 M 8.3 15 90 M M M 26 70
11 90 74 82 2 0 17 T 0.0 M 6.8 15 70 M M M 25 50
12 88 72 80 0 0 15 T 0.0 M 6.5 17 70 M M M 27 70
13 89 72 81 1 0 16 T 0.0 M 6.1 13 40 M M M 25 80
14 88 72 80 0 0 15 T 0.0 M 5.0 13 70 M M M 18 22 70
15 87 74 81 1 0 16 M 0.0 M 6.2 14 110 M M M 23 110
16 88 70 79 -1 0 14 M 0.0 M 5.5 16 120 M M M 22 120
17 89 72 81 1 0 16 M 0.0 M 6.1 16 140 M M M 21 120
18 92 71 82 2 0 17 M 0.0 M 6.6 13 70 M M M 22 20
19 91 77 84 4 0 19 M 0.0 M 7.3 14 60 M M M 25 60
20 M M M M M M M M M M M M M M M M M
21 87 71 79 -1 0 14 M 0.0 M 5.9 13 220 M M M 17 270
22 84 69 77 -3 0 12 M 0.0 M 5.5 15 150 M M M 19 120
23 91 70 81 1 0 16 M 0.0 M 5.8 14 80 M M M 23 60
24 91 73 82 2 0 17 M 0.0 M 6.6 14 80 M M M 24 70
25 91 75 83 3 0 18 M 0.0 M 7.8 16 70 M M M 25 70
26 89 78 84 4 0 19 M 0.0 M 8.3 20 290 M M M 8 26 30
27 91 78 85 5 0 20 M 0.0 M 8.9 16 80 M M M 25 30
28 89 74 82 2 0 17 M 0.0 M 7.6 16 80 M M M 28 60
29 89 71 80 0 0 15 M 0.0 M 5.8 14 70 M M M 1 24 30
30 89 72 81 1 0 16 M 0.0 M 6.8 16 110 M M M 27 50
31 90 74 82 1 0 17 M 0.0 M 7.9 15 50 M M M 25 60
================================================================================
SM 2673 2176 0 483 0.01 0.0 194.5 M M
================================================================================
AV 89.1 72.5 6.5 FASTST M M 0 MAX(MPH)
MISC ----> # 20 290 # 28 60
================================================================================
NOTES:
# LAST OF SEVERAL OCCURRENCES
COLUMN 17 PEAK WIND IN M.P.H.
PRELIMINARY LOCAL CLIMATOLOGICAL DATA (WS FORM: F-6) , PAGE 2
STATION: KALAELOA ARPT/OAHU HI
MONTH: JULY
YEAR: 2020
LATITUDE: 21 19 N
LONGITUDE: 158 4 W
[TEMPERATURE DATA] [PRECIPITATION DATA] SYMBOLS USED IN COLUMN 16
AVERAGE MONTHLY: 80.8 TOTAL FOR MONTH: 0.01 1 = FOG OR MIST
DPTR FM NORMAL: 0.5 DPTR FM NORMAL: -0.55 2 = FOG REDUCING VISIBILITY
HIGHEST: 92 ON 18 GRTST 24HR 0.01 ON 7- 7 TO 1/4 MILE OR LESS
LOWEST: 68 ON 1 3 = THUNDER
SNOW, ICE PELLETS, HAIL 4 = ICE PELLETS
TOTAL MONTH: 0.0 INCH 5 = HAIL
GRTST 24HR 0.0 6 = FREEZING RAIN OR DRIZZLE
GRTST DEPTH: M ON M 7 = DUSTSTORM OR SANDSTORM:
VSBY 1/2 MILE OR LESS
8 = SMOKE OR HAZE
[NO. OF DAYS WITH] [WEATHER - DAYS WITH] 9 = BLOWING SNOW
X = TORNADO
MAX 32 OR BELOW: 0 0.01 INCH OR MORE: 1
MAX 90 OR ABOVE: 13 0.10 INCH OR MORE: 0
MIN 32 OR BELOW: 0 0.50 INCH OR MORE: 0
MIN 0 OR BELOW: 0 1.00 INCH OR MORE: 0
[HDD (BASE 65) ]
TOTAL THIS MO. 0 CLEAR (SCALE 0-3) 0
DPTR FM NORMAL 0 PTCLDY (SCALE 4-7) 0
TOTAL FM JUL 1 0 CLOUDY (SCALE 8-10) 0
DPTR FM NORMAL 0
[CDD (BASE 65) ]
TOTAL THIS MO. 483
DPTR FM NORMAL 9 [PRESSURE DATA]
TOTAL FM JAN 1 753 HIGHEST SLP 30.13 ON 7
DPTR FM NORMAL -1512 LOWEST SLP 29.86 ON 26
[REMARKS]
#FINAL-07-20#