000
CXUS54 KFWD 220504
CF6JWY
PRELIMINARY LOCAL CLIMATOLOGICAL DATA (WS FORM: F-6)
STATION: WAXAHACHIE
MONTH: JULY
YEAR: 2022
LATITUDE: 32 27 N
LONGITUDE: 96 54 W
TEMPERATURE IN F: :PCPN: SNOW: WIND :SUNSHINE: SKY :PK WND
================================================================================
1 2 3 4 5 6A 6B 7 8 9 10 11 12 13 14 15 16 17 18
12Z AVG MX 2MIN
DY MAX MIN AVG DEP HDD CDD WTR SNW DPTH SPD SPD DIR MIN PSBL S-S WX SPD DR
================================================================================
1 96 72 84 2 0 19 0.00 M M 5.2 10 70 M M 3 M M
2 99 73 86 4 0 21 0.00 M M 3.2 9 90 M M 3 16 220
3 102 77 90 8 0 25 0.00 M M 6.8 12 170 M M 2 22 200
4 100 76 88 5 0 23 0.00 M M 9.2 16 180 M M 1 22 180
5 101 76 89 6 0 24 0.00 M M 8.7 16 200 M M 4 21 190
6 103 77 90 7 0 25 0.00 M M 8.2 14 160 M M 2 21 210
7 102 77 90 7 0 25 0.00 M M 7.0 13 190 M M 2 20 210
8 105 78 92 9 0 27 0.00 M M 6.0 12 210 M M 1 17 230
9 107 82 95 12 0 30 0.00 M M 4.2 8 20 M M 2 M M
10 103 79 91 8 0 26 0.00 M M 5.1 9 360 M M 0 20 20
11 103 77 90 7 0 25 0.00 M M 4.4 10 40 M M 0 M M
12 105 75 90 7 0 25 0.00 M M 4.5 10 90 M M 0 17 60
13 106 74 90 6 0 25 0.00 M M 2.0 8 50 M M 0 M M
14 96 69 83 -1 0 18 1.33 M M 4.8 13 170 M M 1 21 180
15 98 70 84 0 0 19 0.00 M M 2.7 8 110 M M 1 M M
16 99 74 87 3 0 22 0.00 M M 5.5 10 150 M M 1 17 190
17 103 77 90 6 0 25 0.00 M M 7.0 12 170 M M 0 18 140
18 106 80 93 9 0 28 0.00 M M 10.7 15 170 M M 1 23 180
19 106 80 93 9 0 28 0.00 M M 12.7 18 200 M M 3 25 190
20 106 79 93 9 0 28 0.00 M M 9.7 16 210 M M 5 22 190
21 103 78 91 7 0 26 0.00 M M 6.7 16 200 M M 5 23 200
22 100 78 89 5 0 24 0.00 M M 6.7 13 90 M M 8 20 110
23 100 74 87 3 0 22 0.00 M M 7.9 13 190 M M 5 21 190
24 102 78 90 6 0 25 0.00 M M 8.6 14 210 M M 6 23 160
25 103 78 91 7 0 26 0.00 M M 8.9 15 200 M M 7 20 200
26 102 76 89 5 0 24 0.00 M M 8.7 14 190 M M 5 21 190
27 102 78 90 6 0 25 0.00 M M 8.7 14 170 M M 7 21 170
28 102 78 90 6 0 25 0.00 M M 7.7 13 180 M M 7 18 170
29 102 77 90 6 0 25 0.00 M M 6.7 13 200 M M 7 20 220
30 102 79 91 7 0 26 0.00 M M 8.3 13 180 M M 7 18 190
31 103 81 92 8 0 27 0.00 M M 9.6 15 210 M M 6 20 210
================================================================================
SM 3167 2377 0 763 1.33 M 216.1 M 102
================================================================================
AV102.2 76.7 7.0 FASTST M M 3 MAX(MPH)
MISC ----> 18 200 25 190
================================================================================
NOTES:
# LAST OF SEVERAL OCCURRENCES
COLUMN 17 PEAK WIND IN M.P.H.
PRELIMINARY LOCAL CLIMATOLOGICAL DATA (WS FORM: F-6) , PAGE 2
STATION: WAXAHACHIE
MONTH: JULY
YEAR: 2022
LATITUDE: 32 27 N
LONGITUDE: 96 54 W
[TEMPERATURE DATA] [PRECIPITATION DATA] SYMBOLS USED IN COLUMN 16
AVERAGE MONTHLY: 89.4 TOTAL FOR MONTH: 1.33 1 = FOG OR MIST
DPTR FM NORMAL: 5.8 DPTR FM NORMAL: -1.33 2 = FOG REDUCING VISIBILITY
HIGHEST: 107 ON 9 GRTST 24HR 1.33 ON 14-14 TO 1/4 MILE OR LESS
LOWEST: 69 ON 14 3 = THUNDER
SNOW, ICE PELLETS, HAIL 4 = ICE PELLETS
TOTAL MONTH: M 5 = HAIL
GRTST 24HR M ON M 6 = FREEZING RAIN OR DRIZZLE
GRTST DEPTH: M ON M 7 = DUSTSTORM OR SANDSTORM:
VSBY 1/2 MILE OR LESS
8 = SMOKE OR HAZE
[NO. OF DAYS WITH] [WEATHER - DAYS WITH] 9 = BLOWING SNOW
X = TORNADO
MAX 32 OR BELOW: 0 0.01 INCH OR MORE: 1
MAX 90 OR ABOVE: 31 0.10 INCH OR MORE: 1
MIN 32 OR BELOW: 0 0.50 INCH OR MORE: 1
MIN 0 OR BELOW: 0 1.00 INCH OR MORE: 1
[HDD (BASE 65) ]
TOTAL THIS MO. 0 CLEAR (SCALE 0-3) 16
DPTR FM NORMAL 0 PTCLDY (SCALE 4-7) 15
TOTAL FM JUL 1 0 CLOUDY (SCALE 8-10) 0
DPTR FM NORMAL 0
[CDD (BASE 65) ]
TOTAL THIS MO. 763
DPTR FM NORMAL 186 [PRESSURE DATA]
TOTAL FM JAN 1 1880 HIGHEST SLP M ON M
DPTR FM NORMAL 526 LOWEST SLP M ON M
[REMARKS]
#FINAL-07-22#