000
CXUS53 KGRR 011010
CF6JXN
PRELIMINARY LOCAL CLIMATOLOGICAL DATA (WS FORM: F-6)
STATION: JACKSON
MONTH: NOVEMBER
YEAR: 2021
LATITUDE: 42 16 N
LONGITUDE: 84 28 W
TEMPERATURE IN F: :PCPN: SNOW: WIND :SUNSHINE: SKY :PK WND
================================================================================
1 2 3 4 5 6A 6B 7 8 9 10 11 12 13 14 15 16 17 18
12Z AVG MX 2MIN
DY MAX MIN AVG DEP HDD CDD WTR SNW DPTH SPD SPD DIR MIN PSBL S-S WX SPD DR
================================================================================
1 49 32 41 -5 24 0 T M M 7.3 17 250 M M 5 26 240
2 44 29 37 -8 28 0 0.02 M M 6.9 20 240 M M 8 31 250
3 46 26 36 -9 29 0 0.00 M M 2.8 12 240 M M 6 19 310
4 46 27 37 -7 28 0 0.00 M M 1.7 9 310 M M 7 14 280
5 50 27 39 -5 26 0 0.00 M M 3.3 12 180 M M 6 15 190
6 54 27 41 -3 24 0 0.00 M M 5.7 16 220 M M 0 18 22 200
7 66 38 52 9 13 0 0.00 M M 6.0 14 210 M M 0 18 20 220
8 65 45 55 12 10 0 0.00 M M 8.2 17 210 M M 0 8 24 230
9 54 M M M M M 0.00 M M 2.7 10 40 M M 6 18 13 30
10 54 29 42 0 23 0 0.00 M M 5.4 17 80 M M 3 128 24 90
11 65 42 54 12 11 0 0.05 M M 12.3 26 220 M M 4 1 40 160
12 48 33 41 0 24 0 0.02 M M 13.3 29 180 M M 5 1 42 170
13 40 33 37 -4 28 0 0.11 M M 10.9 20 280 M M 10 1 29 280
14 36 32 34 -6 31 0 0.14 M M 10.4 17 210 M M 10 18 28 330
15 37 26 32 -8 33 0 0.00 M M 7.9 15 220 M M 8 21 300
16 45 26 36 -4 29 0 0.00 M M 5.3 14 120 M M 3 1 21 120
17 61 40 51 12 14 0 0.22 M M 11.5 21 200 M M 10 18 33 190
18 44 30 37 -2 28 0 T M M 12.3 24 230 M M 8 38 220
19 41 29 35 -3 30 0 T M M 6.7 13 240 M M 5 1 18 270
20 39 31 35 -3 30 0 T M M 7.4 15 170 M M 7 21 160
21 44 29 37 -1 28 0 0.09 M M 7.5 24 240 M M 6 1 40 250
22 37 22 30 -7 35 0 0.00 M M 9.0 18 240 M M 5 31 230
23 39 17 28 -9 37 0 0.00 M M 5.0 12 160 M M 0 17 170
24 49 31 40 3 25 0 T M M 12.4 22 170 M M 1 31 170
25 46 30 38 2 27 0 0.29 M M 8.3 18 300 M M 10 1 29 310
26 30 22 26 -10 39 0 0.00 M M 8.2 17 290 M M 9 30 250
27 30 23 27 -9 38 0 0.32 M M 5.2 13 120 M M 9 1 18 110
28 36 29 33 -2 32 0 0.01 M M 9.7 24 280 M M 9 18 40 260
29 37 20 29 -6 36 0 0.19 M M 6.7 15 220 M M 5 1 21 220
30 40 25 33 -1 32 0 T M M 6.0 17 250 M M 6 12 27 270
================================================================================
SM 1372 850 792 0 1.46 M 226.0 M 171
================================================================================
AV 45.7 29.3 7.5 FASTST M M 6 MAX(MPH)
MISC ----> 29 180 42 170
================================================================================
NOTES:
# LAST OF SEVERAL OCCURRENCES
COLUMN 17 PEAK WIND IN M.P.H.
PRELIMINARY LOCAL CLIMATOLOGICAL DATA (WS FORM: F-6) , PAGE 2
STATION: JACKSON
MONTH: NOVEMBER
YEAR: 2021
LATITUDE: 42 16 N
LONGITUDE: 84 28 W
[TEMPERATURE DATA] [PRECIPITATION DATA] SYMBOLS USED IN COLUMN 16
AVERAGE MONTHLY: 37.5 TOTAL FOR MONTH: 1.46 1 = FOG OR MIST
DPTR FM NORMAL: -2.4 DPTR FM NORMAL: -0.87 2 = FOG REDUCING VISIBILITY
HIGHEST: 66 ON 7 GRTST 24HR 0.33 ON 27-28 TO 1/4 MILE OR LESS
LOWEST: 17 ON 23 3 = THUNDER
SNOW, ICE PELLETS, HAIL 4 = ICE PELLETS
TOTAL MONTH: M 5 = HAIL
GRTST 24HR M ON M 6 = FREEZING RAIN OR DRIZZLE
GRTST DEPTH: M ON M 7 = DUSTSTORM OR SANDSTORM:
VSBY 1/2 MILE OR LESS
8 = SMOKE OR HAZE
[NO. OF DAYS WITH] [WEATHER - DAYS WITH] 9 = BLOWING SNOW
X = TORNADO
MAX 32 OR BELOW: 2 0.01 INCH OR MORE: 11
MAX 90 OR ABOVE: 0 0.10 INCH OR MORE: 6
MIN 32 OR BELOW: 23 0.50 INCH OR MORE: 0
MIN 0 OR BELOW: 0 1.00 INCH OR MORE: 0
[HDD (BASE 65) ]
TOTAL THIS MO. 792 CLEAR (SCALE 0-3) 6
DPTR FM NORMAL 39 PTCLDY (SCALE 4-7) 16
TOTAL FM JUL 1 1122 CLOUDY (SCALE 8-10) 8
DPTR FM NORMAL -225
[CDD (BASE 65) ]
TOTAL THIS MO. 0
DPTR FM NORMAL 0 [PRESSURE DATA]
TOTAL FM JAN 1 878 HIGHEST SLP 30.51 ON 19
DPTR FM NORMAL 244 LOWEST SLP 29.58 ON 11
[REMARKS]
#FINAL-11-21#