000
CXUS53 KGRR 011011
CLMJXN
CLIMATE REPORT
NATIONAL WEATHER SERVICE GRAND RAPIDS, MICHIGAN
511 AM EST FRI MAR 01 2024
...................................
...THE JACKSON CLIMATE SUMMARY FOR THE MONTH OF FEBRUARY 2024...
CLIMATE NORMAL PERIOD: 1991 TO 2020
CLIMATE RECORD PERIOD: 1944 TO 2024
WEATHER OBSERVED NORMAL DEPART LAST YEAR`S
VALUE DATE(S) VALUE FROM VALUE DATE(S)
NORMAL
................................................................
TEMPERATURE (F)
HIGHEST 73 02/27 MM MM 59 02/09
LOWEST 15 02/19 MM MM 1 02/01
02/03
AVG. MAXIMUM 46.0 34.5 11.5 41.2
AVG. MINIMUM 25.2 18.6 6.6 24.1
MEAN 35.6 26.6 9.0 32.6
DAYS MAX >= 90 0 0.0 0.0 0
DAYS MAX <= 32 3 13.2 -10.2 4
DAYS MIN <= 32 25 25.4 -0.4 24
DAYS MIN <= 0 0 2.1 -2.1 0
PRECIPITATION (INCHES)
TOTALS 0.12R 1.52 -1.40 2.93
DAILY AVG. 0.00 NAN NAN 0.10
DAYS >= .01 3 10.3 -7.3 7
DAYS >= .10 0 3.8 -3.8 3
DAYS >= .50 0 0.7 -0.7 3
DAYS >= 1.00 0 0.1 -0.1 1
GREATEST
24 HR. TOTAL 0.08 02/27 TO 02/27
DEGREE DAYS
HEATING TOTAL 843 1076 -233 898
SINCE 7/1 4160 4841 -681 MM
COOLING TOTAL 0 0 0 0
SINCE 1/1 0 0 0 MM
................................................................
WIND (MPH)
AVERAGE WIND SPEED 7.6
RESULTANT WIND SPEED/DIRECTION 3/220
HIGHEST WIND SPEED/DIRECTION 30/260 DATE 02/15
30/240 02/28
HIGHEST GUST SPEED/DIRECTION 45/260 DATE 02/15
45/270 02/28
SKY COVER
POSSIBLE SUNSHINE (PERCENT) MM
AVERAGE SKY COVER 0.44
NUMBER OF DAYS FAIR 12
NUMBER OF DAYS PC 12
NUMBER OF DAYS CLOUDY 5
AVERAGE RH (PERCENT) 69
WEATHER CONDITIONS. NUMBER OF DAYS WITH
THUNDERSTORM 3 MIXED PRECIP 1
HEAVY RAIN 1 RAIN 0
LIGHT RAIN 3 FREEZING RAIN 0
LT FREEZING RAIN 0 HAIL 0
HEAVY SNOW 1 SNOW 1
LIGHT SNOW 6 SLEET 0
FOG 10 FOG W/VIS <= 1/4 MILE 2
HAZE 5
- INDICATES NEGATIVE NUMBERS.
R INDICATES RECORD WAS SET OR TIED.
MM INDICATES DATA IS MISSING.
T INDICATES TRACE AMOUNT.
$$