000
CXUS53 KGID 010930
CF6JYR
PRELIMINARY LOCAL CLIMATOLOGICAL DATA (WS FORM: F-6)
STATION: YORK NE
MONTH: FEBRUARY
YEAR: 2024
LATITUDE: 40 54 N
LONGITUDE: 97 37 W
TEMPERATURE IN F: :PCPN: SNOW: WIND :SUNSHINE: SKY :PK WND
================================================================================
1 2 3 4 5 6A 6B 7 8 9 10 11 12 13 14 15 16 17 18
12Z AVG MX 2MIN
DY MAX MIN AVG DEP HDD CDD WTR SNW DPTH SPD SPD DIR MIN PSBL S-S WX SPD DR
================================================================================
1 54 32 43 M 22 0 0.00 M M 3.5 12 10 M M 2 M M
2 55 36 46 M 19 0 0.00 M M 11.5 17 100 M M 4 1 20 120
3 41 37 39 M 26 0 0.34 M M 16.1 21 100 M M 10 12 28 90
4 39 32 36 M 29 0 0.02 M M 12.8 18 30 M M 9 12 23 20
5 39 28 34 M 31 0 0.00 M M 5.3 10 210 M M 6 12 14 340
6 54 30 42 M 23 0 0.00 M M 11.7 17 170 M M 1 1 23 190
7 54 45 50 M 15 0 0.01 M M 19.9 27 170 M M 3 35 170
8 50 31 41 M 24 0 T M M 14.4 23 290 M M 1 31 290
9 45 27 36 M 29 0 0.00 M M 7.9 13 10 M M 0 20 340
10 32 28 30 M 35 0 0.00 M M 8.8 14 10 M M 7 20 20
11 43 27 35 M 30 0 0.00 M M 5.1 10 320 M M 4 14 320
12 52 25 39 M 26 0 0.00 M M 3.0 10 270 M M 1 15 310
13 54 27 41 M 24 0 0.00 M M 0.3 8 70 M M 2 M M
14 59 27 43 M 22 0 0.00 M M 9.2 28 320 M M 2 39 320
15 37 25 31 M 34 0 0.00 M M 5.5 23 360 M M 6 35 360
16 28 9 19 M 46 0 M M M 10.4 18 360 M M 7 1 28 360
17 39 9 24 M 41 0 0.00 M M 12.9 16 270 M M 0 23 280
18 52 19 36 M 29 0 0.00 M M 8.3 14 290 M M 0 13 99
19 57 23 40 M 25 0 0.00 M M 8.2 17 280 M M 0 21 280
20 70 23 47 M 18 0 0.00 M M 11.1 23 220 M M 0 29 220
21 66 27 47 M 18 0 0.00 M M 7.9 14 40 M M 0 17 90
22 61 30 46 M 19 0 T M M 10.5 20 350 M M 3 29 350
23 59 28 44 M 21 0 0.00 M M 16.1 30 300 M M 0 38 300
24 64 19 42 M 23 0 0.00 M M 11.0 31 260 M M 0 1 38 260
25 64 30 47 M 18 0 0.00 M M 9.7 20 290 M M 0 28 310
26 77 32 55 M 10 0 0.00 M M 13.7 35 260 M M 1 43 260
27 43 12 28 M 37 0 M M M 18.3 33 360 M M 6 8 47 350
28 39 5 22 M 43 0 0.00 M M 11.0 18 330 M M 0 27 330
29 59 27 43 M 22 0 0.00 M M 20.3 31 180 M M 1 38 180
================================================================================
SM 1486 750 759 0 0.37 M 304.4 M 76
================================================================================
AV 51.2 25.9 10.5 FASTST M M 3 MAX(MPH)
MISC ----> 35 260 47 350
================================================================================
NOTES:
# LAST OF SEVERAL OCCURRENCES
COLUMN 17 PEAK WIND IN M.P.H.
PRELIMINARY LOCAL CLIMATOLOGICAL DATA (WS FORM: F-6) , PAGE 2
STATION: YORK NE
MONTH: FEBRUARY
YEAR: 2024
LATITUDE: 40 54 N
LONGITUDE: 97 37 W
[TEMPERATURE DATA] [PRECIPITATION DATA] SYMBOLS USED IN COLUMN 16
AVERAGE MONTHLY: 38.6 TOTAL FOR MONTH: 0.37 1 = FOG OR MIST
DPTR FM NORMAL: 0.0 DPTR FM NORMAL: M 2 = FOG REDUCING VISIBILITY
HIGHEST: 77 ON 26 GRTST 24HR 0.34 ON 3- 3 TO 1/4 MILE OR LESS
LOWEST: 5 ON 28 3 = THUNDER
SNOW, ICE PELLETS, HAIL 4 = ICE PELLETS
TOTAL MONTH: M 5 = HAIL
GRTST 24HR M ON M 6 = FREEZING RAIN OR DRIZZLE
GRTST DEPTH: M ON M 7 = DUSTSTORM OR SANDSTORM:
VSBY 1/2 MILE OR LESS
8 = SMOKE OR HAZE
[NO. OF DAYS WITH] [WEATHER - DAYS WITH] 9 = BLOWING SNOW
X = TORNADO
MAX 32 OR BELOW: 2 0.01 INCH OR MORE: 3
MAX 90 OR ABOVE: 0 0.10 INCH OR MORE: 1
MIN 32 OR BELOW: 26 0.50 INCH OR MORE: 0
MIN 0 OR BELOW: 0 1.00 INCH OR MORE: 0
[HDD (BASE 65) ]
TOTAL THIS MO. 759 CLEAR (SCALE 0-3) 18
DPTR FM NORMAL M PTCLDY (SCALE 4-7) 9
TOTAL FM JUL 1 4310 CLOUDY (SCALE 8-10) 2
DPTR FM NORMAL M
[CDD (BASE 65) ]
TOTAL THIS MO. 0
DPTR FM NORMAL M [PRESSURE DATA]
TOTAL FM JAN 1 0 HIGHEST SLP M ON M
DPTR FM NORMAL M LOWEST SLP M ON M
[REMARKS]
#FINAL-02-24#