000
CXHW53 PHFO 011250
CF6KOA
PRELIMINARY LOCAL CLIMATOLOGICAL DATA (WS FORM: F-6)
STATION: KONA HI
MONTH: JANUARY
YEAR: 2022
LATITUDE: 19 38 N
LONGITUDE: 156 0 W
TEMPERATURE IN F: :PCPN: SNOW: WIND :SUNSHINE: SKY :PK WND
================================================================================
1 2 3 4 5 6A 6B 7 8 9 10 11 12 13 14 15 16 17 18
12Z AVG MX 2MIN
DY MAX MIN AVG DEP HDD CDD WTR SNW DPTH SPD SPD DIR MIN PSBL S-S WX SPD DR
================================================================================
1 84 72 78 3 0 13 0.00 M M 9.5 15 320 M M 2 17 320
2 84 71 78 3 0 13 0.00 M M 7.9 15 360 M M 2 18 350
3 83 73 78 3 0 13 0.00 M M 6.7 15 360 M M 4 19 350
4 84 72 78 3 0 13 0.00 M M 8.8 18 190 M M 2 22 180
5 84 69 77 2 0 12 0.00 M M 9.8 18 330 M M 1 22 320
6 82 71 77 2 0 12 0.00 M M 6.9 10 170 M M 1 13 200
7 83 69 76 1 0 11 0.00 M M 7.8 21 320 M M 2 23 320
8 83 69 76 1 0 11 0.00 M M 7.8 14 360 M M 1 17 150
9 82 69 76 1 0 11 0.00 M M 5.9 13 140 M M 4 14 140
10 84 73 79 4 0 14 0.00 M M 6.9 16 220 M M 4 19 230
11 83 70 77 2 0 12 0.00 M M 8.1 16 180 M M 1 19 180
12 84 70 77 2 0 12 0.00 M M 7.5 16 180 M M 3 20 190
13 83 71 77 2 0 12 T M M 8.2 16 150 M M 4 18 150
14 82 71 77 2 0 12 0.02 M M 6.8 12 290 M M 4 14 30
15 82 68 75 0 0 10 0.00 M M 6.9 14 330 M M 0 16 320
16 82 67 75 0 0 10 0.00 M M 5.4 10 280 M M 1 14 280
17 81 68 75 0 0 10 0.00 M M 5.8 10 280 M M 1 13 270
18 83 71 77 2 0 12 0.00 M M 6.1 12 290 M M 1 14 280
19 83 70 77 2 0 12 T M M 7.0 16 190 M M 4 20 200
20 82 71 77 2 0 12 T M M 5.7 12 260 M M 6 15 270
21 85 69 77 2 0 12 0.00 M M 7.0 21 80 M M 1 26 60
22 82 71 77 2 0 12 T M M 7.0 17 50 M M 4 21 60
23 83 70 77 2 0 12 0.00 M M 7.1 15 30 M M 3 17 30
24 83 68 76 1 0 11 0.00 M M 7.5 20 40 M M 3 23 40
25 84 70 77 2 0 12 0.00 M M 8.2 25 30 M M 2 30 30
26 83 69 76 1 0 11 0.00 M M 9.2 17 160 M M 1 21 150
27 83 70 77 2 0 12 0.00 M M 6.7 13 220 M M 2 16 220
28 83 71 77 2 0 12 0.00 M M 6.9 21 310 M M 5 25 300
29 83 69 76 1 0 11 0.00 M M 7.1 15 310 M M 3 19 300
30 83 70 77 2 0 12 T M M 6.8 14 250 M M 3 18 210
31 81 69 75 0 0 10 0.00 M M 6.5 20 150 M M 5 23 150
================================================================================
SM 2571 2171 0 364 0.02 M 225.5 M 80
================================================================================
AV 82.9 70.0 7.3 FASTST M M 3 MAX(MPH)
MISC ----> 25 30 30 30
================================================================================
NOTES:
# LAST OF SEVERAL OCCURRENCES
COLUMN 17 PEAK WIND IN M.P.H.
PRELIMINARY LOCAL CLIMATOLOGICAL DATA (WS FORM: F-6) , PAGE 2
STATION: KONA HI
MONTH: JANUARY
YEAR: 2022
LATITUDE: 19 38 N
LONGITUDE: 156 0 W
[TEMPERATURE DATA] [PRECIPITATION DATA] SYMBOLS USED IN COLUMN 16
AVERAGE MONTHLY: 76.5 TOTAL FOR MONTH: 0.02 1 = FOG OR MIST
DPTR FM NORMAL: 1.5 DPTR FM NORMAL: -1.33 2 = FOG REDUCING VISIBILITY
HIGHEST: 85 ON 21 GRTST 24HR 2.23 ON 2- 3 TO 1/4 MILE OR LESS
LOWEST: 67 ON 16 3 = THUNDER
SNOW, ICE PELLETS, HAIL 4 = ICE PELLETS
TOTAL MONTH: M 5 = HAIL
GRTST 24HR M ON M 6 = FREEZING RAIN OR DRIZZLE
GRTST DEPTH: M ON M 7 = DUSTSTORM OR SANDSTORM:
VSBY 1/2 MILE OR LESS
8 = SMOKE OR HAZE
[NO. OF DAYS WITH] [WEATHER - DAYS WITH] 9 = BLOWING SNOW
X = TORNADO
MAX 32 OR BELOW: 0 0.01 INCH OR MORE: 1
MAX 90 OR ABOVE: 0 0.10 INCH OR MORE: 0
MIN 32 OR BELOW: 0 0.50 INCH OR MORE: 0
MIN 0 OR BELOW: 0 1.00 INCH OR MORE: 0
[HDD (BASE 65) ]
TOTAL THIS MO. 0 CLEAR (SCALE 0-3) 20
DPTR FM NORMAL 0 PTCLDY (SCALE 4-7) 11
TOTAL FM JUL 1 0 CLOUDY (SCALE 8-10) 0
DPTR FM NORMAL 0
[CDD (BASE 65) ]
TOTAL THIS MO. 364
DPTR FM NORMAL 54 [PRESSURE DATA]
TOTAL FM JAN 1 364 HIGHEST SLP 30.14 ON 28
DPTR FM NORMAL 54 LOWEST SLP 29.81 ON 2
[REMARKS]
#FINAL-01-22#