000
CXHW53 PHFO 011250
CF6KOA
PRELIMINARY LOCAL CLIMATOLOGICAL DATA (WS FORM: F-6)
STATION: KONA HI
MONTH: APRIL
YEAR: 2021
LATITUDE: 19 38 N
LONGITUDE: 156 0 W
TEMPERATURE IN F: :PCPN: SNOW: WIND :SUNSHINE: SKY :PK WND
================================================================================
1 2 3 4 5 6A 6B 7 8 9 10 11 12 13 14 15 16 17 18
12Z AVG MX 2MIN
DY MAX MIN AVG DEP HDD CDD WTR SNW DPTH SPD SPD DIR MIN PSBL S-S WX SPD DR
================================================================================
1 84 71 78 1 0 13 T M M 6.1 16 150 M M 5 20 150
2 83 67 75 -2 0 10 0.00 M M 7.6 18 60 M M 3 22 60
3 83 70 77 0 0 12 0.00 M M 6.2 13 140 M M 5 16 200
4 83 73 78 1 0 13 T M M 8.4 14 240 M M 5 17 170
5 85 72 79 2 0 14 0.00 M M 7.1 16 190 M M 3 21 190
6 84 71 78 1 0 13 0.00 M M 7.3 15 20 M M 4 16 240
7 83 70 77 0 0 12 0.22 M M 11.7 18 40 M M 4 24 30
8 86 67 77 0 0 12 0.00 M M 9.8 25 10 M M 2 30 20
9 82 66 74 -3 0 9 0.00 M M 9.6 18 200 M M 4 22 220
10 82 70 76 -1 0 11 T M M 7.8 14 130 M M 8 M M
11 80 69 75 -2 0 10 0.00 M M 8.3 14 130 M M 4 17 300
12 83 66 75 -2 0 10 0.00 M M 9.6 20 150 M M 2 22 150
13 85 69 77 0 0 12 0.00 M M 7.1 15 170 M M 2 19 310
14 84 67 76 -1 0 11 0.00 M M 8.5 17 170 M M 3 20 180
15 83 68 76 -1 0 11 0.11 M M 8.1 15 130 M M 3 18 130
16 82 70 76 -1 0 11 T M M 5.5 14 270 M M 6 18 320
17 84 69 77 0 0 12 0.00 M M 8.1 16 320 M M 2 19 320
18 84 70 77 0 0 12 0.00 M M 9.0 18 30 M M 3 22 30
19 83 73 78 1 0 13 0.00 M M 7.5 16 200 M M 3 19 190
20 83 73 78 1 0 13 0.00 M M 9.1 14 170 M M 5 18 200
21 84 75 80 3 0 15 0.00 M M 7.5 20 140 M M 6 25 140
22 86 71 79 2 0 14 0.00 M M 7.5 14 200 M M 5 17 230
23 83 72 78 1 0 13 0.01 M M 7.1 13 130 M M 5 18 110
24 83 71 77 0 0 12 0.11 M M 6.6 16 140 M M 7 18 18 140
25 84 72 78 1 0 13 0.01 M M 8.1 15 160 M M 6 17 150
26 82 73 78 1 0 13 0.00 M M 6.4 14 10 M M 7 16 20
27 84 70 77 0 0 12 0.00 M M 7.3 13 270 M M 5 16 280
28 82 72 77 0 0 12 0.31 M M 7.0 14 270 M M 7 1 16 270
29 84 72 78 1 0 13 0.00 M M 7.4 18 140 M M 6 22 140
30 84 70 77 0 0 12 0.31 M M 6.9 15 230 M M 5 17 230
================================================================================
SM 2502 2109 0 363 1.08 M 234.2 M 135
================================================================================
AV 83.4 70.3 7.8 FASTST M M 5 MAX(MPH)
MISC ----> 25 10 30 20
================================================================================
NOTES:
# LAST OF SEVERAL OCCURRENCES
COLUMN 17 PEAK WIND IN M.P.H.
PRELIMINARY LOCAL CLIMATOLOGICAL DATA (WS FORM: F-6) , PAGE 2
STATION: KONA HI
MONTH: APRIL
YEAR: 2021
LATITUDE: 19 38 N
LONGITUDE: 156 0 W
[TEMPERATURE DATA] [PRECIPITATION DATA] SYMBOLS USED IN COLUMN 16
AVERAGE MONTHLY: 76.9 TOTAL FOR MONTH: 1.08 1 = FOG OR MIST
DPTR FM NORMAL: 0.1 DPTR FM NORMAL: -0.28 2 = FOG REDUCING VISIBILITY
HIGHEST: 86 ON 22, 8 GRTST 24HR 0.31 ON 28-28 TO 1/4 MILE OR LESS
LOWEST: 66 ON 12, 9 3 = THUNDER
SNOW, ICE PELLETS, HAIL 4 = ICE PELLETS
TOTAL MONTH: M 5 = HAIL
GRTST 24HR M ON M 6 = FREEZING RAIN OR DRIZZLE
GRTST DEPTH: M ON M 7 = DUSTSTORM OR SANDSTORM:
VSBY 1/2 MILE OR LESS
8 = SMOKE OR HAZE
[NO. OF DAYS WITH] [WEATHER - DAYS WITH] 9 = BLOWING SNOW
X = TORNADO
MAX 32 OR BELOW: 0 0.01 INCH OR MORE: 7
MAX 90 OR ABOVE: 0 0.10 INCH OR MORE: 5
MIN 32 OR BELOW: 0 0.50 INCH OR MORE: 0
MIN 0 OR BELOW: 0 1.00 INCH OR MORE: 0
[HDD (BASE 65) ]
TOTAL THIS MO. 0 CLEAR (SCALE 0-3) 9
DPTR FM NORMAL 0 PTCLDY (SCALE 4-7) 20
TOTAL FM JUL 1 0 CLOUDY (SCALE 8-10) 1
DPTR FM NORMAL 0
[CDD (BASE 65) ]
TOTAL THIS MO. 363
DPTR FM NORMAL 9 [PRESSURE DATA]
TOTAL FM JAN 1 1395 HIGHEST SLP 30.08 ON 29
DPTR FM NORMAL 121 LOWEST SLP 29.84 ON 11
[REMARKS]
#FINAL-04-21#