000
CXUS55 KPUB 011210
CF6LAA
PRELIMINARY LOCAL CLIMATOLOGICAL DATA (WS FORM: F-6)
STATION: LAMAR CO
MONTH: JULY
YEAR: 2021
LATITUDE: 38 4 N
LONGITUDE: 102 41 W
TEMPERATURE IN F: :PCPN: SNOW: WIND :SUNSHINE: SKY :PK WND
================================================================================
1 2 3 4 5 6A 6B 7 8 9 10 11 12 13 14 15 16 17 18
12Z AVG MX 2MIN
DY MAX MIN AVG DEP HDD CDD WTR SNW DPTH SPD SPD DIR MIN PSBL S-S WX SPD DR
================================================================================
1 86 66 76 -2 0 11 0.04 M M 10.3 24 90 M M 7 1 33 100
2 88 57 73 -5 0 8 0.00 M M 9.0 21 140 M M 5 1 29 140
3 97 64 81 3 0 16 0.08 M M 13.8 31 10 M M 1 3 40 10
4 95 63 79 1 0 14 0.66 M M 9.4 26 90 M M 1 13 42 70
5 89 62 76 -2 0 11 0.00 M M 7.7 16 170 M M 0 1 23 180
6 90 63 77 -1 0 12 0.09 M M 6.9 21 210 M M 2 138 28 330
7 87 60 74 -4 0 9 0.00 M M 5.5 13 70 M M 1 1 18 70
8 100 56 78 -1 0 13 0.00 M M 11.1 22 170 M M 0 29 170
9 106 65 86 7 0 21 0.00 M M 10.4 43 40 M M 0 8 58 40
10 91 64 78 -1 0 13 0.00 M M 9.0 24 30 M M 2 32 10
11 88 55 72 -7 0 7 0.00 M M 5.3 15 130 M M 1 22 130
12 95 55 75 -4 0 10 0.00 M M 6.9 14 50 M M 0 19 50
13 102 56 79 0 0 14 0.01 M M 9.4 31 260 M M 1 13 42 260
14 98 65 82 3 0 17 0.00 M M 10.6 22 20 M M 0 33 250
15 90 65 78 -1 0 13 T M M 7.0 24 350 M M 1 31 350
16 97 59 78 -1 0 13 0.00 M M 10.0 30 50 M M 2 13 45 50
17 93 63 78 -1 0 13 0.00 M M 7.7 25 160 M M 0 34 130
18 94 60 77 -2 0 12 0.00 M M 7.2 39 60 M M 2 38 53 50
19 92 60 76 -3 0 11 0.00 M M 5.9 17 80 M M 3 12 24 90
20 90 60 75 -4 0 10 0.00 M M 11.3 22 140 M M 0 18 31 130
21 96 66 81 2 0 16 0.00 M M 13.1 28 160 M M 0 36 150
22 100 63 82 3 0 17 0.00 M M 12.9 25 170 M M 0 34 170
23 100 68 84 5 0 19 0.00 M M 11.7 22 170 M M 0 33 210
24 98 60 79 0 0 14 0.00 M M 7.1 25 10 M M 0 3 34 360
25 96 65 81 2 0 16 0.63 M M 9.6 37 10 M M 3 13 51 360
26 93 65 79 0 0 14 0.00 M M 8.9 21 140 M M 1 1 29 140
27 96 64 80 1 0 15 0.00 M M 8.3 18 130 M M 0 26 130
28 101 65 83 4 0 18 0.00 M M 11.5 22 140 M M 0 34 160
29 99 69 84 5 0 19 0.00 M M 11.4 22 140 M M 0 41 160
30 100 67 84 5 0 19 0.00 M M 13.1 25 170 M M 0 37 160
31 90 65 78 -1 0 13 0.09 M M 12.7 24 30 M M 7 138 33 60
================================================================================
SM 2937 1935 0 428 1.60 M 294.7 M 40
================================================================================
AV 94.7 62.4 9.5 FASTST M M 1 MAX(MPH)
MISC ----> 43 40 58 40
================================================================================
NOTES:
# LAST OF SEVERAL OCCURRENCES
COLUMN 17 PEAK WIND IN M.P.H.
PRELIMINARY LOCAL CLIMATOLOGICAL DATA (WS FORM: F-6) , PAGE 2
STATION: LAMAR CO
MONTH: JULY
YEAR: 2021
LATITUDE: 38 4 N
LONGITUDE: 102 41 W
[TEMPERATURE DATA] [PRECIPITATION DATA] SYMBOLS USED IN COLUMN 16
AVERAGE MONTHLY: 78.6 TOTAL FOR MONTH: 1.60 1 = FOG OR MIST
DPTR FM NORMAL: -0.3 DPTR FM NORMAL: -1.32 2 = FOG REDUCING VISIBILITY
HIGHEST: 106 ON 9 GRTST 24HR 0.74 ON 3- 4 TO 1/4 MILE OR LESS
LOWEST: 55 ON 12,11 3 = THUNDER
SNOW, ICE PELLETS, HAIL 4 = ICE PELLETS
TOTAL MONTH: M 5 = HAIL
GRTST 24HR M ON M 6 = FREEZING RAIN OR DRIZZLE
GRTST DEPTH: M ON M 7 = DUSTSTORM OR SANDSTORM:
VSBY 1/2 MILE OR LESS
8 = SMOKE OR HAZE
[NO. OF DAYS WITH] [WEATHER - DAYS WITH] 9 = BLOWING SNOW
X = TORNADO
MAX 32 OR BELOW: 0 0.01 INCH OR MORE: 7
MAX 90 OR ABOVE: 26 0.10 INCH OR MORE: 2
MIN 32 OR BELOW: 0 0.50 INCH OR MORE: 2
MIN 0 OR BELOW: 0 1.00 INCH OR MORE: 0
[HDD (BASE 65) ]
TOTAL THIS MO. 0 CLEAR (SCALE 0-3) 27
DPTR FM NORMAL -1 PTCLDY (SCALE 4-7) 4
TOTAL FM JUL 1 0 CLOUDY (SCALE 8-10) 0
DPTR FM NORMAL 0
[CDD (BASE 65) ]
TOTAL THIS MO. 428
DPTR FM NORMAL -2 [PRESSURE DATA]
TOTAL FM JAN 1 749 HIGHEST SLP 30.17 ON 19
DPTR FM NORMAL -39 LOWEST SLP 29.66 ON 9
[REMARKS]
#FINAL-07-21#