000
CXUS55 KCYS 012337 CCA
CF6LAR
PRELIMINARY LOCAL CLIMATOLOGICAL DATA (WS FORM: F-6)...CORRECTED
STATION: LARAMIE WYOMING AIRPORT
MONTH: OCTOBER
YEAR: 2022
LATITUDE: 41 18 N
LONGITUDE: 105 40 W
TEMPERATURE IN F: :PCPN: SNOW: WIND :SUNSHINE: SKY :PK WND
================================================================================
1 2 3 4 5 6A 6B 7 8 9 10 11 12 13 14 15 16 17 18
12Z AVG MX 2MIN
DY MAX MIN AVG DEP HDD CDD WTR SNW DPTH SPD SPD DIR MIN PSBL S-S WX SPD DR
================================================================================
1 62 38 50 2 15 0 0.03 M M 6.6 31 190 M M 2 3 39 190
2 66 41 54 6 11 0 0.01 M M 10.3 30 330 M M 4 8 45 330
3 62 38 50 3 15 0 T M M 10.6 25 280 M M 4 32 280
4 61 35 48 1 17 0 0.01 M M 6.8 21 340 M M 3 1 33 330
5 62 29 46 0 19 0 0.00 M M 5.0 13 180 M M 0 14 40
6 66 28 47 1 18 0 0.00 M M 7.3 21 160 M M 0 27 170
7 59 32 46 0 19 0 0.00 M M 6.7 17 170 M M 4 1 21 170
8 63 24 44 -1 21 0 0.00 M M 6.9 16 360 M M 0 12 23 10
9 66 26 46 1 19 0 0.00 M M 6.4 13 330 M M 0 20 340
10 67 28 48 4 17 0 0.00 M M 11.4 23 270 M M 2 30 260
11 62 28 45 1 20 0 T M M 17.7 45 280 M M 1 56 280
12 64 29 47 4 18 0 0.00 M M 12.2 33 310 M M 0 42 310
13 58 26 42 -1 23 0 0.00 M M 16.4 32 310 M M 1 42 300
14 66 34 50 8 15 0 0.00 M M 14.2 30 330 M M 0 41 330
15 58 24 41 -1 24 0 0.00 M M 6.0 25 50 M M 3 30 50
16 54 22 38 -4 27 0 0.00 M M 4.9 12 10 M M 1 1 17 30
17 60 21 41 0 24 0 0.00 M M 4.6 13 360 M M 0 17 360
18 64 24 44 3 21 0 0.00 M M 6.9 15 360 M M 0 24 360
19 67 27 47 6 18 0 0.00 M M 9.5 24 320 M M 0 33 310
20 71 25 48 8 17 0 0.00 M M 13.1 29 280 M M 0 36 250
21 66 36 51 11 14 0 0.00 M M 19.2 39 270 M M 0 50 260
22 65 42 54 15 11 0 0.00 M M 17.4 37 230 M M 2 49 240
23 47 26 37 -2 28 0 T M M 15.5 35 300 M M 8 1 43 300
24 39 19 29 -10 36 0 T M M 17.3 35 270 M M 5 1 45 270
25 45 28 37 -1 28 0 0.00 M M 19.5 38 250 M M 5 50 240
26 45 24 35 -3 30 0 0.01 M M 10.5 22 160 M M 6 18 28 290
27 41 18 30 -8 35 0 T M M 7.4 14 340 M M 5 8 20 360
28 55 13 34 -3 31 0 0.00 M M 5.7 16 240 M M 0 20 230
29 53 20 37 0 28 0 0.00 M M 6.1 18 210 M M 1 20 20
30 55 25 40 4 25 0 0.00 M M 5.2 15 360 M M 3 19 10
31 55 25 40 4 25 0 0.00 M M 14.0 25 240 M M 0 33 250
================================================================================
SM 1824 855 669 0 0.06 M 321.3 M 60
================================================================================
AV 58.8 27.6 10.4 FASTST M M 2 MAX(MPH)
MISC ----> 45 280 56 280
================================================================================
NOTES:
# LAST OF SEVERAL OCCURRENCES
COLUMN 17 PEAK WIND IN M.P.H.
PRELIMINARY LOCAL CLIMATOLOGICAL DATA (WS FORM: F-6) , PAGE 2
STATION: LARAMIE WYOMING AIRPORT
MONTH: OCTOBER
YEAR: 2022
LATITUDE: 41 18 N
LONGITUDE: 105 40 W
[TEMPERATURE DATA] [PRECIPITATION DATA] SYMBOLS USED IN COLUMN 16
AVERAGE MONTHLY: 43.2 TOTAL FOR MONTH: 0.06 1 = FOG OR MIST
DPTR FM NORMAL: 1.3 DPTR FM NORMAL: -0.77 2 = FOG REDUCING VISIBILITY
HIGHEST: 71 ON 20 GRTST 24HR 0.21 ON 30- 1 TO 1/4 MILE OR LESS
LOWEST: 13 ON 28 3 = THUNDER
SNOW, ICE PELLETS, HAIL 4 = ICE PELLETS
TOTAL MONTH: M 5 = HAIL
GRTST 24HR M ON M 6 = FREEZING RAIN OR DRIZZLE
GRTST DEPTH: M ON M 7 = DUSTSTORM OR SANDSTORM:
VSBY 1/2 MILE OR LESS
8 = SMOKE OR HAZE
[NO. OF DAYS WITH] [WEATHER - DAYS WITH] 9 = BLOWING SNOW
X = TORNADO
MAX 32 OR BELOW: 0 0.01 INCH OR MORE: 4
MAX 90 OR ABOVE: 0 0.10 INCH OR MORE: 0
MIN 32 OR BELOW: 24 0.50 INCH OR MORE: 0
MIN 0 OR BELOW: 0 1.00 INCH OR MORE: 0
[HDD (BASE 65) ]
TOTAL THIS MO. 669 CLEAR (SCALE 0-3) 22
DPTR FM NORMAL -47 PTCLDY (SCALE 4-7) 9
TOTAL FM JUL 1 914 CLOUDY (SCALE 8-10) 0
DPTR FM NORMAL -273
[CDD (BASE 65) ]
TOTAL THIS MO. 0
DPTR FM NORMAL 0 [PRESSURE DATA]
TOTAL FM JAN 1 208 HIGHEST SLP 30.45 ON 8
DPTR FM NORMAL 123 LOWEST SLP 29.17 ON 23
[REMARKS]
MONTHLY PRECIPITATION 0.06" WAS 4TH DRIEST OCTOBER
#FINAL-10-22#