000
CXUS55 KVEF 010910
CF6LAS
PRELIMINARY LOCAL CLIMATOLOGICAL DATA (WS FORM: F-6)
STATION: LAS VEGAS NV
MONTH: AUGUST
YEAR: 2022
LATITUDE: 36 4 N
LONGITUDE: 115 10 W
TEMPERATURE IN F: :PCPN: SNOW: WIND :SUNSHINE: SKY :PK WND
================================================================================
1 2 3 4 5 6A 6B 7 8 9 10 11 12 13 14 15 16 17 18
12Z AVG MX 2MIN
DY MAX MIN AVG DEP HDD CDD WTR SNW DPTH SPD SPD DIR MIN PSBL S-S WX SPD DR
================================================================================
1 98 77 88 -5 0 23 0.00 0.0 0 6.5 18 200 M M 6 3 32 190
2 102 81 92 -1 0 27 0.00 0.0 0 2.8 14 180 M M 4 19 170
3 106 85 96 3 0 31 0.00 0.0 0 5.0 14 220 M M 6 8 21 200
4 93 81 87 -6 0 22 0.02 0.0 0 8.9 25 200 M M 9 3 37 190
5 95 78 87 -6 0 22 T 0.0 0 8.9 22 270 M M 5 30 180
6 102 81 92 -1 0 27 0.00 0.0 0 5.5 16 30 M M 2 20 340
7 104 83 94 1 0 29 0.00 0.0 0 5.0 13 260 M M 3 28 280
8 102 86 94 1 0 29 0.00 0.0 0 5.4 15 190 M M 7 23 170
9 97 82 90 -3 0 25 T 0.0 0 8.6 22 180 M M 8 33 140
10 95 81 88 -5 0 23 0.00 0.0 0 3.9 18 220 M M 6 3 23 210
11 99 76 88 -4 0 23 0.58 0.0 0 3.8 39 320 M M 8 38 55 320
12 97 79 88 -4 0 23 0.01 0.0 0 3.5 38 60 M M 7 3 47 60
13 90 79 85 -7 0 20 0.00 0.0 0 3.6 10 170 M M 8 16 160
14 95 81 88 -4 0 23 0.00 0.0 0 5.3 31 90 M M 8 38 80
15 97 79 88 -4 0 23 T 0.0 0 7.6 28 320 M M 7 3 40 330
16 101 82 92 0 0 27 0.00 0.0 0 4.7 18 340 M M 5 23 340
17 104 84 94 2 0 29 0.00 0.0 0 3.9 25 190 M M 4 3 43 170
18 101 80 91 -1 0 26 T 0.0 0 7.3 22 360 M M 5 3 28 140
19 100 80 90 -2 0 25 T 0.0 0 5.7 15 270 M M 5 3 19 40
20 100 81 91 0 0 26 0.00 0.0 0 5.0 17 250 M M 4 3 29 140
21 104 82 93 2 0 28 0.00 0.0 0 5.1 29 40 M M 2 39 40
22 104 82 93 2 0 28 0.00 0.0 0 4.2 10 80 M M 2 16 30
23 107 84 96 5 0 31 0.00 0.0 0 4.6 13 40 M M 2 17 20
24 102 84 93 2 0 28 0.00 0.0 0 7.7 31 280 M M 6 378 42 260
25 97 79 88 -2 0 23 0.00 0.0 0 6.3 14 180 M M 7 22 180
26 103 83 93 3 0 28 0.00 0.0 0 3.8 12 260 M M 3 16 190
27 104 82 93 3 0 28 0.00 0.0 0 6.1 18 220 M M 1 27 200
28 103 83 93 3 0 28 0.00 0.0 0 9.1 16 170 M M 1 26 190
29 103 84 94 4 0 29 0.00 0.0 0 4.3 12 80 M M 1 18 10
30 108 84 96 7 0 31 0.00 0.0 0 3.6 9 290 M M 2 15 80
31 109 85 97 8 0 32 0.00 0.0 0 4.9 13 320 M M 2 16 320
================================================================================
SM 3122 2528 0 817 0.61 0.0 170.6 M 146
================================================================================
AV100.7 81.5 5.5 FASTST M M 5 MAX(MPH)
MISC ----> 39 320 55 320
================================================================================
NOTES:
# LAST OF SEVERAL OCCURRENCES
COLUMN 17 PEAK WIND IN M.P.H.
PRELIMINARY LOCAL CLIMATOLOGICAL DATA (WS FORM: F-6) , PAGE 2
STATION: LAS VEGAS NV
MONTH: AUGUST
YEAR: 2022
LATITUDE: 36 4 N
LONGITUDE: 115 10 W
[TEMPERATURE DATA] [PRECIPITATION DATA] SYMBOLS USED IN COLUMN 16
AVERAGE MONTHLY: 91.1 TOTAL FOR MONTH: 0.61 1 = FOG OR MIST
DPTR FM NORMAL: -0.6 DPTR FM NORMAL: 0.29 2 = FOG REDUCING VISIBILITY
HIGHEST: 109 ON 31 GRTST 24HR 0.59 ON 11-12 TO 1/4 MILE OR LESS
LOWEST: 76 ON 11 3 = THUNDER
SNOW, ICE PELLETS, HAIL 4 = ICE PELLETS
TOTAL MONTH: 0.0 INCH 5 = HAIL
GRTST 24HR 0.0 6 = FREEZING RAIN OR DRIZZLE
GRTST DEPTH: 0 7 = DUSTSTORM OR SANDSTORM:
VSBY 1/2 MILE OR LESS
8 = SMOKE OR HAZE
[NO. OF DAYS WITH] [WEATHER - DAYS WITH] 9 = BLOWING SNOW
X = TORNADO
MAX 32 OR BELOW: 0 0.01 INCH OR MORE: 3
MAX 90 OR ABOVE: 31 0.10 INCH OR MORE: 1
MIN 32 OR BELOW: 0 0.50 INCH OR MORE: 1
MIN 0 OR BELOW: 0 1.00 INCH OR MORE: 0
[HDD (BASE 65) ]
TOTAL THIS MO. 0 CLEAR (SCALE 0-3) 11
DPTR FM NORMAL 0 PTCLDY (SCALE 4-7) 19
TOTAL FM JUL 1 0 CLOUDY (SCALE 8-10) 1
DPTR FM NORMAL 0
[CDD (BASE 65) ]
TOTAL THIS MO. 817
DPTR FM NORMAL -11 [PRESSURE DATA]
TOTAL FM JAN 1 3071 HIGHEST SLP M ON M
DPTR FM NORMAL 125 LOWEST SLP 27.63 ON 31
[REMARKS]
#FINAL-08-22#