000
CXUS54 KOUN 010810
CF6LAW
PRELIMINARY LOCAL CLIMATOLOGICAL DATA (WS FORM: F-6)
STATION: LAWTON
MONTH: MAY
YEAR: 2022
LATITUDE: 34 34 N
LONGITUDE: 98 25 W
TEMPERATURE IN F: :PCPN: SNOW: WIND :SUNSHINE: SKY :PK WND
================================================================================
1 2 3 4 5 6A 6B 7 8 9 10 11 12 13 14 15 16 17 18
12Z AVG MX 2MIN
DY MAX MIN AVG DEP HDD CDD WTR SNW DPTH SPD SPD DIR MIN PSBL S-S WX SPD DR
================================================================================
1 83 45 64 -2 1 0 0.04 0.0 0 9.6 23 130 M M 1 3 32 110
2 89 54 72 6 0 7 0.07 0.0 0 16.3 32 170 M M 5 3 41 170
3 66 46 56 -10 9 0 0.00 0.0 0 11.5 22 10 M M 3 28 10
4 80 56 68 1 0 3 1.70 0.0 0 9.6 25 170 M M 10 13 34 170
5 72 52 62 -5 3 0 0.43 0.0 0 10.4 20 10 M M 6 13 28 290
6 81 49 65 -2 0 0 0.00 0.0 0 5.4 12 90 M M 0 1 13 130
7 88 59 74 6 0 9 0.00 0.0 0 14.0 24 120 M M 2 33 120
8 101 74 88 20 0 23 0.00 0.0 0 15.1 28 160 M M 0 1 33 160
9 97 74 86 18 0 21 0.00 0.0 0 18.4 28 170 M M 0 36 180
10 94 75 85 16 0 20 0.00 0.0 M 14.9 24 140 M M 0 31 140
11 91 67 79 10 0 14 0.16 0.0 M 11.5 29 320 M M 1 13 40 300
12 92 68 80 10 0 15 0.00 0.0 0 14.0 23 170 M M 0 31 170
13 95 69 82 12 0 17 0.00 0.0 0 7.6 17 180 M M 0 23 170
14 92 61 77 7 0 12 0.00 0.0 0 5.7 17 130 M M 0 1 20 130
15 99 71 85 14 0 20 0.00 0.0 0 12.3 32 20 M M 1 43 10
16 87 65 76 5 0 11 0.00 0.0 0 11.3 25 260 M M 1 3 44 270
17 95 67 81 10 0 16 0.06 0.0 0 14.0 32 240 M M 1 3 50 230
18 96 73 85 13 0 20 0.00 0.0 0 11.2 20 170 M M 0 27 160
19 97 66 82 10 0 17 0.00 0.0 0 15.4 26 170 M M 0 37 310
20 92 75 84 11 0 19 0.00 0.0 0 14.2 23 20 M M 0 31 170
21 75 58 67 -6 0 2 0.00 0.0 0 21.7 32 20 M M 7 41 10
22 74 51 63 -10 2 0 0.00 0.0 0 13.5 22 20 M M 1 29 20
23 64 55 60 -14 5 0 0.07 0.0 0 8.1 15 50 M M 10 13 18 50
24 66 59 63 -11 2 0 1.01 0.0 0 7.1 22 100 M M 9 13 29 310
25 62 53 58 -16 7 0 0.29 0.0 M 9.0 17 350 M M 9 1 23 310
26 84 50 67 -8 0 2 0.00 0.0 0 7.4 18 340 M M 0 26 340
27 89 51 70 -5 0 5 0.00 0.0 0 6.9 16 160 M M 0 25 130
28 95 66 81 5 0 16 0.00 0.0 0 16.7 31 170 M M 0 3 39 180
29 95 73 84 8 0 19 0.01 0.0 0 16.6 28 150 M M 0 3 39 150
30 93 71 82 6 0 17 0.00 0.0 0 16.8 26 180 M M 2 35 170
31 92 65 79 3 0 14 0.14 0.0 0 14.4 23 190 M M 6 13 38 300
================================================================================
SM 2676 1918 29 319 3.98 0.0 380.6 M 75
================================================================================
AV 86.3 61.9 12.3 FASTST M M 2 MAX(MPH)
MISC ----> # 32 170 50 230
================================================================================
NOTES:
# LAST OF SEVERAL OCCURRENCES
COLUMN 17 PEAK WIND IN M.P.H.
PRELIMINARY LOCAL CLIMATOLOGICAL DATA (WS FORM: F-6) , PAGE 2
STATION: LAWTON
MONTH: MAY
YEAR: 2022
LATITUDE: 34 34 N
LONGITUDE: 98 25 W
[TEMPERATURE DATA] [PRECIPITATION DATA] SYMBOLS USED IN COLUMN 16
AVERAGE MONTHLY: 74.1 TOTAL FOR MONTH: 3.98 1 = FOG OR MIST
DPTR FM NORMAL: 3.1 DPTR FM NORMAL: 0.26 2 = FOG REDUCING VISIBILITY
HIGHEST: 101 ON 8 GRTST 24HR 2.13 ON 4- 5 TO 1/4 MILE OR LESS
LOWEST: 45 ON 1 3 = THUNDER
SNOW, ICE PELLETS, HAIL 4 = ICE PELLETS
TOTAL MONTH: 0.0 INCH 5 = HAIL
GRTST 24HR 0.0 6 = FREEZING RAIN OR DRIZZLE
GRTST DEPTH: 0 7 = DUSTSTORM OR SANDSTORM:
VSBY 1/2 MILE OR LESS
8 = SMOKE OR HAZE
[NO. OF DAYS WITH] [WEATHER - DAYS WITH] 9 = BLOWING SNOW
X = TORNADO
MAX 32 OR BELOW: 0 0.01 INCH OR MORE: 11
MAX 90 OR ABOVE: 16 0.10 INCH OR MORE: 6
MIN 32 OR BELOW: 0 0.50 INCH OR MORE: 2
MIN 0 OR BELOW: 0 1.00 INCH OR MORE: 2
[HDD (BASE 65) ]
TOTAL THIS MO. 29 CLEAR (SCALE 0-3) 23
DPTR FM NORMAL 1 PTCLDY (SCALE 4-7) 4
TOTAL FM JUL 1 2922 CLOUDY (SCALE 8-10) 4
DPTR FM NORMAL -240
[CDD (BASE 65) ]
TOTAL THIS MO. 319
DPTR FM NORMAL 103 [PRESSURE DATA]
TOTAL FM JAN 1 441 HIGHEST SLP M ON M
DPTR FM NORMAL 151 LOWEST SLP 29.35 ON 19
[REMARKS]
#FINAL-05-22#