000
CXUS56 KLOX 011255
CF6LAX
PRELIMINARY LOCAL CLIMATOLOGICAL DATA (WS FORM: F-6)
STATION: LOS ANGELES INTL AIRPORT CA
MONTH: JANUARY
YEAR: 2023
LATITUDE: 33 55 N
LONGITUDE: 118 24 W
TEMPERATURE IN F: :PCPN: SNOW: WIND :SUNSHINE: SKY :PK WND
================================================================================
1 2 3 4 5 6A 6B 7 8 9 10 11 12 13 14 15 16 17 18
12Z AVG MX 2MIN
DY MAX MIN AVG DEP HDD CDD WTR SNW DPTH SPD SPD DIR MIN PSBL S-S WX SPD DR
================================================================================
1 61 54 58 0 7 0 0.10 M M 14.3 31 270 M M 5 1 37 260
2 58 46 52 -6 13 0 0.03 M M 5.5 14 240 M M 8 19 290
3 58 50 54 -4 11 0 0.05 M M 12.3 21 90 M M 10 1 27 110
4 61 57 59 1 6 0 0.54 M M 10.4 16 90 M M 10 1 26 170
5 62 55 59 1 6 0 1.07 M M 13.0 25 140 M M 7 1 33 140
6 62 46 54 -4 11 0 0.00 M M 4.7 14 270 M M 3 16 270
7 68 48 58 0 7 0 0.00 M M 4.9 12 270 M M 7 17 10
8 63 48 56 -2 9 0 0.00 M M 4.6 12 260 M M 8 13 220
9 60 53 57 -1 8 0 1.04 M M 11.2 21 150 M M 10 138 30 140
10 62 54 58 0 7 0 0.65 M M 12.1 30 260 M M 9 1 42 210
11 61 47 54 -4 11 0 0.00 M M 4.3 10 270 M M 6 14 290
12 72 51 62 4 3 0 0.00 M M 6.8 13 50 M M 6 16 310
13 64 52 58 0 7 0 0.00 M M 4.7 14 260 M M 7 16 270
14 59 52 56 -2 9 0 1.53 M M 9.1 24 260 M M 10 1 28 250
15 59 50 55 -3 10 0 0.48 M M 10.3 21 110 M M 10 1 27 130
16 59 50 55 -3 10 0 0.49 M M 19.6 32 260 M M 7 1 38 260
17 58 47 53 -5 12 0 0.00 M M 7.6 17 280 M M 2 21 280
18 60 45 53 -5 12 0 0.00 M M 5.2 12 260 M M 5 15 270
19 57 43 50 -8 15 0 T M M 4.6 14 250 M M 4 17 240
20 59 42 51 -7 14 0 0.00 M M 5.3 14 260 M M 2 8 16 240
21 62 41 52 -6 13 0 0.00 M M 4.5 13 250 M M 0 17 280
22 60 41 51 -7 14 0 0.00 M M 5.5 21 20 M M 3 30 30
23 68 47 58 0 7 0 0.00 M M 6.8 18 40 M M 1 26 30
24 65 41 53 -5 12 0 0.00 M M 4.4 13 240 M M 0 15 240
25 69 43 56 -2 9 0 0.00 M M 4.2 12 260 M M 1 14 260
26 68 46 57 -1 8 0 0.00 M M 5.4 14 240 M M 1 17 250
27 67 45 56 -2 9 0 0.00 M M 4.5 13 260 M M 0 16 260
28 63 47 55 -3 10 0 0.00 M M 5.4 14 260 M M 5 16 270
29 57 49 53 -5 12 0 0.28 M M 8.4 21 260 M M 6 1 24 250
30 59 48 54 -4 11 0 0.40 M M 6.9 17 60 M M 7 1 23 290
31 67 43 55 -3 10 0 0.00 M M 3.5 13 190 M M 1 1 16 180
================================================================================
SM 1928 1481 303 0 6.66 M 230.0 M 161
================================================================================
AV 62.2 47.8 7.4 FASTST M M 5 MAX(MPH)
MISC ----> 32 260 42 210
================================================================================
NOTES:
# LAST OF SEVERAL OCCURRENCES
COLUMN 17 PEAK WIND IN M.P.H.
PRELIMINARY LOCAL CLIMATOLOGICAL DATA (WS FORM: F-6) , PAGE 2
STATION: LOS ANGELES INTL AIRPORT CA
MONTH: JANUARY
YEAR: 2023
LATITUDE: 33 55 N
LONGITUDE: 118 24 W
[TEMPERATURE DATA] [PRECIPITATION DATA] SYMBOLS USED IN COLUMN 16
AVERAGE MONTHLY: 55.0 TOTAL FOR MONTH: 6.66 1 = FOG OR MIST
DPTR FM NORMAL: -2.9 DPTR FM NORMAL: 3.80 2 = FOG REDUCING VISIBILITY
HIGHEST: 72 ON 12 GRTST 24HR 2.08 ON 5- 6 TO 1/4 MILE OR LESS
LOWEST: 41 ON 24,22 3 = THUNDER
SNOW, ICE PELLETS, HAIL 4 = ICE PELLETS
TOTAL MONTH: M 5 = HAIL
GRTST 24HR M ON M 6 = FREEZING RAIN OR DRIZZLE
GRTST DEPTH: M ON M 7 = DUSTSTORM OR SANDSTORM:
VSBY 1/2 MILE OR LESS
8 = SMOKE OR HAZE
[NO. OF DAYS WITH] [WEATHER - DAYS WITH] 9 = BLOWING SNOW
X = TORNADO
MAX 32 OR BELOW: 0 0.01 INCH OR MORE: 12
MAX 90 OR ABOVE: 0 0.10 INCH OR MORE: 10
MIN 32 OR BELOW: 0 0.50 INCH OR MORE: 5
MIN 0 OR BELOW: 0 1.00 INCH OR MORE: 3
[HDD (BASE 65) ]
TOTAL THIS MO. 303 CLEAR (SCALE 0-3) 11
DPTR FM NORMAL 76 PTCLDY (SCALE 4-7) 14
TOTAL FM JUL 1 695 CLOUDY (SCALE 8-10) 6
DPTR FM NORMAL 98
[CDD (BASE 65) ]
TOTAL THIS MO. 0
DPTR FM NORMAL -6 [PRESSURE DATA]
TOTAL FM JAN 1 0 HIGHEST SLP 30.39 ON 26
DPTR FM NORMAL -6 LOWEST SLP 29.66 ON 16
[REMARKS]
#FINAL-01-23#