000
CXUS53 KLBF 010814
CLMLBF
CLIMATE REPORT
NATIONAL WEATHER SERVICE NORTH PLATTE NE
214 AM CST MON JAN 01 2024
...................................
...THE NORTH PLATTE CLIMATE SUMMARY FOR THE MONTH OF DECEMBER 2023...
CLIMATE NORMAL PERIOD 1991 TO 2020
CLIMATE RECORD PERIOD 1874 TO 2023
WEATHER OBSERVED NORMAL DEPART LAST YEAR`S
VALUE DATE(S) VALUE FROM VALUE DATE(S)
NORMAL
................................................................
TEMPERATURE (F)
RECORD
HIGH 76 12/06/1939
LOW -34 12/22/1989
12/22/1983
HIGHEST 72 12/07 62 10 57 12/01
LOWEST 11 12/10 -8 19 -16 12/22
AVG. MAXIMUM 48.1 42.0 6.1 37.9
AVG. MINIMUM 20.0 13.1 6.9 11.4
MEAN 34.0 27.5 6.5 24.7
DAYS MAX >= 90 0 0.0 0.0 0
DAYS MAX <= 32 3 8.4 -5.4 9
DAYS MIN <= 32 30 30.9 -0.9 30
DAYS MIN <= 0 0 3.2 -3.2 5
PRECIPITATION (INCHES)
RECORD
MAXIMUM 3.86 1877
MINIMUM T 2002
TOTALS 0.90 0.45 0.45 1.40
DAILY AVG. 0.03 0.01 0.02 0.05
DAYS >= .01 6 3.7 2.3 6
DAYS >= .10 3 1.3 1.7 2
DAYS >= .50 0 0.1 -0.1 2
DAYS >= 1.00 0 0.0 0.0 0
GREATEST
24 HR. TOTAL 0.38 12/23 TO 12/24 0.73 12/29 TO 12/29
SNOWFALL (INCHES)
RECORDS
TOTAL 16.8 1924
TOTALS 7.1 4.5 2.6 5.2
SINCE 7/1 13.5 9.8 3.7 MM
SNOWDEPTH AVG. 1 0
DAYS >= 1.0 3 1.6 1.4 2
GREATEST
SNOW DEPTH 6R 12/27 2 12/13
12/14
24 HR TOTAL 3.0 12/25 TO 12/25
DEGREE DAYS
HEATING TOTAL 954 1161 -207 1242
SINCE 7/1 2233 2601 -368 MM
COOLING TOTAL 0 0 0 0
SINCE 1/1 913 903 10 MM
................................................................
WIND (MPH)
AVERAGE WIND SPEED 8.0
HIGHEST WIND SPEED/DIRECTION 35/330 DATE 12/03
HIGHEST GUST SPEED/DIRECTION 52/320 DATE 12/03
SKY COVER
POSSIBLE SUNSHINE (PERCENT) MM
AVERAGE SKY COVER 0.32
NUMBER OF DAYS FAIR 19
NUMBER OF DAYS PC 7
NUMBER OF DAYS CLOUDY 5
AVERAGE RH (PERCENT) 66
WEATHER CONDITIONS. NUMBER OF DAYS WITH
THUNDERSTORM 0 MIXED PRECIP 0
HEAVY RAIN 0 RAIN 1
LIGHT RAIN 4 FREEZING RAIN 0
LT FREEZING RAIN 0 HAIL 0
HEAVY SNOW 0 SNOW 0
LIGHT SNOW 5 SLEET 0
FOG 8 FOG W/VIS <= 1/4 MILE 1
HAZE 3
- INDICATES NEGATIVE NUMBERS.
R INDICATES RECORD WAS SET OR TIED.
MM INDICATES DATA IS MISSING.
T INDICATES TRACE AMOUNT.
$$