000
CXUS53 KLMK 032246
CF6LEX
PRELIMINARY LOCAL CLIMATOLOGICAL DATA (WS FORM: F-6)
STATION: LEXINGTON KY
MONTH: FEBRUARY
YEAR: 2021
LATITUDE: 38 1 N
LONGITUDE: 84 36 W
TEMPERATURE IN F: :PCPN: SNOW: WIND :SUNSHINE: SKY :PK WND
================================================================================
1 2 3 4 5 6A 6B 7 8 9 10 11 12 13 14 15 16 17 18
12Z AVG MX 2MIN
DY MAX MIN AVG DEP HDD CDD WTR SNW DPTH SPD SPD DIR MIN PSBL S-S WX SPD DR
================================================================================
1 32 26 29 -5 36 0 0.19 2.2 2 12.0 18 330 M M 10 18 26 310
2 33 19 26 -8 39 0 T T 2 11.3 21 320 M M 4 1 31 320
3 39 22 31 -3 34 0 0.00 0.0 1 4.9 12 290 M M 1 17 330
4 42 22 32 -2 33 0 0.22 T T 10.2 25 270 M M 5 14 35 280
5 41 28 35 0 30 0 0.00 0.0 0 13.0 25 240 M M 5 38 270
6 43 25 34 -1 31 0 0.00 0.0 0 4.4 12 170 M M 3 13 170
7 33 18 26 -9 39 0 T 0.1 T 8.6 16 330 M M 4 18 22 350
8 40 15 28 -7 37 0 0.00 0.0 0 6.2 16 170 M M 5 19 170
9 36 30 33 -2 32 0 0.01 T 0 7.5 13 20 M M 9 18 15 20
10 31 26 29 -7 36 0 0.70 0.1 0 10.6 17 50 M M 10 1468 21 50
11 29 20 25 -11 40 0 0.24 T T 13.5 21 40 M M 10 16 29 50
12 28 21 25 -11 40 0 0.01 T T 6.8 14 50 M M 10 18 17 40
13 28 24 26 -10 39 0 T T T 7.4 13 30 M M 10 18 17 30
14 25 22 24 -12 41 0 0.00 0.0 0 10.1 18 40 M M 10 18 22 50
15 26 19 23 -14 42 0 0.84 2.3 1 11.8 18 60 M M 10 16 26 20
16 20 3 12 -25 53 0 0.05 2.5 2 9.0 16 250 M M 9 1 23 240
17 23 2 13 -24 52 0 0.08 1.0 3 8.1 16 60 M M 6 1 22 50
18 29 22 26 -12 39 0 0.03 0.4 3 6.5 12 50 M M 10 168 15 310
19 27 15 21 -17 44 0 T T 3 5.9 12 260 M M 8 18 16 310
20 29 3 16 -22 49 0 0.00 0.0 3 4.5 9 220 M M 2 18 12 210
21 44 19 32 -6 33 0 0.00 0.0 2 9.4 24 170 M M 1 36 170
22 44 34 39 0 26 0 0.09 0.0 1 12.6 24 220 M M 7 1 35 210
23 58 34 46 7 19 0 0.00 0.0 T 10.8 18 260 M M 0 27 250
24 65 39 52 13 13 0 0.00 0.0 0 12.7 25 230 M M 5 37 220
25 50 30 40 0 25 0 0.00 0.0 0 6.3 17 360 M M 1 18 24 360
26 43 32 38 -2 27 0 0.16 0.0 0 11.0 20 90 M M 5 1 29 90
27 54 43 49 9 16 0 0.10 0.0 0 7.7 21 270 M M 9 1 30 280
28 62 53 58 18 7 0 1.89 0.0 0 10.5 29 200 M M 10 13 39 210
================================================================================
SM 1054 666 952 0 4.61 8.6 253.3 M 179
================================================================================
AV 37.6 23.8 9.0 FASTST M M 6 MAX(MPH)
MISC ----> 29 200 39 210
================================================================================
NOTES:
# LAST OF SEVERAL OCCURRENCES
COLUMN 17 PEAK WIND IN M.P.H.
PRELIMINARY LOCAL CLIMATOLOGICAL DATA (WS FORM: F-6) , PAGE 2
STATION: LEXINGTON KY
MONTH: FEBRUARY
YEAR: 2021
LATITUDE: 38 1 N
LONGITUDE: 84 36 W
[TEMPERATURE DATA] [PRECIPITATION DATA] SYMBOLS USED IN COLUMN 16
AVERAGE MONTHLY: 30.7 TOTAL FOR MONTH: 4.61 1 = FOG OR MIST
DPTR FM NORMAL: -6.2 DPTR FM NORMAL: 1.41 2 = FOG REDUCING VISIBILITY
HIGHEST: 65 ON 24 GRTST 24HR 1.89 ON 28-28 TO 1/4 MILE OR LESS
LOWEST: 2 ON 17 3 = THUNDER
SNOW, ICE PELLETS, HAIL 4 = ICE PELLETS
TOTAL MONTH: 8.6 INCHES 5 = HAIL
GRTST 24HR 2.5 ON 16-16 6 = FREEZING RAIN OR DRIZZLE
GRTST DEPTH: 3 ON 20,19 7 = DUSTSTORM OR SANDSTORM:
VSBY 1/2 MILE OR LESS
8 = SMOKE OR HAZE
[NO. OF DAYS WITH] [WEATHER - DAYS WITH] 9 = BLOWING SNOW
X = TORNADO
MAX 32 OR BELOW: 12 0.01 INCH OR MORE: 14
MAX 90 OR ABOVE: 0 0.10 INCH OR MORE: 8
MIN 32 OR BELOW: 23 0.50 INCH OR MORE: 3
MIN 0 OR BELOW: 0 1.00 INCH OR MORE: 1
[HDD (BASE 65) ]
TOTAL THIS MO. 952 CLEAR (SCALE 0-3) 6
DPTR FM NORMAL 164 PTCLDY (SCALE 4-7) 10
TOTAL FM JUL 1 3646 CLOUDY (SCALE 8-10) 12
DPTR FM NORMAL 76
[CDD (BASE 65) ]
TOTAL THIS MO. 0
DPTR FM NORMAL 0 [PRESSURE DATA]
TOTAL FM JAN 1 0 HIGHEST SLP 30.48 ON 20
DPTR FM NORMAL 0 LOWEST SLP 29.56 ON 4
[REMARKS]
#FINAL-02-21#