000
CXUS53 KLMK 020252
CLMLEX
CLIMATE REPORT
NATIONAL WEATHER SERVICE LOUISVILLE KY
1052 PM EDT TUE AUG 01 2023
...................................
...THE LEXINGTON KY CLIMATE SUMMARY FOR THE MONTH OF JULY 2023...
CLIMATE NORMAL PERIOD 1991 TO 2020
CLIMATE RECORD PERIOD 1872 TO 2023
WEATHER OBSERVED NORMAL DEPART LAST YEAR`S
VALUE DATE(S) VALUE FROM VALUE DATE(S)
NORMAL
................................................................
TEMPERATURE (F)
RECORD
HIGH 108 07/15/1936
07/10/1936
LOW 47 07/07/1972
07/23/1947
07/02/1937
HIGHEST 94 07/28 MM MM 98 07/06
LOWEST 57 07/10 MM MM 61 07/30
AVG. MAXIMUM 87.6 86.9 0.7 89.0
AVG. MINIMUM 68.7 66.5 2.2 69.7
MEAN 78.2 76.7 1.5 79.4
DAYS MAX >= 90 8 9.1 -1.1 15
DAYS MAX <= 32 0 0.0 0.0 0
DAYS MIN <= 32 0 0.0 0.0 0
DAYS MIN <= 0 0 0.0 0.0 0
PRECIPITATION (INCHES)
RECORD
MAXIMUM 10.64 1958
MINIMUM 0.45 1930
TOTALS 5.32 5.12 0.20 6.46
DAILY AVG. 0.17 0.17 0.00 0.21
DAYS >= .01 9 10.7 -1.7 14
DAYS >= .10 8 7.7 0.3 10
DAYS >= .50 4 3.5 0.5 6
DAYS >= 1.00 3 1.7 1.3 1
GREATEST
24 HR. TOTAL 1.29 07/01 TO 07/02
SNOWFALL (INCHES)
RECORDS
TOTAL MM 5
TOTALS 0.0 0.0 0.0 0.0
SINCE 7/1 0.0 0.0 0.0 MM
SNOWDEPTH AVG. 0 0
DAYS >= 1.0 0 0.0 0.0 0
GREATEST
SNOW DEPTH 0 0 MM
DEGREE DAYS
HEATING TOTAL 0 0 0 0
SINCE 7/1 0 0 0 MM
COOLING TOTAL 414 363 51 451
SINCE 1/1 726 755 -29 MM
................................................................
WIND (MPH)
AVERAGE WIND SPEED 6.4
HIGHEST WIND SPEED/DIRECTION 38/270 DATE 07/02
HIGHEST GUST SPEED/DIRECTION 59/260 DATE 07/02
SKY COVER
POSSIBLE SUNSHINE (PERCENT) MM
AVERAGE SKY COVER 0.25
NUMBER OF DAYS FAIR 23
NUMBER OF DAYS PC 7
NUMBER OF DAYS CLOUDY 1
AVERAGE RH (PERCENT) 68
WEATHER CONDITIONS. NUMBER OF DAYS WITH
THUNDERSTORM 13 MIXED PRECIP 0
HEAVY RAIN 5 RAIN 5
LIGHT RAIN 15 FREEZING RAIN 0
LT FREEZING RAIN 0 HAIL 0
HEAVY SNOW 0 SNOW 0
LIGHT SNOW 0 SLEET 0
FOG 16 FOG W/VIS <= 1/4 MILE 1
HAZE 11
- INDICATES NEGATIVE NUMBERS.
R INDICATES RECORD WAS SET OR TIED.
MM INDICATES DATA IS MISSING.
T INDICATES TRACE AMOUNT.
$$