000
CXUS51 KOKX 010910
CF6LGA
PRELIMINARY LOCAL CLIMATOLOGICAL DATA (WS FORM: F-6)
STATION: LAGUARDIA NY
MONTH: SEPTEMBER
YEAR: 2022
LATITUDE: 40 46 N
LONGITUDE: 73 54 W
TEMPERATURE IN F: :PCPN: SNOW: WIND :SUNSHINE: SKY :PK WND
================================================================================
1 2 3 4 5 6A 6B 7 8 9 10 11 12 13 14 15 16 17 18
12Z AVG MX 2MIN
DY MAX MIN AVG DEP HDD CDD WTR SNW DPTH SPD SPD DIR MIN PSBL S-S WX SPD DR
================================================================================
1 86 69 78 3 0 13 0.00 0.0 0 12.9 20 310 M M 1 27 300
2 78 63 71 -4 0 6 0.00 0.0 0 9.9 16 40 M M 3 20 50
3 82 68 75 0 0 10 0.00 0.0 0 7.0 14 160 M M 7 19 70
4 89 73 81 7 0 16 T 0.0 0 6.7 17 160 M M 8 20 160
5 87 74 81 7 0 16 0.01 0.0 0 8.8 18 180 M M 8 23 170
6 76 68 72 -2 0 7 1.16 0.0 0 8.6 23 60 M M 10 18 28 70
7 74 67 71 -3 0 6 0.00 0.0 0 13.5 24 60 M M 9 8 29 60
8 78 65 72 -1 0 7 0.00 0.0 0 7.9 16 70 M M 4 21 50
9 81 64 73 0 0 8 0.00 0.0 0 9.0 14 50 M M 2 22 60
10 86 68 77 4 0 12 0.00 0.0 0 6.1 15 190 M M 5 20 140
11 77 67 72 0 0 7 0.27 0.0 0 5.7 10 50 M M 10 1 17 60
12 82 69 76 4 0 11 0.93 0.0 0 6.7 13 170 M M 8 13 18 60
13 84 68 76 4 0 11 1.69 0.0 0 9.7 22 260 M M 7 13 30 250
14 80 65 73 1 0 8 0.00 0.0 0 11.7 20 310 M M 2 26 310
15 74 65 70 -1 0 5 0.00 0.0 0 10.8 24 330 M M 2 29 340
16 77 59 68 -3 0 3 0.00 0.0 0 5.8 12 50 M M 4 14 60
17 74 65 70 0 0 5 0.00 0.0 0 9.4 14 210 M M 7 23 50
18 85 68 77 7 0 12 0.00 0.0 0 11.1 20 240 M M 5 25 230
19 86 71 79 9 0 14 0.07 0.0 0 9.6 30 270 M M 6 3 37 260
20 79 69 74 5 0 9 0.00 0.0 0 11.6 23 290 M M 4 29 290
21 81 65 73 4 0 8 0.00 0.0 0 7.3 18 170 M M 4 21 170
22 78 58 68 -1 0 3 0.17 0.0 0 13.8 29 310 M M 7 3 38 310
23 64 52 58 -10 7 0 0.00 0.0 0 19.6 29 310 M M 1 36 340
24 71 51 61 -7 4 0 0.00 0.0 0 9.5 20 330 M M 3 25 330
25 77 61 69 1 0 4 0.78 0.0 0 9.5 24 260 M M 8 13 32 270
26 78 60 69 2 0 4 0.00 0.0 0 11.0 20 220 M M 4 30 260
27 71 62 67 0 0 2 0.00 0.0 0 9.7 20 270 M M 6 26 270
28 70 55 63 -3 2 0 T 0.0 0 10.1 16 360 M M 4 22 10
29 67 56 62 -4 3 0 0.00 0.0 0 11.5 20 20 M M 5 25 20
30 64 53 59 -7 6 0 0.00 0.0 0 12.6 20 70 M M 9 23 60
================================================================================
SM 2336 1918 22 207 5.08 0.0 297.1 M 163
================================================================================
AV 77.9 63.9 9.9 FASTST M M 5 MAX(MPH)
MISC ----> 30 270 38 310
================================================================================
NOTES:
# LAST OF SEVERAL OCCURRENCES
COLUMN 17 PEAK WIND IN M.P.H.
PRELIMINARY LOCAL CLIMATOLOGICAL DATA (WS FORM: F-6) , PAGE 2
STATION: LAGUARDIA NY
MONTH: SEPTEMBER
YEAR: 2022
LATITUDE: 40 46 N
LONGITUDE: 73 54 W
[TEMPERATURE DATA] [PRECIPITATION DATA] SYMBOLS USED IN COLUMN 16
AVERAGE MONTHLY: 70.9 TOTAL FOR MONTH: 5.08 1 = FOG OR MIST
DPTR FM NORMAL: 0.1 DPTR FM NORMAL: 1.20 2 = FOG REDUCING VISIBILITY
HIGHEST: 89 ON 4 GRTST 24HR 2.27 ON 12-13 TO 1/4 MILE OR LESS
LOWEST: 51 ON 24 3 = THUNDER
SNOW, ICE PELLETS, HAIL 4 = ICE PELLETS
TOTAL MONTH: 0.0 INCH 5 = HAIL
GRTST 24HR 0.0 6 = FREEZING RAIN OR DRIZZLE
GRTST DEPTH: 0 7 = DUSTSTORM OR SANDSTORM:
VSBY 1/2 MILE OR LESS
8 = SMOKE OR HAZE
[NO. OF DAYS WITH] [WEATHER - DAYS WITH] 9 = BLOWING SNOW
X = TORNADO
MAX 32 OR BELOW: 0 0.01 INCH OR MORE: 8
MAX 90 OR ABOVE: 0 0.10 INCH OR MORE: 6
MIN 32 OR BELOW: 0 0.50 INCH OR MORE: 4
MIN 0 OR BELOW: 0 1.00 INCH OR MORE: 2
[HDD (BASE 65) ]
TOTAL THIS MO. 22 CLEAR (SCALE 0-3) 6
DPTR FM NORMAL 1 PTCLDY (SCALE 4-7) 18
TOTAL FM JUL 1 22 CLOUDY (SCALE 8-10) 6
DPTR FM NORMAL 3
[CDD (BASE 65) ]
TOTAL THIS MO. 207
DPTR FM NORMAL 12 [PRESSURE DATA]
TOTAL FM JAN 1 1519 HIGHEST SLP M ON M
DPTR FM NORMAL 144 LOWEST SLP 29.56 ON 22
[REMARKS]
#FINAL-09-22#