000
CXUS56 KLOX 011155
CF6LGB
PRELIMINARY LOCAL CLIMATOLOGICAL DATA (WS FORM: F-6)
STATION: LONG BEACH AIRPORT CA
MONTH: AUGUST
YEAR: 2022
LATITUDE: 33 49 N
LONGITUDE: 118 9 W
TEMPERATURE IN F: :PCPN: SNOW: WIND :SUNSHINE: SKY :PK WND
================================================================================
1 2 3 4 5 6A 6B 7 8 9 10 11 12 13 14 15 16 17 18
12Z AVG MX 2MIN
DY MAX MIN AVG DEP HDD CDD WTR SNW DPTH SPD SPD DIR MIN PSBL S-S WX SPD DR
================================================================================
1 89 70 80 6 0 15 0.00 M M 6.9 15 300 M M 0 17 300
2 88 68 78 4 0 13 0.00 M M 7.1 17 310 M M 0 8 19 320
3 84 68 76 2 0 11 0.00 M M 5.8 12 300 M M 0 15 130
4 82 68 75 1 0 10 0.00 M M 5.6 14 290 M M 1 16 320
5 88 68 78 4 0 13 M M M 6.1 18 280 M M 0 8 23 280
6 86 67 77 3 0 12 0.00 M M 7.4 20 300 M M 0 22 310
7 92 65 79 5 0 14 0.00 M M 4.7 15 290 M M 0 17 270
8 82 68 75 1 0 10 0.00 M M 6.1 12 210 M M 1 18 17 200
9 90 72 81 7 0 16 0.00 M M 4.5 14 290 M M 0 17 290
10 94 72 83 9 0 18 0.00 M M 5.7 17 290 M M 0 20 290
11 92 68 80 6 0 15 0.00 M M 5.8 17 290 M M 0 24 330
12 90 68 79 5 0 14 0.00 M M 4.8 14 290 M M 0 17 300
13 91 68 80 6 0 15 0.00 M M 4.3 12 170 M M 0 15 150
14 89 69 79 5 0 14 0.00 M M 4.5 13 300 M M 0 18 14 280
15 89 68 79 5 0 14 0.00 M M 4.6 13 310 M M 0 15 300
16 91 68 80 6 0 15 0.00 M M 4.3 13 190 M M 0 17 290
17 89 69 79 5 0 14 0.00 M M 5.5 15 310 M M 0 17 320
18 86 66 76 2 0 11 0.00 M M 6.6 14 290 M M 0 18 19 290
19 84 66 75 1 0 10 0.00 M M 5.1 12 180 M M 1 15 170
20 77 69 73 -1 0 8 0.00 M M 6.8 13 160 M M 6 17 190
21 77 69 73 -1 0 8 0.00 M M 6.4 10 180 M M 6 14 210
22 84 67 76 2 0 11 0.00 M M 4.8 13 300 M M 5 8 16 320
23 83 67 75 1 0 10 0.00 M M 4.9 13 180 M M 4 18 17 200
24 79 70 75 1 0 10 0.00 M M 5.6 12 170 M M 4 17 200
25 86 69 78 4 0 13 0.00 M M 4.9 13 300 M M 0 16 200
26 87 68 78 4 0 13 0.00 M M 6.3 15 310 M M 2 8 18 300
27 83 69 76 2 0 11 0.00 M M 5.3 13 310 M M 3 16 310
28 80 68 74 0 0 9 0.00 M M 5.7 13 300 M M 5 15 210
29 83 67 75 1 0 10 0.00 M M 6.6 16 300 M M 3 19 300
30 87 67 77 3 0 12 0.00 M M 5.7 20 300 M M 0 22 310
31 95 70 83 9 0 18 0.00 M M 6.0 22 300 M M 0 25 300
================================================================================
SM 2677 2116 0 387 0.00 M 174.4 M 41
================================================================================
AV 86.4 68.3 5.6 FASTST M M 1 MAX(MPH)
MISC ----> 22 300 25 300
================================================================================
NOTES:
# LAST OF SEVERAL OCCURRENCES
COLUMN 17 PEAK WIND IN M.P.H.
PRELIMINARY LOCAL CLIMATOLOGICAL DATA (WS FORM: F-6) , PAGE 2
STATION: LONG BEACH AIRPORT CA
MONTH: AUGUST
YEAR: 2022
LATITUDE: 33 49 N
LONGITUDE: 118 9 W
[TEMPERATURE DATA] [PRECIPITATION DATA] SYMBOLS USED IN COLUMN 16
AVERAGE MONTHLY: 77.3 TOTAL FOR MONTH: 0.00 1 = FOG OR MIST
DPTR FM NORMAL: 3.0 DPTR FM NORMAL: -0.01 2 = FOG REDUCING VISIBILITY
HIGHEST: 95 ON 31 GRTST 24HR T ON 5- 5 TO 1/4 MILE OR LESS
LOWEST: 65 ON 7 3 = THUNDER
SNOW, ICE PELLETS, HAIL 4 = ICE PELLETS
TOTAL MONTH: M 5 = HAIL
GRTST 24HR M ON M 6 = FREEZING RAIN OR DRIZZLE
GRTST DEPTH: M ON M 7 = DUSTSTORM OR SANDSTORM:
VSBY 1/2 MILE OR LESS
8 = SMOKE OR HAZE
[NO. OF DAYS WITH] [WEATHER - DAYS WITH] 9 = BLOWING SNOW
X = TORNADO
MAX 32 OR BELOW: 0 0.01 INCH OR MORE: 0
MAX 90 OR ABOVE: 8 0.10 INCH OR MORE: 0
MIN 32 OR BELOW: 0 0.50 INCH OR MORE: 0
MIN 0 OR BELOW: 0 1.00 INCH OR MORE: 0
[HDD (BASE 65) ]
TOTAL THIS MO. 0 CLEAR (SCALE 0-3) 25
DPTR FM NORMAL 0 PTCLDY (SCALE 4-7) 6
TOTAL FM JUL 1 0 CLOUDY (SCALE 8-10) 0
DPTR FM NORMAL 0
[CDD (BASE 65) ]
TOTAL THIS MO. 387
DPTR FM NORMAL 97 [PRESSURE DATA]
TOTAL FM JAN 1 1000 HIGHEST SLP 30.07 ON 21
DPTR FM NORMAL 234 LOWEST SLP 29.72 ON 31
[REMARKS]
#FINAL-08-22#