000
CXUS55 KPIH 011412
CF6LLJ
PRELIMINARY LOCAL CLIMATOLOGICAL DATA (WS FORM: F-6)
STATION: CHALLIS
MONTH: MARCH
YEAR: 2023
LATITUDE: 44 31 N
LONGITUDE: 114 13 W
TEMPERATURE IN F: :PCPN: SNOW: WIND :SUNSHINE: SKY :PK WND
================================================================================
1 2 3 4 5 6A 6B 7 8 9 10 11 12 13 14 15 16 17 18
12Z AVG MX 2MIN
DY MAX MIN AVG DEP HDD CDD WTR SNW DPTH SPD SPD DIR MIN PSBL S-S WX SPD DR
================================================================================
1 32 12 22 -10 43 0 0.06 M M 1.4 10 280 M M 7 18 14 280
2 32 8 20 -13 45 0 0.00 M M 2.6 7 320 M M 5 9 330
3 32 13 23 -10 42 0 0.00 M M 5.9 20 310 M M 3 26 310
4 24 5 15 -19 50 0 T M M 1.4 8 330 M M 4 12 220
5 36 14 25 -9 40 0 0.09 M M 4.9 18 170 M M 7 27 170
6 27 6 17 -17 48 0 T M M 2.9 14 150 M M 6 8 21 150
7 29 0 15 -20 50 0 0.00 M M 2.3 8 10 M M 3 10 10
8 30 6 18 -17 47 0 T M M 1.5 6 320 M M 4 8 150
9 30 6 18 -18 47 0 T M M 4.6 22 170 M M 6 29 170
10 38 12 25 -11 40 0 0.50 M M 6.3 35 270 M M 9 128 46 270
11 33 6 20 -16 45 0 0.00 M M 2.1 9 250 M M 7 12 240
12 34 -1 17 -20 48 0 0.00 M M 0.2 6 150 M M 4 7 150
13 42 13 28 -9 37 0 T M M 4.0 20 170 M M 8 30 180
14 45 34 40 3 25 0 0.01 M M 6.8 23 160 M M 9 33 180
15 40 21 31 -7 34 0 0.03 M M 9.5 23 10 M M 6 31 330
16 38 15 27 -11 38 0 0.00 M M 1.1 8 90 M M 0 11 80
17 37 14 26 -12 39 0 0.00 M M 1.6 6 130 M M 0 8 150
18 41 14 28 -10 37 0 0.00 M M 2.1 9 310 M M 0 11 320
19 41 14 28 -10 37 0 0.00 M M 2.2 8 320 M M 0 10 320
20 35 28 32 -7 33 0 0.11 M M 2.9 13 150 M M 10 18 16 150
21 44 26 35 -4 30 0 0.02 M M 3.3 12 360 M M 6 18 16 360
22 44 20 32 -7 33 0 0.00 M M 2.2 9 350 M M 1 11 320
23 45 22 34 -5 31 0 0.03 M M 2.3 18 220 M M 6 18 23 200
24 33 23 28 -12 37 0 T M M 5.3 22 290 M M 9 8 28 300
25 32 23 28 -12 37 0 0.01 M M 3.6 17 360 M M 10 8 22 350
26 32 22 27 -13 38 0 0.01 M M 6.0 12 320 M M 10 18 16 330
27 37 15 26 -14 39 0 0.00 M M 6.6 17 170 M M 3 25 150
28 40 21 31 -9 34 0 T M M 3.8 13 320 M M 5 16 140
29 38 25 32 -8 33 0 0.08 M M 1.6 7 320 M M 7 1 10 320
30 35 30 33 -8 32 0 0.31 M M 1.7 8 130 M M 10 1 11 140
31 45 27 36 -5 29 0 0.01 M M 4.3 16 220 M M 8 8 22 230
================================================================================
SM 1121 494 1198 0 1.27 M 107.0 M 173
================================================================================
AV 36.2 15.9 3.5 FASTST M M 6 MAX(MPH)
MISC ----> 35 270 46 270
================================================================================
NOTES:
# LAST OF SEVERAL OCCURRENCES
COLUMN 17 PEAK WIND IN M.P.H.
PRELIMINARY LOCAL CLIMATOLOGICAL DATA (WS FORM: F-6) , PAGE 2
STATION: CHALLIS
MONTH: MARCH
YEAR: 2023
LATITUDE: 44 31 N
LONGITUDE: 114 13 W
[TEMPERATURE DATA] [PRECIPITATION DATA] SYMBOLS USED IN COLUMN 16
AVERAGE MONTHLY: 26.0 TOTAL FOR MONTH: 1.27 1 = FOG OR MIST
DPTR FM NORMAL: -11.3 DPTR FM NORMAL: 0.81 2 = FOG REDUCING VISIBILITY
HIGHEST: 45 ON 31,23 GRTST 24HR 0.50 ON 9-10 TO 1/4 MILE OR LESS
LOWEST: -1 ON 12 3 = THUNDER
SNOW, ICE PELLETS, HAIL 4 = ICE PELLETS
TOTAL MONTH: M 5 = HAIL
GRTST 24HR M ON M 6 = FREEZING RAIN OR DRIZZLE
GRTST DEPTH: M ON M 7 = DUSTSTORM OR SANDSTORM:
VSBY 1/2 MILE OR LESS
8 = SMOKE OR HAZE
[NO. OF DAYS WITH] [WEATHER - DAYS WITH] 9 = BLOWING SNOW
X = TORNADO
MAX 32 OR BELOW: 10 0.01 INCH OR MORE: 13
MAX 90 OR ABOVE: 0 0.10 INCH OR MORE: 3
MIN 32 OR BELOW: 30 0.50 INCH OR MORE: 1
MIN 0 OR BELOW: 2 1.00 INCH OR MORE: 0
[HDD (BASE 65) ]
TOTAL THIS MO. 1198 CLEAR (SCALE 0-3) 7
DPTR FM NORMAL 341 PTCLDY (SCALE 4-7) 16
TOTAL FM JUL 1 7521 CLOUDY (SCALE 8-10) 8
DPTR FM NORMAL 877
[CDD (BASE 65) ]
TOTAL THIS MO. 0
DPTR FM NORMAL 0 [PRESSURE DATA]
TOTAL FM JAN 1 0 HIGHEST SLP 30.42 ON 18
DPTR FM NORMAL 0 LOWEST SLP 29.31 ON 10
[REMARKS]
10TH: RAINFALL OF 0.50 INCHES BREAKS PREVIOUS RECORD OF 0.20 SET IN 1917.
#FINAL-03-23#