000
CXUS54 KLZK 011130
CF6LLQ
PRELIMINARY LOCAL CLIMATOLOGICAL DATA (WS FORM: F-6)
STATION: MONTICELLO
MONTH: OCTOBER
YEAR: 2021
LATITUDE: 33 37 N
LONGITUDE: 91 45 W
TEMPERATURE IN F: :PCPN: SNOW: WIND :SUNSHINE: SKY :PK WND
================================================================================
1 2 3 4 5 6A 6B 7 8 9 10 11 12 13 14 15 16 17 18
12Z AVG MX 2MIN
DY MAX MIN AVG DEP HDD CDD WTR SNW DPTH SPD SPD DIR MIN PSBL S-S WX SPD DR
================================================================================
1 78 71 75 4 0 10 0.26 0.0 0 3.0 12 150 M M 9 13 15 140
2 78 70 74 3 0 9 0.90 0.0 0 4.1 13 170 M M 8 13 17 150
3 84 68 76 6 0 11 0.00 0.0 0 3.1 10 300 M M 6 1 14 270
4 82 63 73 3 0 8 0.00 0.0 0 2.3 9 290 M M 2 14 350
5 81 61 71 2 0 6 0.17 0.0 0 2.2 15 60 M M 2 138 20 50
6 82 59 71 2 0 6 0.05 0.0 0 1.4 8 60 M M 3 13 12 40
7 84 58 71 2 0 6 0.00 0.0 0 1.9 10 210 M M 1 12 14 190
8 87 62 75 7 0 10 0.00 0.0 M 4.0 12 240 M M 0 16 250
9 85 66 76 8 0 11 0.00 0.0 0 5.8 13 200 M M 0 18 220
10 87 66 77 10 0 12 0.00 0.0 0 7.5 16 190 M M 0 1 24 200
11 82 60 71 4 0 6 T 0.0 0 6.9 17 200 M M 4 26 190
12 83 57 70 3 0 5 T 0.0 0 2.8 9 90 M M 3 1 14 150
13 86 72 79 13 0 14 0.00 0.0 0 6.9 15 200 M M 2 20 190
14 83 69 76 10 0 11 0.00 0.0 0 4.0 10 170 M M 3 14 150
15 86 57 72 7 0 7 0.13 0.0 0 7.6 18 330 M M 7 13 27 350
16 71 47 59 -6 6 0 0.00 0.0 M 4.2 13 340 M M 0 20 310
17 73 43 58 -7 7 0 0.00 0.0 M 1.8 10 70 M M 0 17 50
18 73 45 59 -5 6 0 0.00 0.0 M 1.6 12 130 M M 0 13 130
19 74 44 59 -5 6 0 0.00 0.0 0 1.7 8 100 M M 0 12 130
20 82 50 66 3 0 1 0.00 0.0 0 1.4 10 190 M M 2 17 170
21 83 54 69 6 0 4 0.00 0.0 0 4.7 13 320 M M 2 1 18 310
22 77 52 65 2 0 0 0.00 0.0 0 2.2 8 130 M M 0 10 80
23 85 51 68 6 0 3 0.00 0.0 0 5.3 14 210 M M 1 20 200
24 85 66 76 14 0 11 0.00 0.0 0 8.0 17 190 M M 3 1 25 190
25 81 57 69 8 0 4 0.22 0.0 0 4.8 14 230 M M 2 1 21 220
26 71 50 61 0 4 0 0.00 0.0 0 6.6 14 90 M M 0 19 100
27 74 58 66 5 0 1 0.86 0.0 0 7.2 16 260 M M 5 1 26 140
28 61 52 57 -3 8 0 0.06 0.0 0 10.3 20 280 M M 9 1 29 280
29 59 51 55 -5 10 0 0.01 0.0 0 8.5 16 300 M M 10 1 27 280
30 69 50 60 0 5 0 0.00 0.0 0 4.9 12 280 M M 5 17 290
31 74 44 59 0 6 0 0.00 0.0 0 1.7 9 60 M M 0 13 50
================================================================================
SM 2440 1773 58 156 2.66 0.0 138.4 M 89
================================================================================
AV 78.7 57.2 4.5 FASTST M M 3 MAX(MPH)
MISC ----> 20 280 29 280
================================================================================
NOTES:
# LAST OF SEVERAL OCCURRENCES
COLUMN 17 PEAK WIND IN M.P.H.
PRELIMINARY LOCAL CLIMATOLOGICAL DATA (WS FORM: F-6) , PAGE 2
STATION: MONTICELLO
MONTH: OCTOBER
YEAR: 2021
LATITUDE: 33 37 N
LONGITUDE: 91 45 W
[TEMPERATURE DATA] [PRECIPITATION DATA] SYMBOLS USED IN COLUMN 16
AVERAGE MONTHLY: 68.0 TOTAL FOR MONTH: 2.66 1 = FOG OR MIST
DPTR FM NORMAL: 3.0 DPTR FM NORMAL: -1.62 2 = FOG REDUCING VISIBILITY
HIGHEST: 87 ON 8,10 GRTST 24HR 1.13 ON 1- 2 TO 1/4 MILE OR LESS
LOWEST: 43 ON 17 3 = THUNDER
SNOW, ICE PELLETS, HAIL 4 = ICE PELLETS
TOTAL MONTH: 0.0 INCH 5 = HAIL
GRTST 24HR 0.0 6 = FREEZING RAIN OR DRIZZLE
GRTST DEPTH: 0 7 = DUSTSTORM OR SANDSTORM:
VSBY 1/2 MILE OR LESS
8 = SMOKE OR HAZE
[NO. OF DAYS WITH] [WEATHER - DAYS WITH] 9 = BLOWING SNOW
X = TORNADO
MAX 32 OR BELOW: 0 0.01 INCH OR MORE: 9
MAX 90 OR ABOVE: 0 0.10 INCH OR MORE: 6
MIN 32 OR BELOW: 0 0.50 INCH OR MORE: 2
MIN 0 OR BELOW: 0 1.00 INCH OR MORE: 0
[HDD (BASE 65) ]
TOTAL THIS MO. 58 CLEAR (SCALE 0-3) 21
DPTR FM NORMAL -50 PTCLDY (SCALE 4-7) 7
TOTAL FM JUL 1 58 CLOUDY (SCALE 8-10) 3
DPTR FM NORMAL -58
[CDD (BASE 65) ]
TOTAL THIS MO. 156
DPTR FM NORMAL 48 [PRESSURE DATA]
TOTAL FM JAN 1 2251 HIGHEST SLP 30.33 ON 17
DPTR FM NORMAL -50 LOWEST SLP 29.44 ON 28
[REMARKS]
#FINAL-10-21#