000
CXUS54 KLZK 011230
CF6LLQ
PRELIMINARY LOCAL CLIMATOLOGICAL DATA (WS FORM: F-6)
STATION: MONTICELLO
MONTH: JANUARY
YEAR: 2021
LATITUDE: 33 37 N
LONGITUDE: 91 45 W
TEMPERATURE IN F: :PCPN: SNOW: WIND :SUNSHINE: SKY :PK WND
================================================================================
1 2 3 4 5 6A 6B 7 8 9 10 11 12 13 14 15 16 17 18
12Z AVG MX 2MIN
DY MAX MIN AVG DEP HDD CDD WTR SNW DPTH SPD SPD DIR MIN PSBL S-S WX SPD DR
================================================================================
1 52 41 47 4 18 0 0.26 0.0 0 8.7 24 210 M M 9 12 34 220
2 43 33 38 -5 27 0 0.01 0.0 0 4.9 15 280 M M 8 20 280
3 58 29 44 1 21 0 0.00 0.0 0 5.8 16 200 M M 0 24 190
4 63 41 52 9 13 0 0.00 0.0 0 5.9 16 200 M M 0 24 220
5 57 34 46 3 19 0 0.00 0.0 0 3.9 18 50 M M 0 21 40
6 54 33 44 1 21 0 0.36 0.0 0 6.7 15 50 M M 3 1 20 130
7 44 38 41 -2 24 0 1.04 0.0 0 9.0 20 40 M M 10 1 27 40
8 41 34 38 -5 27 0 0.00 0.0 0 5.1 14 310 M M 8 19 320
9 43 27 35 -8 30 0 0.00 0.0 0 3.5 15 60 M M 4 17 60
10 37 27 32 -11 33 0 0.02 0.1 0 4.2 13 40 M M 9 1 17 50
11 38 26 32 -11 33 0 0.17 3.1 1 2.8 9 40 M M 7 1 13 20
12 49 23 36 -7 29 0 0.00 0.0 T 2.0 8 260 M M 0 1 11 200
13 56 31 44 1 21 0 0.00 0.0 0 7.1 14 220 M M 0 19 210
14 59 37 48 5 17 0 0.00 0.0 0 7.8 16 270 M M 1 24 190
15 51 37 44 1 21 0 0.00 0.0 0 9.9 23 270 M M 3 33 260
16 51 31 41 -2 24 0 0.00 0.0 0 6.1 17 290 M M 1 21 300
17 56 33 45 2 20 0 0.00 0.0 0 6.9 16 280 M M 2 22 270
18 62 31 47 4 18 0 0.00 0.0 0 6.4 13 200 M M 1 18 190
19 54 46 50 7 15 0 0.96 0.0 0 1.9 10 220 M M 10 1 15 330
20 50 42 46 3 19 0 0.24 0.0 0 4.3 12 160 M M 8 1 17 160
21 51 45 48 5 17 0 0.14 0.0 0 3.7 10 220 M M 10 1 14 150
22 56 41 49 5 16 0 0.01 0.0 0 6.1 17 50 M M 7 1 22 60
23 48 39 44 0 21 0 T 0.0 0 7.9 16 60 M M 10 20 60
24 56 48 52 8 13 0 0.73 0.0 0 2.9 10 100 M M 10 123 12 100
25 75 55 65 21 0 0 0.06 0.0 0 9.4 24 200 M M 8 13 33 200
26 66 46 56 12 9 0 0.00 0.0 M 4.7 12 70 M M 3 16 310
27 55 38 47 3 18 0 0.00 0.0 M 7.9 17 320 M M 6 24 320
28 45 30 38 -6 27 0 0.00 0.0 M 5.3 16 60 M M 4 20 50
29 56 28 42 -2 23 0 0.00 0.0 M 3.8 12 150 M M 2 15 140
30 63 48 56 12 9 0 0.17 M M 10.6 22 170 M M 8 1 32 150
31 63 40 52 7 13 0 0.00 0.0 0 10.9 22 320 M M 9 30 300
================================================================================
SM 1652 1132 616 0 4.17 3.2 186.1 M 161
================================================================================
AV 53.3 36.5 6.0 FASTST M M 5 MAX(MPH)
MISC ----> # 24 210 34 220
================================================================================
NOTES:
# LAST OF SEVERAL OCCURRENCES
COLUMN 17 PEAK WIND IN M.P.H.
PRELIMINARY LOCAL CLIMATOLOGICAL DATA (WS FORM: F-6) , PAGE 2
STATION: MONTICELLO
MONTH: JANUARY
YEAR: 2021
LATITUDE: 33 37 N
LONGITUDE: 91 45 W
[TEMPERATURE DATA] [PRECIPITATION DATA] SYMBOLS USED IN COLUMN 16
AVERAGE MONTHLY: 44.9 TOTAL FOR MONTH: 4.17 1 = FOG OR MIST
DPTR FM NORMAL: 1.6 DPTR FM NORMAL: -0.51 2 = FOG REDUCING VISIBILITY
HIGHEST: 75 ON 25 GRTST 24HR 2.11 ON 24-25 TO 1/4 MILE OR LESS
LOWEST: 23 ON 12 3 = THUNDER
SNOW, ICE PELLETS, HAIL 4 = ICE PELLETS
TOTAL MONTH: 3.2 INCHES 5 = HAIL
GRTST 24HR 3.1 ON 11-11 6 = FREEZING RAIN OR DRIZZLE
GRTST DEPTH: 1 ON 11 7 = DUSTSTORM OR SANDSTORM:
VSBY 1/2 MILE OR LESS
8 = SMOKE OR HAZE
[NO. OF DAYS WITH] [WEATHER - DAYS WITH] 9 = BLOWING SNOW
X = TORNADO
MAX 32 OR BELOW: 0 0.01 INCH OR MORE: 13
MAX 90 OR ABOVE: 0 0.10 INCH OR MORE: 9
MIN 32 OR BELOW: 10 0.50 INCH OR MORE: 3
MIN 0 OR BELOW: 0 1.00 INCH OR MORE: 1
[HDD (BASE 65) ]
TOTAL THIS MO. 616 CLEAR (SCALE 0-3) 13
DPTR FM NORMAL -58 PTCLDY (SCALE 4-7) 9
TOTAL FM JUL 1 1594 CLOUDY (SCALE 8-10) 9
DPTR FM NORMAL -145
[CDD (BASE 65) ]
TOTAL THIS MO. 0
DPTR FM NORMAL -1 [PRESSURE DATA]
TOTAL FM JAN 1 0 HIGHEST SLP 30.67 ON 28
DPTR FM NORMAL -1 LOWEST SLP 29.57 ON 25
[REMARKS]
#FINAL-01-21#